INSERT INTO `oauth_access_tokens` (`access_token`, `client_id`, `user_id`, `expires`, `scope`) VALUES
('f323f1ae14e21e1dfa6f8d12dd6176db229ad6e9', 'master', 'master', '2021-06-10 17:38:01', NULL),
('f326d7e9bcdea48881ba8e3dfbffbedfadfb48c3', 'master', 'master', '2021-10-03 13:52:51', NULL),
('f32857216cc94168d31ba86817893c0aa47d8647', 'master', 'master', '2021-02-05 18:55:15', NULL),
('f32ac47eeef345255cdf878d589ab87535c1ea91', 'master', 'master', '2024-06-18 21:02:21', NULL),
('f3325e6cb7c300e2c0296104fa0b40e05b077c18', 'master', 'master', '2020-03-15 17:31:45', NULL),
('f33771b0cfaa618239e45da7027abae82852ccab', 'master', 'master', '2021-01-06 15:05:18', NULL),
('f3378b7d5c5678a4c081fc0e81495bda468eec24', 'master', 'master', '2021-07-29 13:08:55', NULL),
('f33e36d4d7a1b369fe94f048b22bc48a686e13df', 'master', 'master', '2024-01-12 17:03:56', NULL),
('f34c37fcd8e59e52bdeb8f70d37c00b47455745c', 'master', 'master', '2021-06-10 20:25:01', NULL),
('f34f03b543a31fc85775752c814fd6d006c63cbe', 'master', 'master', '2024-07-07 22:27:43', NULL),
('f353f5dfff3754bd7c4bf9bf9c2a8a8d8166e140', 'master', 'master', '2024-07-14 22:04:47', NULL),
('f35450762a6b1dc4b8e89004cb987cbb3308c326', 'master', 'master', '2020-09-01 11:58:43', NULL),
('f3621755eb32eda0510488f5b0d26a10d7169a56', 'master', 'master', '2021-02-09 20:06:17', NULL),
('f3633f1b97a1d578d83a3182f7e3619108f38950', 'master', 'master', '2020-08-15 15:22:53', NULL),
('f3676a2af2ad4d2b1f7bae68a3121c23bef7c7fe', 'master', 'master', '2024-04-28 19:48:07', NULL),
('f3681ceaa1cedd19d0f487bb78abefd18434a2db', 'master', 'master', '2021-02-04 13:33:42', NULL),
('f3689334b86612a5d4954f9c472e8622e6e1811e', 'master', 'master', '2024-05-14 23:25:48', NULL),
('f36896b61d45c5193bce329ffad2b024dcc79e2f', 'master', 'master', '2020-03-15 16:36:45', NULL),
('f38b152f8f825ffc0c29391560ad53adeabcb1fe', 'master', 'master', '2021-04-29 18:02:41', NULL),
('f38f707e95515c65685a16ae58e1213b47ecd549', 'master', 'master', '2020-02-20 19:55:30', NULL),
('f3910e26b5b6e148fdb0fead2718501f775ad50e', 'master', 'master', '2021-01-10 16:36:44', NULL),
('f392aafbf9ad83c930c1a1d4532dc559f3f04beb', 'master', 'master', '2020-03-10 22:14:58', NULL),
('f3bbd605695b7bffa84f7a5ceaa897be26bebb88', 'master', 'master', '2021-06-11 13:57:25', NULL),
('f3bf20fef5074f7c02a632a62683f679003a4e7d', 'master', 'master', '2020-03-07 16:43:50', NULL),
('f3c09d25689ad4354406b394dd3161e7f4e27d22', 'master', 'master', '2024-06-11 22:26:51', NULL),
('f3c1deca5e95884228a86bad0deaea1210bf51c0', 'master', 'master', '2020-08-13 17:32:30', NULL),
('f3c55de97d8ad6a16b305f911071cfda6d2a2a97', 'master', 'master', '2021-04-29 15:15:09', NULL),
('f3c908766e7c25e3b82905ded35e18fd95cb2fb7', 'master', 'master', '2021-05-04 14:41:06', NULL),
('f3c9945e088349bf36e393d54e76b07ae73efca2', 'master', 'master', '2021-04-30 21:17:39', NULL),
('f3cdf9711802c57382366fa52d48675596d3fccb', 'master', 'master', '2020-09-22 15:53:38', NULL),
('f3ce4fbd1f9ea6ee8a7151251c1a9319bf318b7e', 'master', 'master', '2021-08-25 19:04:01', NULL),
('f3d05864eff3cf934e93ab332ea95e7ee2e508aa', 'master', 'master', '2020-09-05 14:24:49', NULL),
('f3d69a06d55aeeeedfa7674019b983bd01473eed', 'master', 'master', '2024-06-27 21:29:04', NULL),
('f3ee4861b5f498e72ef7b2e4e04965f68a29cfe7', 'master', 'master', '2024-06-09 16:51:48', NULL),
('f3f181051014e01ecb2a235469d93e00de05458d', 'master', 'master', '2021-09-17 17:19:10', NULL),
('f3f5e14ea8b174d58e832a8e47dae2384f3fc354', 'master', 'master', '2021-02-16 13:32:51', NULL),
('f400662d49733804b5ce8399405aac092758a56e', 'master', 'master', '2021-07-17 14:46:23', NULL),
('f4051d659439cf8c09d636a03f426fc6e6c26589', 'master', 'master', '2020-09-20 18:39:52', NULL),
('f40f8ef23a2643847928e3f37bf6ffbf6b1ea2ff', 'master', 'master', '2020-09-24 15:08:01', NULL),
('f41519e3fd33b73764295c0531b11ea607656b12', 'master', 'master', '2021-07-16 22:06:16', NULL),
('f42cf2a38e9ea1aa18e0b69ef579739a415cf333', 'master', 'master', '2021-02-02 15:37:02', NULL),
('f4348e663182cb82815f09d9893bd4c73ea3e515', 'master', 'master', '2024-05-19 17:02:15', NULL),
('f435ab209d678cbc5696f061e850d880dc867644', 'master', 'master', '2020-12-17 22:50:41', NULL),
('f4378c5021f0136d86c7e2c8c7847ae469b988d7', 'master', 'master', '2021-05-25 13:53:49', NULL),
('f43c57efe4660cd4d654bb7209ffc7cd6f8a2e1a', 'master', 'master', '2024-05-11 19:40:21', NULL),
('f4423a07ee8386dd8da4f390b1f9af47a2f5e4f2', 'master', 'master', '2021-02-12 16:37:52', NULL),
('f442657382a3054b41501e68059328093f3847a2', 'master', 'master', '2021-02-02 22:30:10', NULL),
('f44d4b1fbde92fdd4d03d95ee7575c49cd46ac2e', 'master', 'master', '2020-03-06 16:25:40', NULL),
('f4517f7f4c7090b59c62c24b57c64380ea7d7db5', 'master', 'master', '2021-08-15 14:47:48', NULL),
('f45180cc750db54b6f0ce810bca48befd8d04958', 'master', 'master', '2021-09-15 20:23:40', NULL),
('f45382c2d4fb0a1cc0a147d9e2fea6f46a64f2aa', 'master', 'master', '2020-02-19 18:39:20', NULL),
('f455ff99bcbc2a12f804ec86acbba4c26056612b', 'master', 'master', '2024-07-20 02:12:48', NULL),
('f45f4b6ba3f1402882967328ef65752d680b6df0', 'master', 'master', '2024-05-14 18:45:19', NULL),
('f46735b3a926d8f9c3bcd9c0b5db4dcf03d90f57', 'master', 'master', '2024-07-25 18:43:16', NULL),
('f47cb1ae88d51bb2f37e531a6a2582786da19dd1', 'master', 'master', '2021-11-07 14:39:29', NULL),
('f47f77716606c032eb7cfcbc677c380cdb5d5369', 'master', 'master', '2020-02-14 17:47:13', NULL),
('f4838e119d58ca88f2d6a890febb4e7be8e67395', 'master', 'master', '2020-09-26 15:41:56', NULL),
('f486d2539686e7629df9e646f0e145673528b83d', 'master', 'master', '2021-06-26 14:46:51', NULL),
('f4897010cd4295205657ce60e43645e1f569c9b2', 'master', 'master', '2020-02-14 19:38:13', NULL),
('f48b170928a0ba001255a4e892eff8181898a088', 'master', 'master', '2021-10-08 17:29:52', NULL),
('f49d6c3435d0b6ae4952e41688f1bc030e52d4e5', 'master', 'master', '2021-01-05 22:17:11', NULL),
('f4a2ae62e3d60f1e412a733d7c6a305c7a4b7013', 'master', 'master', '2024-07-17 00:21:15', NULL),
('f4a788f735a2b5e1e9d7171a581830d8323f4bbb', 'master', 'master', '2020-09-10 18:03:21', NULL),
('f4a81a48d853c3a5b9c472941d4cd62d02411e1a', 'master', 'master', '2021-02-17 21:18:37', NULL),
('f4ab57927b531df28ef808c1d87b2c4f103e3028', 'master', 'master', '2020-09-04 14:52:47', NULL),
('f4b3e64b2f2e0998219c91e4104079802cfb1a1a', 'master', 'master', '2020-01-21 04:30:14', NULL),
('f4b6adf309b74ec289ec444f429b47886cace6aa', 'master', 'master', '2021-07-22 18:44:59', NULL),
('f4bc899016fc2b2f9fd54ba7b7df92d67c5e3cb0', 'master', 'master', '2021-08-07 16:25:16', NULL),
('f4cf2aa61ca4b96f3335e870a232eb0f81173ed6', 'master', 'master', '2020-03-06 22:01:40', NULL),
('f4db1f2505001d1ef194264fdb29ebd4d32378ff', 'master', 'master', '2021-01-29 21:37:41', NULL),
('f4de85f0abfd694205fecdd3a9dfe5234c0385f8', 'master', 'master', '2020-03-19 13:51:11', NULL),
('f4e07a27b9d0ab494fc74109312a529cd5bf3fe2', 'master', 'master', '2020-09-02 20:36:22', NULL),
('f4e1a9fd6b66468b25e69f3a5ce11b7cc3ae652e', 'master', 'master', '2021-02-01 18:34:15', NULL),
('f4e9998a6ae2d7c05534022f0b222841d6eac55c', 'master', 'master', '2021-08-06 20:46:26', NULL),
('f4ee329c849dc90f858d342ee656ac0ac4f59143', 'master', 'master', '2024-05-28 21:39:19', NULL),
('f4f5618001d070813a8209bf6dab4bfe938b2da1', 'master', 'master', '2021-01-13 17:39:05', NULL),
('f516745ea3fccdc48a6624bba93bf3550cbb7f0b', 'master', 'master', '2024-04-27 03:39:14', NULL),
('f51d9f1d49be0e2c967b70dcc3ff7c3befec3910', 'master', 'master', '2024-07-30 22:00:05', NULL),
('f522b3d58c58b230a4f2f0de3fcfb96093b6120c', 'master', 'master', '2020-08-19 15:55:58', NULL),
('f52af37a2e5dd82f9b93bc8d090cd08cd9ff8b81', 'master', 'master', '2021-08-25 22:46:58', NULL),
('f52f24a28b3853a9881ad67a0080f9a1339ed533', 'master', 'master', '2021-02-28 14:49:54', NULL),
('f535f16796d411d0a174d445b1d42fc0ca1b3a5a', 'master', 'master', '2021-10-24 14:38:34', NULL),
('f537e87068a3e50fc0328df916a7cc8227190488', 'master', 'master', '2021-06-04 13:29:04', NULL),
('f53d26dd60bee7d30b6e76d55e9a971ed144955c', 'master', 'master', '2021-02-05 16:06:25', NULL),
('f53d4359684a1dfd6260af091f3bd0d2d4bb1d03', 'master', 'master', '2021-08-11 20:24:45', NULL),
('f53f5829df67ec854d9973fcb5f19be552e5fe0b', 'master', 'master', '2024-05-02 21:52:19', NULL),
('f545079296733065aee9d0ba6b9548c68938e965', 'master', 'master', '2021-11-09 21:19:07', NULL),
('f54768ef1c90869220fc45dd6d3f4c4f236aca8a', 'master', 'master', '2024-07-20 02:25:33', NULL),
('f548b8fc9f88088b0ecd33d004b1e032bbb929c7', 'master', 'master', '2024-07-16 19:01:52', NULL),
('f5519a71531205ee490f35b5fad9c2005194e395', 'master', 'master', '2021-05-20 22:33:53', NULL),
('f55ed3521b4939543168675f8e3b81d93c4a7db5', 'master', 'master', '2024-05-04 19:56:34', NULL),
('f57360d5953d28ef2c7037736e2f2f64162874e1', 'master', 'master', '2021-09-26 14:51:12', NULL),
('f586711c4bc0a402f3132ac6064e1cc50aab2a95', 'master', 'master', '2021-06-25 16:40:20', NULL),
('f58a9853013c3e974497bd6794853fe3000785d6', 'master', 'master', '2020-03-07 20:27:50', NULL),
('f592e47b6cfd38dbf4fa04cdac4bf197328aaba1', 'master', 'master', '2021-08-29 13:05:44', NULL),
('f5a64b57872241406cb63b257a9d01b3fb945bfc', 'master', 'master', '2024-05-25 16:59:17', NULL),
('f5b2d0d62e88cebcdc86af03e3b4f22e226f65cd', 'master', 'master', '2021-01-05 21:01:09', NULL),
('f5bc7826498a4dc7b275b546e3f2bce4c32d2480', 'master', 'master', '2021-09-24 14:05:19', NULL),
('f5c305507b155bc2bec7976cb633241943330b44', 'master', 'master', '2020-12-11 13:52:50', NULL),
('f5c95357cc867a448fd490c007965a7ef1de2b6d', 'master', 'master', '2024-04-27 01:20:26', NULL),
('f5d61cf5120fa28aa3c0a0749fa8d77f162cdfc2', 'master', 'master', '2024-05-25 03:35:04', NULL),
('f5da860500cf9213d055fc96bc435610de3e564f', 'master', 'master', '2021-01-20 15:51:32', NULL),
('f5db600e5ec87bdce81dca0b8e82200d42a91302', 'master', 'master', '2021-07-20 18:51:57', NULL),
('f5e164f81f46a7e898b144c59a525aa09d3b28d2', 'master', 'master', '2021-06-30 19:17:52', NULL),
('f5e504a75e29d65967a11f556b121c9d3d908dcf', 'master', 'master', '2020-03-11 19:36:47', NULL),
('f5f1f71f6bd6d284ac0cfb8c3c8b03bb3a9bc11d', 'master', 'master', '2024-06-19 22:22:56', NULL),
('f5f68a9ddc09a71d2059bedfdb0d4d87b55eec76', 'master', 'master', '2020-09-11 12:18:28', NULL),
('f5f91f39bbde8b475a1ee2c933f6d1aeae74b139', 'master', 'master', '2020-12-10 20:26:31', NULL),
('f5fb55509d1ad994bd8fa49cd3e166188e32a322', 'master', 'master', '2021-08-20 19:24:01', NULL),
('f605b5c9857320a5e01119aa4f3b89e4a8471280', 'master', 'master', '2020-12-13 16:41:17', NULL),
('f60f8cedabd6fb3e175e97927874265ae867857e', 'master', 'master', '2024-06-15 21:51:50', NULL),
('f615b5ffdc6c7a13fcd67b4b9e7fbcfe4e66ba7f', 'master', 'master', '2020-12-13 12:12:11', NULL),
('f61f6eecdb5892c860751a1de3a8b6627ecb7f5b', 'master', 'master', '2020-09-17 12:03:22', NULL),
('f62548f1c2971f15eee13326a54cf3a25b72b77d', 'master', 'master', '2021-05-20 22:24:48', NULL),
('f626c9de98253866e95e916f36a62e6fe6bc97ba', 'master', 'master', '2020-02-11 19:59:43', NULL),
('f630ebd42feb18b2763de97b2ba9a37823697f9b', 'master', 'master', '2020-09-05 19:04:49', NULL),
('f632597d3d6c95ebc2709d8c045abc375ef876c8', 'master', 'master', '2021-10-15 18:46:58', NULL),
('f6374a06fa4680808d97f6335d7d70d01861aa91', 'master', 'master', '2024-06-08 23:38:55', NULL),
('f640b6469c3ba9a4c584d6feaac55834d7cd60e1', 'master', 'master', '2024-07-23 17:43:26', NULL),
('f644754b25859b91d49f4f3982bd0762063bbc41', 'master', 'master', '2024-07-06 02:38:51', NULL),
('f64c66881a163f1bf4eaba942d9f2f44245fa1c7', 'master', 'master', '2024-07-13 18:44:55', NULL),
('f64d5748f9f8663912bffde1e8ea9208cca93aa8', 'master', 'master', '2024-05-04 17:01:03', NULL),
('f64dd94f909028d2ee2435720807908dd6785ce4', 'master', 'master', '2024-06-27 23:25:59', NULL),
('f6536de66e59b1f765f4fbca1d34dd6e9a0c313d', 'master', 'master', '2021-07-30 18:55:41', NULL),
('f65a6c2f2b217f475522b374db473724e614a0d3', 'master', 'master', '2021-05-06 18:37:39', NULL),
('f65d32279e972de9d03da6d5eee7a9f38f429ee0', 'master', 'master', '2024-05-24 03:13:56', NULL),
('f65f91482528bea03ed5a686b33072197a1750b4', 'master', 'master', '2021-10-30 18:45:58', NULL),
('f668549d50b7bff903869c2167476defc38c4331', 'master', 'master', '2021-06-13 17:37:25', NULL),
('f668d593d2703fed26b588aaf407ac5b098e7172', 'master', 'master', '2021-07-09 15:09:22', NULL),
('f669d1837b9846b932705b7886baa4bed5b45b55', 'master', 'master', '2021-06-02 18:33:09', NULL),
('f66e7094f444b60cae82b86ae211deda0e67660b', 'master', 'master', '2024-07-16 22:43:38', NULL),
('f66ece8e906866b6c16d647d011b6b5cd92019c8', 'master', 'master', '2021-01-27 14:24:04', NULL),
('f67bd92017234ae9c993bdb33a563d5ffbdae9fa', 'master', 'master', '2024-06-04 17:00:13', NULL),
('f67d336ef2fb07fc8944f6d530f2635c95415a8c', 'master', 'master', '2020-08-13 18:28:30', NULL),
('f683eb037627554f488fe5903e697c99a94a49b3', 'master', 'master', '2021-06-23 16:12:31', NULL),
('f686170497bc1f95df35340001da355afbc2cfc8', 'master', 'master', '2024-01-10 23:42:12', NULL),
('f68e738fe87b625aecc2cd3bcaa2d2285066a476', 'master', 'master', '2024-05-16 01:05:41', NULL),
('f6904401bf05557d6b8283345b44540d573a8fbe', 'master', 'master', '2020-09-24 17:56:01', NULL),
('f693f5d0fdaa3d70170f71c0a2c6c6e24ecfc96f', 'master', 'master', '2020-12-22 18:19:09', NULL),
('f6996e1b42765f74f8da122f83366424df25b24c', 'master', 'master', '2020-09-19 12:00:17', NULL),
('f6a3f2f75d6a245b6d365fe9f3a5440291bb3cd5', 'master', 'master', '2021-01-22 18:10:17', NULL),
('f6a5429aab6f9aad9320ed76cb3f99f23e4b542b', 'master', 'master', '2021-05-05 19:27:50', NULL),
('f6bc9d0262317f6111e6518c2b35a0855f69bd30', 'master', 'master', '2024-07-18 16:46:06', NULL),
('f6bdd97dd4baaecbfe0c860ef240d196f190a7de', 'master', 'master', '2021-10-27 21:19:22', NULL),
('f6cdfb5efed218a47c619437781866fac2ee8f39', 'master', 'master', '2024-05-25 19:45:58', NULL),
('f6d9f4d4d4f2f84a56e1634a5b85260952484887', 'master', 'master', '2024-07-10 22:53:38', NULL),
('f6ed161a9118e20739b2e5d0b73a732fc49c69a2', 'master', 'master', '2024-06-01 03:00:03', NULL),
('f6fb0d0c0a87b50c787c1d73f2e4c9a832525440', 'master', 'master', '2021-05-21 15:52:12', NULL),
('f70d2356b1867c414fa08c05b3e5b265d18e9013', 'master', 'master', '2021-09-16 16:43:01', NULL),
('f71b43492221a440f80b5c1873ef9737deb53101', 'master', 'master', '2021-06-22 17:57:22', NULL),
('f71c9e90fd9b7e850a4bd02bb3711d3a00479d27', 'master', 'master', '2021-11-09 12:58:58', NULL),
('f73508bc9fdb2baa7bb5336364667db03a564e35', 'master', 'master', '2024-05-29 21:20:42', NULL),
('f75e4cf37cfb55688ce43c3bfeb09b48fbf9c5d3', 'master', 'master', '2024-04-24 21:18:39', NULL),
('f75f832b039452b4b5278747a32e7cb3ddcc1c12', 'master', 'master', '2024-07-20 01:29:32', NULL),
('f76887d602cd32532cd6bda34d40c079cc2a4b98', 'master', 'master', '2024-06-14 02:11:03', NULL),
('f7755290ea104e60e274726f220cd6e8c15fcd86', 'master', 'master', '2020-09-08 19:39:22', NULL),
('f7776de1efae67384e3d0b47a7986bd1bd7df0a3', 'master', 'master', '2024-06-18 23:29:55', NULL),
('f77fc59c2fadf9af15e443144a535216d31f3dde', 'master', 'master', '2020-08-18 18:08:22', NULL),
('f78bbddac6ddefc20b947855b4911094395746b2', 'master', 'master', '2021-01-24 13:21:37', NULL),
('f7a563a3fd4abe2d888f7fda0725435a3c902628', 'master', 'master', '2020-09-12 13:55:55', NULL),
('f7a7bdf9280fcb67e98d3d86f69212b0e608624a', 'master', 'master', '2021-10-31 13:55:15', NULL),
('f7a992de49dc08d2ff2619f7edcd52cc11c4750f', 'master', 'master', '2021-06-01 21:23:49', NULL),
('f7ad4ea27fcb6a61cc360288765db1786665b996', 'master', 'master', '2021-09-02 15:47:38', NULL),
('f7ade4cc08900798a3b36400a29d8dd5024868f9', 'master', 'master', '2024-06-22 16:55:00', NULL),
('f7b1b5ac4785db9f7930a5a6f68b4fa0c21abb99', 'master', 'master', '2024-05-04 19:56:58', NULL),
('f7b22bd4824e777a4b596f21b0e225fb380a7000', 'master', 'master', '2020-09-02 15:56:23', NULL),
('f7b8c784528ee4cc703526654e9d605b3103c75f', 'master', 'master', '2020-09-10 20:51:22', NULL),
('f7b924e9fdf7afaa0849333ad2e50ca971963766', 'master', 'master', '2020-12-19 16:03:26', NULL),
('f7b9a2f47e9cd0b175e2037ff76d3756a804d70c', 'master', 'master', '2021-07-08 13:24:32', NULL),
('f7babb29aa72f51174eb417897d32acc269eb51c', 'master', 'master', '2024-06-06 22:33:12', NULL),
('f7bb206248eaac7bfe0970960799423306c06ad3', 'master', 'master', '2021-10-06 15:49:23', NULL),
('f7c158a4bc4c70d333e3ea578b7e85a22ad9f7ae', 'master', 'master', '2024-04-25 21:02:58', NULL),
('f7d6719bb143e2a0e958de7900becd0d514fa3fe', 'master', 'master', '2021-01-27 22:47:26', NULL),
('f7e1134124d658594b386f732eb7e72c1158bc13', 'master', 'master', '2024-06-05 23:25:16', NULL),
('f7e2b02fab2b66fa6cc84a4b6e270dbd743cd3b3', 'master', 'master', '2021-07-10 14:58:10', NULL),
('f7e509ca43311e02d4acf2db34adec307d565889', 'master', 'master', '2024-01-10 19:35:04', NULL),
('f7eaa4df2e86d4772201167535e185916a152b59', 'master', 'master', '2021-05-27 14:05:00', NULL),
('f7f9e511b723124b1e2a4c9a9aa196826a9ad28a', 'master', 'master', '2024-05-31 17:47:56', NULL),
('f7fc56ba21c49293163c95f0fe8040d022a0f9aa', 'master', 'master', '2021-10-13 19:05:13', NULL),
('f80aa4dbe11c2f9638081be86ec88cf640f027d8', 'master', 'master', '2021-06-30 22:19:36', NULL),
('f80dc93658b4d434aafa3c75035bfef0569a7164', 'master', 'master', '2021-02-23 17:22:41', NULL),
('f81e1e4524af769457d9159aa3e5d7da10818ad4', 'master', 'master', '2024-05-23 20:41:56', NULL),
('f8241f873bc9fc640cf8dc4ece0019b9fd9a5a44', 'master', 'master', '2021-07-06 19:28:47', NULL),
('f8245889df82c11e28298d7579608e1dcbb8dd4b', 'master', 'master', '2024-07-27 02:02:06', NULL),
('f82e551b9047c668de2487cd2cd9353fbcf4376f', 'master', 'master', '2024-05-11 16:52:36', NULL),
('f833de4b8c7b6f6072a6481af5f52f93492477d3', 'master', 'master', '2024-06-29 00:37:41', NULL),
('f8371a66b4ece9d2cfe455027da5732d34115634', 'master', 'master', '2020-03-12 17:46:25', NULL),
('f8387304cf3fccc2c272695440b0ef919599cff0', 'master', 'master', '2024-05-11 20:36:18', NULL),
('f839d723a587f5121e93856e2e23e113f0235a76', 'master', 'master', '2024-07-23 18:39:10', NULL),
('f83e46aaa59a13e2f889c41185e27b4837665e1c', 'master', 'master', '2020-02-21 19:11:44', NULL),
('f86e74519623992cbbbe74e3df01b7e17509f51a', 'master', 'master', '2024-07-04 19:39:36', NULL),
('f8837dd44519f2cccd4563ee41fbeab5aeb7a7f1', 'master', 'master', '2020-03-14 11:58:28', NULL),
('f8846aaf6210db7a5980bff3890eaf1dd26f91f5', 'master', 'master', '2024-05-04 23:38:13', NULL),
('f886bfb8c857ca4e0eeeef6e8fd4eeaa37c598fb', 'master', 'master', '2024-06-19 23:02:41', NULL),
('f88a3e6b8a45a54f04f858d2c9f99d9231a998e2', 'master', 'master', '2021-08-10 22:15:58', NULL),
('f88d91d0e27c3747a8e00558b83d9002a1af641c', 'master', 'master', '2020-09-18 15:38:10', NULL),
('f8a657fba1288378d434297efc67a965de21e673', 'master', 'master', '2020-01-30 19:06:42', NULL),
('f8b818318d8fbc8e8fccff18ae9823a05f929c23', 'master', 'master', '2024-06-28 20:53:05', NULL),
('f8b91deded4eee601f5e888746f15922862b17ac', 'master', 'master', '2021-11-09 13:54:17', NULL),
('f8cad8bb7943510576c5018994420111dfa76f63', 'master', 'master', '2021-05-22 17:49:06', NULL),
('f8ce38fd09e0ad4d1a10b389aee1f5e7d42fb694', 'master', 'master', '2021-07-10 13:07:10', NULL),
('f8d9fc50e06e85f71b5303ea3eddfb809c9ac57c', 'master', 'master', '2020-09-16 16:59:18', NULL),
('f8e80a9db958007e881601d2cb9af7f33aa1daba', 'master', 'master', '2021-02-26 16:37:26', NULL),
('f8f90077d59b0bc1fbc25f5fefa45d9f789a7f44', 'master', 'master', '2021-02-19 15:11:56', NULL),
('f8f96d7623498388c7ce82705d7c71bac95ae9b6', 'master', 'master', '2024-06-05 01:00:24', NULL),
('f9006e0ffcd8eff3ad050a85147f259d9d0e7d76', 'master', 'master', '2021-01-06 22:33:26', NULL),
('f903e931eed202ce0ee34e7ef407dd00f356c297', 'master', 'master', '2020-02-04 22:41:30', NULL),
('f907db94e4fea0adf1efbf96b77f18437ef2b900', 'master', 'master', '2021-11-06 16:34:24', NULL),
('f90fe9687ff92b9de6e105226d2b732c516b7efe', 'master', 'master', '2021-01-27 19:18:31', NULL),
('f912e52534441b95c4c6d4e4b91aebce9e4122a1', 'master', 'master', '2021-02-27 17:39:24', NULL),
('f9175a81107d118491bc7e96a0107b24bef44f53', 'master', 'master', '2020-08-29 15:34:04', NULL),
('f91fdcc930de0d130306530e15d6d7afc203d593', 'master', 'master', '2020-02-20 12:12:42', NULL),
('f9202a17491e7d2502fe802164b6a0317454202f', 'master', 'master', '2021-07-04 11:59:51', NULL),
('f92f46811d6f088801a29bcfc0c15763acbf2db0', 'master', 'master', '2020-12-22 22:02:51', NULL),
('f9312ab379c5062dbd09a9ab7f844919cdce4979', 'master', 'master', '2021-06-10 21:15:02', NULL),
('f9315cb1a84521cf7877ed57578a33b09e3b369b', 'master', 'master', '2024-07-17 19:44:24', NULL),
('f934424de31db9e6466951940b552110ce0c2798', 'master', 'master', '2024-06-14 02:57:55', NULL),
('f939a86137b2732263a7ac4bb81df4ac85fe32ce', 'master', 'master', '2021-03-04 21:32:54', NULL),
('f940fe2ecaa0674bf4310d22bcd5114fe63e4d3b', 'master', 'master', '2021-09-21 22:15:15', NULL),
('f94445488ee4aea95509de9c77e6e057e78480df', 'master', 'master', '2024-05-04 20:45:30', NULL),
('f94efe084d27fec2daf530c9904d93691ed2f3d4', 'master', 'master', '2021-10-17 17:48:38', NULL),
('f95294e34ed4496a6be00c39b45f6774dea21044', 'master', 'master', '2020-09-12 18:42:43', NULL),
('f963e53db3cd3f2021a31fc26195f0434674a791', 'master', 'master', '2021-07-17 11:59:23', NULL),
('f96682c5cd71b52dd314358c7cf61e4826ae4bf1', 'master', 'master', '2024-06-29 19:56:26', NULL),
('f96cc6852d4ec3ca952b231f4446590de0048d46', 'master', 'master', '2020-09-02 21:16:12', NULL),
('f96e62109ab434c0b1e708bbe9d2efefe760a440', 'master', 'master', '2024-07-19 18:43:49', NULL),
('f96fc5f1325e1fd2a56f156226fcf90ea7c76190', 'master', 'master', '2020-02-18 17:34:05', NULL),
('f973f651edb103e1163bb39cc5b9f8df8370c61e', 'master', 'master', '2024-06-26 00:14:33', NULL),
('f979ed952f05eca2ad8f70fce6c74171ab28278d', 'master', 'master', '2021-01-20 14:54:34', NULL),
('f97a72ccdc8e69c186ca115c67dad0d866291e36', 'master', 'master', '2021-08-22 13:08:10', NULL),
('f9894d215c1c93bc0aea3d6aa81a1296190d4e63', 'master', 'master', '2020-03-17 14:18:51', NULL),
('f98d60e1966d70c4f4c5e18b8ff6efe2ce16a1e0', 'master', 'master', '2021-03-05 22:32:36', NULL),
('f98f63031ef550bfa7a0c486c529a845ad04cebb', 'master', 'master', '2020-03-10 18:31:57', NULL),
('f995e4675fda498b6cf042b5c58ae4c6e9524a81', 'master', 'master', '2024-04-27 21:09:01', NULL),
('f9ad54e97cac6a828e48b27eeff0afd9fe961395', 'master', 'master', '2024-01-12 16:49:31', NULL),
('f9ad833f71c2ee9e235a205646d94a2de3955e52', 'master', 'master', '2021-07-13 17:38:41', NULL),
('f9be22c852bf86d3ba30ec4969d08528425dc17d', 'master', 'master', '2021-08-11 21:52:37', NULL),
('f9c1d30c3ce4bae71a79a585974cf9edaa269371', 'master', 'master', '2024-05-24 00:26:13', NULL),
('f9c925095ea9bcff0aa92a3269b3ce1aed2da9eb', 'master', 'master', '2024-07-11 01:17:14', NULL),
('f9c96f8b77674d52fd34f8f4a4356d3e79bbb2ba', 'master', 'master', '2021-07-06 17:51:49', NULL),
('f9cdb9f4c31865c18d2ce8273a106b21a224f232', 'master', 'master', '2021-05-29 14:44:05', NULL),
('f9d9cec68836f26095e22b656b45df2f14abe4f6', 'master', 'master', '2021-10-13 19:30:34', NULL),
('f9def237b5768e475a891fc5da5ca0c49d6b78dd', 'master', 'master', '2024-05-04 21:33:32', NULL),
('f9e8fe5ed0150ef1d9e304bbc2ab52c17d28d6a1', 'master', 'master', '2021-11-06 13:47:38', NULL),
('f9f626fa659b6a45fd8b36c495f842280fd4820a', 'master', 'master', '2024-05-19 18:07:16', NULL),
('f9fcb1dfcd1225ad7582f01ca12b87ada3e44c20', 'master', 'master', '2020-03-20 21:48:48', NULL),
('fa051eebbc07b0514b41e2243f19675cb2cf3a0d', 'master', 'master', '2024-01-09 18:29:39', NULL),
('fa07ef7d13a1dbf66a285549cb32b8db474d6b40', 'master', 'master', '2024-05-02 21:33:56', NULL),
('fa0ba81c05f9465ca3545c78e38f6d01d61a4186', 'master', 'master', '2024-07-12 17:47:41', NULL),
('fa0fe887919b4a16916667bb8c480328b0bf3bc3', 'master', 'master', '2020-08-20 17:50:28', NULL),
('fa184125a6352557bb295309f8aa4162b675fcaf', 'master', 'master', '2020-12-23 17:43:44', NULL),
('fa24011a8190b4cf69be6061f80fea6d61214878', 'master', 'master', '2021-06-17 21:28:10', NULL),
('fa26ced6abd4c2fe8e00a4e0023b5d71ca1c776e', 'master', 'master', '2020-09-01 17:35:55', NULL),
('fa2a4eb891dbe12c96544ae1054a1f44a707c7a7', 'master', 'master', '2021-01-29 15:26:51', NULL),
('fa2ea6d7eb5fc48267caff9f11fdb79b6db8ad88', 'master', 'master', '2024-07-19 00:45:39', NULL),
('fa318f06d781357ad9df18341cfa8806163f6302', 'master', 'master', '2024-06-01 18:50:52', NULL),
('fa31ce561565ee5088ee07e49801fff5872cffab', 'master', 'master', '2021-06-01 21:53:46', NULL),
('fa3605042d482cff5be2b2462306487a5959402e', 'master', 'master', '2024-07-24 23:18:29', NULL),
('fa36d5bb8df68930a0d1cd70fe2bbd6665c94207', 'master', 'master', '2021-01-15 13:50:45', NULL),
('fa3d58f4561b83558fa5de243b487c04d2608fea', 'master', 'master', '2020-09-10 15:15:21', NULL),
('fa48ef5cdf72f9123fc28f8d67d04c55658a7a2e', 'master', 'master', '2020-03-03 20:32:24', NULL),
('fa49ac7e9aa9505bfd17e21c79af33b2cdc665b6', 'master', 'master', '2021-02-03 22:16:45', NULL),
('fa4b7454ffae81b961069a88251d967ecf6f10e5', 'master', 'master', '2024-05-08 02:01:51', NULL),
('fa51342abe5f6c506441543a225edcba07c134d6', 'master', 'master', '2020-09-04 21:30:51', NULL),
('fa5820aa0e2b875cf1d5167119bcc0c5a05e4b72', 'master', 'master', '2024-07-13 02:12:51', NULL),
('fa61b5ace14356b4978a9839b6a0d6fda9cea545', 'master', 'master', '2021-08-22 12:13:03', NULL),
('fa62f60a50ae447037918044a3e7ddeefadb51b2', 'master', 'master', '2021-02-06 13:07:06', NULL),
('fa65ee7e22f3f0274a83858e0fca85b97bd0c8a7', 'master', 'master', '2024-01-09 20:04:50', NULL),
('fa68bd806043a09fbf112ed982badf56125acad5', 'master', 'master', '2021-10-28 19:19:31', NULL),
('fa695ff103cf940cdeec51fca8355737095808b0', 'master', 'master', '2021-05-21 19:34:56', NULL),
('fa6e3488eddb4056b55bb5b2a56df636a417e94b', 'master', 'master', '2021-08-18 17:30:04', NULL),
('fa76089c35b4a4a037555085b23ee8ccd940f1c2', 'master', 'master', '2020-03-17 18:30:36', NULL),
('fa7660861280d45caebcd6289abd5f063f363150', 'master', 'master', '2021-02-21 12:01:06', NULL),
('fa79c30e510d0b624bccec8f6e90b363177916d3', 'master', 'master', '2020-09-22 13:07:23', NULL),
('fa83db8711af7978d07f169ce985fc60e31d58b5', 'master', 'master', '2021-08-03 13:18:39', NULL),
('fa89c43a93ac32283e0f2b4bcc837854f021e897', 'master', 'master', '2020-08-25 16:17:23', NULL),
('fa8ab392a46e9b6458300bd258c659d7691c1ff5', 'master', 'master', '2021-05-14 15:47:34', NULL),
('faaa687d456c65f6df99f3d6b4c5698c64614589', 'master', 'master', '2020-03-10 19:27:57', NULL),
('fab63ad25fb39689c62f0c58c76d8eb02207b197', 'master', 'master', '2021-09-24 13:10:17', NULL),
('fac14681f972b84d73661db87de710c50f71608a', 'master', 'master', '2020-03-14 12:54:19', NULL),
('fac5cd9c71a277c984fa0b928c716619743f2c5d', 'master', 'master', '2024-05-30 19:29:44', NULL),
('facb52094d29aca94998f9797af7e4aa00b60e07', 'master', 'master', '2020-02-11 13:56:23', NULL),
('fae507803795e94e3a3f3899579f818a6264ff19', 'master', 'master', '2024-05-01 00:30:36', NULL),
('faf7301f0873b7ef8fb998f3efa3fa2956236e73', 'master', 'master', '2020-02-07 15:59:26', NULL),
('fafcee894e11266544dbba140dc48033e5b41698', 'master', 'master', '2024-07-25 02:10:40', NULL),
('fafd1c797b5cabf018a07adf28a5da7a448e6bec', 'master', 'master', '2024-05-01 01:26:03', NULL),
('fb0190f24a7fc3979f534e146d338febc22dbd7f', 'master', 'master', '2024-06-22 20:39:51', NULL),
('fb04f8e7f6896fb5a6f3095862168ef70bfa2e57', 'master', 'master', '2021-11-04 22:15:44', NULL),
('fb07c1c7176fc8e9e311809a49aa4b9106b642d8', 'master', 'master', '2021-10-17 17:36:20', NULL),
('fb0a31cc98447c4629f75e076d747241af85720c', 'master', 'master', '2024-05-22 19:38:48', NULL),
('fb0ff1b50ee6e5fcef28a5e1fe78e27d6c03283f', 'master', 'master', '2024-06-29 20:38:22', NULL),
('fb1e152b305be3dded4784b68378f036e0105f6c', 'master', 'master', '2020-09-27 11:57:22', NULL),
('fb207f14832b7acc774939b6bf5c85149a111684', 'master', 'master', '2021-06-05 12:07:34', NULL),
('fb2231c9bb73e389d13d6d417dc9684ecc8c8cdd', 'master', 'master', '2024-07-03 19:58:17', NULL),
('fb2c50bad908e2fefaec5ad7615c95e3447a5d60', 'master', 'master', '2021-08-08 14:16:11', NULL),
('fb413eafe36b5ad31a2970a138be3ca8d8f2dd46', 'master', 'master', '2024-05-30 00:25:10', NULL),
('fb4b40aad0405db57a7d1a561718c688cd336ce1', 'master', 'master', '2024-05-28 22:32:37', NULL),
('fb55a888a15ec02b4d48d2351fc513fe74dabccb', 'master', 'master', '2021-02-19 12:33:47', NULL),
('fb580d6210f5f4713ae4522b646df7ad5ba8d5b7', 'master', 'master', '2024-07-11 21:26:37', NULL),
('fb603ea050090a7b9d56e1a52480d6b898e84808', 'master', 'master', '2024-07-13 01:14:42', NULL),
('fb755f71dacba976a3fc95bef3ab653b6dc0da0d', 'master', 'master', '2024-05-16 23:02:52', NULL),
('fb864a1f0455e43d87105c798b6e2b142c34c93d', 'master', 'master', '2024-05-09 23:25:04', NULL),
('fb8729a3f9d86794626ca4ae54b97619aae45f74', 'master', 'master', '2020-09-04 12:05:47', NULL),
('fb87e8c93f877bbfe52c47f8daa1863c791e36c3', 'master', 'master', '2024-07-31 00:40:34', NULL),
('fb9289236a7cef16951fcee12d672312352036eb', 'master', 'master', '2021-02-17 20:22:37', NULL),
('fb98148fcc2b13deb9b5c672b41d8c24dbb9b87a', 'master', 'master', '2020-02-14 13:08:13', NULL),
('fb9903eb8e0d6ce6af03cfec5cd9379a1a702038', 'master', 'master', '2021-01-22 15:41:00', NULL),
('fb9ca2671c48df0460900c0a1555f6ec72bfc603', 'master', 'master', '2024-06-12 00:28:12', NULL),
('fba3a853b4daf07f5abc084688e4ac80787d82a0', 'master', 'master', '2021-09-14 13:00:26', NULL),
('fbabd99db590cd8a90798d44a0475dbb80c8b014', 'master', 'master', '2024-07-23 19:35:10', NULL),
('fbad710df36c29f89167a53e55579af26092f7d5', 'master', 'master', '2024-04-25 20:39:56', NULL),
('fbb0fe93d9380fa092d1dbfb3b2e6d8bb26442cb', 'master', 'master', '2024-01-09 18:44:05', NULL),
('fbb7aae3845d7d63b19c3b89b1ed8409d3e743df', 'master', 'master', '2020-09-06 17:14:26', NULL),
('fbb9c0383011645ce99e46e59cc39ac55dd531ac', 'master', 'master', '2021-05-27 22:13:26', NULL),
('fbba15ecea68f592ed96421fa15cb4e32cdc3fdb', 'master', 'master', '2024-07-02 17:27:19', NULL),
('fbbdcbbc46b52c179160d4e2c7a2cd94b0d52b29', 'master', 'master', '2024-05-17 03:03:46', NULL),
('fbc0f8dc5a09a71b635180ee02cc8986a655cfcb', 'master', 'master', '2020-02-29 12:13:39', NULL),
('fbc38c20ffbee41ee6670479e0471ce175361bbf', 'master', 'master', '2024-04-21 19:49:53', NULL),
('fbd1c41a76560b483bcbd8d85366d01ec760b23b', 'master', 'master', '2020-08-28 13:31:20', NULL),
('fbdd05bcfeef6152af42e66b3b29508787ea27c3', 'master', 'master', '2020-03-05 20:27:39', NULL),
('fbddf968a894765403743f16eddbdad6fc7b7724', 'master', 'master', '2024-01-10 18:11:09', NULL),
('fbdef3fa4bbde98fe881b769d39b3f4fffdc311c', 'master', 'master', '2024-06-30 21:45:07', NULL),
('fbefe297179e3206cc90c486a41082a3996ebfec', 'master', 'master', '2021-09-10 20:34:36', NULL),
('fbf0f3ed1f458b202ab3ac321c77d09a397b7cb1', 'master', 'master', '2024-07-24 18:38:44', NULL),
('fbf9f62e41ad614aa05c4212b284f21623711cf6', 'master', 'master', '2021-08-27 22:00:57', NULL),
('fbfe0a94319705486429429a0da9c3b297053455', 'master', 'master', '2024-07-27 20:30:08', NULL),
('fc00f87b43786fe4a594ba3c69cf0969cb0121af', 'master', 'master', '2024-07-12 21:31:43', NULL),
('fc140c490530e821902de273c0576146ff312741', 'master', 'master', '2024-06-29 21:34:22', NULL),
('fc1d80782e2a468ab899fb39e6c7f3b4ee8f9470', 'master', 'master', '2024-06-12 22:24:12', NULL),
('fc1d89235dea6f0e280256d1c1a2a40005bec221', 'master', 'master', '2024-07-12 01:13:23', NULL),
('fc1e3b17806a5d7da24ce21566f7428cdd1c19b8', 'master', 'master', '2024-07-28 21:39:55', NULL),
('fc1fce2b6678477bbdfb073cce3c898b0ed5eee1', 'master', 'master', '2020-08-13 15:07:36', NULL),
('fc348c55571cc7a3a26184bf510837a946914066', 'master', 'master', '2024-07-06 01:24:30', NULL),
('fc3aefbb0fe308a1f9436e3d82b1ef7702877ad8', 'master', 'master', '2021-02-05 13:23:09', NULL),
('fc406a230975d510f033b12e1b0e9ca5b2c95a0f', 'master', 'master', '2021-09-07 16:31:19', NULL),
('fc4252f6b5e8cf45219ec285d9c91fc2c303faf4', 'master', 'master', '2021-05-08 16:39:58', NULL),
('fc528d75688167e8d4609b7cc833b1cc0e3b4cd1', 'master', 'master', '2020-08-21 16:49:56', NULL),
('fc557e44fae14ae338ecf4a6d57671481879648c', 'master', 'master', '2021-02-27 17:02:00', NULL),
('fc58dc18ca61326ee44778756cc51c2704d530f1', 'master', 'master', '2020-08-19 17:02:44', NULL),
('fc5f4ee66670bbc48b63ecf8ee6347992534a804', 'master', 'master', '2020-03-04 17:05:11', NULL),
('fc7301ce5828c4402731f7e2eb90d67763143bac', 'master', 'master', '2024-04-28 18:53:31', NULL),
('fc83cf66b263ced05adf750a97806aeb9af6c299', 'master', 'master', '2021-02-09 14:00:49', NULL),
('fc89d22699ca530628ff4d30872f8816d0d27fa8', 'master', 'master', '2020-08-29 18:22:04', NULL),
('fc98e16513b7ae3a63c73d7e27324f107e463d5f', 'master', 'master', '2021-07-21 17:46:45', NULL),
('fc9c251fec6b79775b5ace1a1ab7b161c0a6102b', 'master', 'master', '2024-07-10 23:42:54', NULL),
('fca0ef90cc4e82e05543e572e61da5bcb1ac6e7c', 'master', 'master', '2024-07-14 20:13:13', NULL),
('fca359c3b940e7b827eef89233942dd5c5bf6cea', 'master', 'master', '2021-06-30 20:26:01', NULL),
('fca7892167905ea88ab51fc4a0999df0f1dfdab6', 'master', 'master', '2020-02-14 14:04:13', NULL),
('fcb8a5a97564c8010370afac9c04eaa79b962d71', 'master', 'master', '2021-10-20 14:24:38', NULL),
('fcbc25a40629c3998d4cd0f51c5237ec4978482d', 'master', 'master', '2020-02-02 13:56:45', NULL),
('fcd43e56bcfadae538c4a9f3f4bbe9bcb017c447', 'master', 'master', '2021-09-07 15:51:57', NULL),
('fcda19b8e4dfcc84f338f3539150c6a65f5f66b9', 'master', 'master', '2021-05-29 17:45:16', NULL),
('fcda85dd154221b307f5e67bb0a7632967dd4647', 'master', 'master', '2021-11-03 22:14:51', NULL),
('fce20698ee2ff33454fa0c4b826e85c32b5aaa0c', 'master', 'master', '2020-02-28 18:55:32', NULL),
('fce67823e4a6df594bda0d1581f3b4c7a91e8e11', 'master', 'master', '2020-09-16 18:51:05', NULL),
('fcecba4f849977f27e6698602072c24826fe6f62', 'master', 'master', '2024-05-30 03:38:21', NULL),
('fcf6f24e27186dbf4670f1e46275aed6499d1235', 'master', 'master', '2021-08-22 16:25:03', NULL),
('fcf982d357e636fc97a93401a6ca9a1440b6c973', 'master', 'master', '2024-05-08 18:23:02', NULL),
('fcfe0efd51d9c01b2189e936de43d27b756f8e9c', 'master', 'master', '2021-11-04 15:47:41', NULL),
('fd020510ca9a5976c74899878c53e292898f4c90', 'master', 'master', '2020-03-11 16:49:23', NULL),
('fd1e025231bda470fa511e2aeac69791e08d0fbe', 'master', 'master', '2024-07-06 18:54:07', NULL),
('fd1f7d100b8ec60a5382f39fc1406ef774468160', 'master', 'master', '2021-09-10 15:22:41', NULL),
('fd22739399e1ca90e8eaaec5fd67e089ddba135e', 'master', 'master', '2024-06-16 21:48:14', NULL),
('fd2275e5b4a2b4bfef735876df4c2663fb08518f', 'master', 'master', '2020-02-13 14:03:21', NULL),
('fd2a4eebb5f11f90715f484418a5c2741ee2f0f9', 'master', 'master', '2024-05-18 18:37:30', NULL),
('fd2d0fa1fc6a02b0d177e1825a295b900e2a610c', 'master', 'master', '2021-07-28 18:56:46', NULL),
('fd2dbf9c4b815af72020ac0fff349b5d4e25c411', 'master', 'master', '2020-12-17 16:24:50', NULL),
('fd358f2faa9eed51521e4a91d0a4b3efaa3f4c57', 'master', 'master', '2021-02-11 19:38:39', NULL),
('fd45f35999f21f582e21287778d96d0531645437', 'master', 'master', '2021-10-22 20:50:03', NULL),
('fd50ae59783b5e4fd9637d5136cdd7ea0f3c6605', 'master', 'master', '2024-07-02 19:44:47', NULL),
('fd59df4376d9c6b5fec59087374c4395914d5c3f', 'master', 'master', '2021-06-30 22:04:22', NULL),
('fd5d5e8329a3b1f24062b63d9b57a7b8db10dc09', 'master', 'master', '2021-01-05 18:14:07', NULL),
('fd5f5753933382c0c12ce5c109a489c4016f8539', 'master', 'master', '2024-04-24 23:54:24', NULL),
('fd638ed1d7b34152b945508726d384662e19158e', 'master', 'master', '2021-06-10 19:29:51', NULL),
('fd6f65896c2768b936fea63a5fd1ca88a1ea9181', 'master', 'master', '2021-08-27 19:29:31', NULL),
('fd7451f31068627b2b9597b911eebeaed939c274', 'master', 'master', '2024-05-03 22:20:02', NULL),
('fd7bb4b63c9eed09930048ba1ef4fcacd804b4a3', 'master', 'master', '2021-09-14 19:29:42', NULL),
('fd81d1932164850711c88e00a2ec8808d00d2fec', 'master', 'master', '2020-01-31 12:11:35', NULL),
('fd844f034d9ddd1e2791d550934605ff9af04de1', 'master', 'master', '2021-05-06 18:36:44', NULL),
('fd8709d8244832f549de3f564298edd17477d560', 'master', 'master', '2021-03-05 19:36:35', NULL),
('fd89d8fc705167b79051bc9d9e7cf211579a9228', 'master', 'master', '2020-12-10 18:01:05', NULL),
('fd925965c7a42e0b4b2cc883099b2a5ab2867a16', 'master', 'master', '2024-06-14 02:01:55', NULL),
('fdb5b66f39dc819f17217498572983d297f69358', 'master', 'master', '2024-07-05 02:46:27', NULL),
('fdb7807f7e8cbf76b5f32d14e7b00363a3d4702c', 'master', 'master', '2021-01-21 12:57:35', NULL),
('fdc22df082f780d9d7b5bd59109b3ee78671c704', 'master', 'master', '2020-09-05 18:08:49', NULL),
('fdc3bebd64bd731e783ae7ad6eb1431ef04ce098', 'master', 'master', '2020-08-18 17:53:09', NULL),
('fdc76901178dd2f792e459e58cbcdd8479e25059', 'master', 'master', '2024-07-28 17:03:46', NULL),
('fdcc05db1141f30a569b921e1c14d33941c955a4', 'master', 'master', '2024-07-30 17:04:24', NULL),
('fdd383f326c18526d943a78801c744d0ef1dcfde', 'master', 'master', '2024-06-23 18:46:08', NULL),
('fddd891c73904eb8200d9b1370c49ddbfec4df65', 'master', 'master', '2021-11-05 19:46:15', NULL),
('fde30bc7d615b1cdc2739aa1703f940decf09b44', 'master', 'master', '2021-05-02 16:46:56', NULL),
('fde3d4a14679d138435bacc371b133579b060666', 'master', 'master', '2021-10-20 21:51:01', NULL),
('fde7a25f0de27ff8f1cd091750dde6e90bafe0ff', 'master', 'master', '2021-07-14 19:28:51', NULL),
('fded0d21e576fa47aeadfb9d7b993d7f4f2a35da', 'master', 'master', '2021-07-29 20:35:42', NULL),
('fe0154aa68f6c18e3f1b1a31a2d73c433d306dde', 'master', 'master', '2024-07-11 01:32:23', NULL),
('fe03f1a746137b54dd372ecb64eac7d58a8d52fa', 'master', 'master', '2021-10-26 12:53:38', NULL),
('fe059b3e5afe8ef8330c0b46454a32472909bbb9', 'master', 'master', '2021-11-04 21:20:41', NULL),
('fe0d9d7b6c0dcc3206b9b2ec3fd009499f3fa869', 'master', 'master', '2021-08-05 19:28:37', NULL),
('fe0f790fb7ad3f367f758462887f078d427b6d38', 'master', 'master', '2021-07-08 19:15:49', NULL),
('fe11c9b37f1274f4edd78480d08bd1997c0250ea', 'master', 'master', '2024-05-12 18:00:55', NULL),
('fe165db15c5b8020faecc3e6d16f6f1fbc32d9cf', 'master', 'master', '2021-01-08 13:04:49', NULL),
('fe1ccc36b2ced1c57254d65d027d81d824418cfd', 'master', 'master', '2024-06-02 18:53:31', NULL),
('fe2803885d8f845ab55502bf03c84f5b48393743', 'master', 'master', '2020-01-31 19:32:23', NULL),
('fe3c429110ad497b1593e0aa2d2559cc6148ab29', 'master', 'master', '2021-09-23 22:00:48', NULL),
('fe4085ffab395bd1220e7ea86dc237f6cbe3e2f8', 'master', 'master', '2024-07-16 21:27:02', NULL),
('fe454af12bc2ce0986d93af35886bffc07d4ac0b', 'master', 'master', '2021-08-17 18:56:16', NULL),
('fe53fbcf9304ff0c78cd3804c7e173426d6438f5', 'master', 'master', '2021-01-16 14:47:21', NULL),
('fe5470dbd139a7e4a4a9468ff731b11eb90c142b', 'master', 'master', '2021-06-10 16:42:41', NULL),
('fe5dc284d3845c9e3ffc614bb81e41d0a183b4f8', 'master', 'master', '2024-05-22 21:29:58', NULL),
('fe62b6c21165932b2fbdea73c62a76217a0fdd40', 'master', 'master', '2024-05-04 03:40:37', NULL),
('fe721c208ceb47c1d299dcbe96aeea89f2fcbebf', 'master', 'master', '2020-09-08 20:35:22', NULL),
('fe7a3ce6027fb55bb31aa95385be04c7964d7e31', 'master', 'master', '2021-08-29 17:43:46', NULL),
('fe89f1166b41a5e749b10230f9657c2a0fe19544', 'master', 'master', '2021-05-30 12:49:57', NULL),
('fe8e023c8657d5bcc47a182bd72fc561a467d577', 'master', 'master', '2024-06-11 18:41:16', NULL),
('fe92d12a56165e2dd6c23c2e94b83ffb295caee3', 'master', 'master', '2021-06-06 15:53:05', NULL),
('fe96f32519cfae63808938a46ec5382c1c513e37', 'master', 'master', '2020-08-30 15:43:45', NULL),
('fe98ae12ececf90170c76c6f819d7cc985a08716', 'master', 'master', '2024-07-31 21:41:41', NULL),
('fe9b0b4826cd13c436f68ad988069ed8cdd30a66', 'master', 'master', '2024-05-29 23:07:57', NULL),
('fea1de622a892a7fed9cce305b2df8dcea8aa12a', 'master', 'master', '2024-07-18 20:32:17', NULL),
('fea5023b9b6babf499c1ec0bbea33d1ae2147da0', 'master', 'master', '2021-08-27 22:16:34', NULL),
('feb5ca92870b034cb70a0571b29008f2b44d4765', 'master', 'master', '2020-03-18 15:42:00', NULL),
('febab4bc5863e188928ef9a5306b25a3f5865be3', 'master', 'master', '2021-05-12 15:44:57', NULL),
('fed4db26934535e9d133fcd88f0b0ee0848847d4', 'master', 'master', '2021-11-09 19:28:06', NULL),
('fedeff39738ea7c7fde6044b357e9b4a98b85e3f', 'master', 'master', '2024-07-04 21:31:36', NULL),
('fee09e7778b1e4b1b39a78b098e9842ef64be836', 'master', 'master', '2021-09-30 15:44:00', NULL),
('fee2f87e647da411bc6bb462a071b36cefa1bc63', 'master', 'master', '2024-06-22 21:35:45', NULL),
('feed67a8e4379a62602319d79edc30070a9de580', 'master', 'master', '2021-11-10 18:36:24', NULL),
('fef068cb08dc7c3addf3858ac1668f8fc8161e4f', 'master', 'master', '2021-11-05 16:04:15', NULL),
('fef46f888f1553bfe1710f240ac4dc69eecbc7c5', 'master', 'master', '2021-04-28 16:46:22', NULL),
('ff0472bd0e75e8bc46dbdc61221cef430de11310', 'master', 'master', '2021-08-11 22:16:10', NULL),
('ff1aacc9acf48b888071caf47bf37f1bd6b490cd', 'master', 'master', '2021-08-05 18:32:37', NULL),
('ff22eecdf23eeec3d97ee2db30c5383989e4ddf5', 'master', 'master', '2021-05-02 15:51:54', NULL),
('ff27b24f7cf9e966e508976cad1f815530dc8e20', 'master', 'master', '2024-05-31 23:53:33', NULL),
('ff3bd1ae03e27e314c834f305f3632175c62c20d', 'master', 'master', '2021-02-01 12:11:10', NULL),
('ff467c94b310f91ea4e126ab5b5e49c8476fb919', 'master', 'master', '2024-04-27 22:12:53', NULL),
('ff4a340f10aeee732abdb5db505b5308fec34b52', 'master', 'master', '2021-02-23 12:11:40', NULL),
('ff4fd0f51d8a248ba62876c97fc39e4ff8e84a86', 'master', 'master', '2020-12-11 18:26:17', NULL),
('ff51a9fa26037a737a448c922dbcc71fc3f5175c', 'master', 'master', '2024-05-07 17:56:46', NULL),
('ff5261df8e3fc63bceee2413fae113c4867c0c5c', 'master', 'master', '2024-06-22 23:36:47', NULL),
('ff54fa60a611097641d3c2e08fa17b1667f6c908', 'master', 'master', '2024-05-14 23:22:25', NULL),
('ff5579d970145209d1ffff390231e626b906b57b', 'master', 'master', '2021-05-15 15:40:39', NULL),
('ff568601f7e18ef6ff529a07cb280cc3c54ea24a', 'master', 'master', '2021-02-04 21:57:45', NULL),
('ff61a4520ddd205d18194a10a97e018dee255d9a', 'master', 'master', '2021-05-07 17:35:14', NULL),
('ff70c47f99f4a70b19b0f28eb0b0a3969df788ea', 'master', 'master', '2024-05-04 17:56:41', NULL),
('ff7af83bae2266ca65ab8ef973e5967832677972', 'master', 'master', '2024-07-21 20:49:13', NULL),
('ff7bc2b4caaf87b6d0d6489cbf3a4f6530da9d02', 'master', 'master', '2020-02-06 16:39:45', NULL),
('ff8e8f785976fe7012431c0af816b66ffc882a9a', 'master', 'master', '2021-02-03 12:04:20', NULL),
('ff9c37a3f674b7bf59211189363df034d313ff26', 'master', 'master', '2024-07-30 17:59:27', NULL),
('ffa00385d2852373952fc5540169c953d7a931e9', 'master', 'master', '2020-03-17 21:17:37', NULL),
('ffa7bc3113bc5c227fe612490f57be015378c4dc', 'master', 'master', '2021-07-06 21:34:50', NULL),
('ffa823db279e84d8abfebd11f361c42274f4ccf4', 'master', 'master', '2024-06-21 21:10:54', NULL),
('ffaecb3a9c83e5c476c664b65f4cf96e98c5c588', 'master', 'master', '2024-01-10 22:23:46', NULL),
('ffbab176419fa3d6b4f85ef60728c8f4955d1881', 'master', 'master', '2021-10-14 21:37:04', NULL),
('ffcd6d7f751fbf09f9d7337e15ab47cd9ba4849b', 'master', 'master', '2021-06-05 14:53:22', NULL),
('ffd0fec0fc90abbb15eda72e35217b274d9871fc', 'master', 'master', '2024-06-28 03:37:39', NULL),
('ffe0259e54a625440eec311c9cc11771ad756e96', 'master', 'master', '2021-06-05 12:06:22', NULL),
('ffe49af44cd6a1087640b03998b8458d5a371978', 'master', 'master', '2021-11-03 15:54:00', NULL),
('ffea6e3165f461f5d8ded91ef1875954ba3d095d', 'master', 'master', '2020-02-14 17:35:10', NULL),
('fff66cb502ce4cbf6cd742b7b367dcd3efe42706', 'master', 'master', '2024-06-16 17:11:15', NULL);

-- --------------------------------------------------------

--
-- Estrutura da tabela `oauth_clients`
--

CREATE TABLE `oauth_clients` (
  `client_id` varchar(80) NOT NULL,
  `client_secret` varchar(80) NOT NULL,
  `redirect_uri` varchar(2000) NOT NULL,
  `grant_types` varchar(80) DEFAULT NULL,
  `scope` varchar(100) DEFAULT NULL,
  `user_id` varchar(80) DEFAULT NULL
) ENGINE=InnoDB DEFAULT CHARSET=latin1;

--
-- Extraindo dados da tabela `oauth_clients`
--

INSERT INTO `oauth_clients` (`client_id`, `client_secret`, `redirect_uri`, `grant_types`, `scope`, `user_id`) VALUES
('master', 'master', 'http://192.168.0.10/sga/public/', NULL, NULL, NULL);

-- --------------------------------------------------------

--
-- Estrutura da tabela `oauth_refresh_tokens`
--

CREATE TABLE `oauth_refresh_tokens` (
  `refresh_token` varchar(40) NOT NULL,
  `client_id` varchar(80) NOT NULL,
  `user_id` varchar(255) DEFAULT NULL,
  `expires` timestamp NOT NULL DEFAULT current_timestamp() ON UPDATE current_timestamp(),
  `scope` varchar(2000) DEFAULT NULL
) ENGINE=InnoDB DEFAULT CHARSET=latin1;

--
-- Extraindo dados da tabela `oauth_refresh_tokens`
--

INSERT INTO `oauth_refresh_tokens` (`refresh_token`, `client_id`, `user_id`, `expires`, `scope`) VALUES
('00099af7811ec4ce0d19e184d300a54dbc35d056', 'master', 'master', '2024-06-26 02:38:59', NULL),
('004228f98283e128bd95888c4065c1cf31c83521', 'master', 'master', '2024-05-10 02:31:50', NULL),
('00438a8f22db90a0c9f3734b8ed83451141a3c56', 'master', 'master', '2021-08-21 11:54:59', NULL),
('00665ea338caa78b22de9f44d876f0124d6ba2b8', 'master', 'master', '2021-09-04 16:36:55', NULL),
('0066c6b785f1bf308195a96c8841690edcb66420', 'master', 'master', '2020-09-22 21:26:22', NULL),
('00906e1399ba5fe688ca20010a739d889fc2850e', 'master', 'master', '2021-10-01 17:31:10', NULL),
('00dbc8d976028436568ad6deee690fa9a790c7b5', 'master', 'master', '2021-03-05 21:39:29', NULL),
('00f81640f0c9f7440c77b8e9d4a6dd1d7a677ea8', 'master', 'master', '2021-11-17 21:14:51', NULL),
('0110f1200b062a0587b888aca1d614eb888d5805', 'master', 'master', '2024-08-14 02:26:25', NULL),
('012138c952ab834c23690f08805a7dea06d921d2', 'master', 'master', '2024-07-31 02:08:28', NULL),
('01c089ae1397edc87177dcbad40a7a873602d6d6', 'master', 'master', '2021-11-20 17:26:20', NULL),
('01cc012f00e1b001c0df8fbd7f4e804ea17db6e7', 'master', 'master', '2024-07-21 21:24:42', NULL),
('028e9cda1cd7b3501a87dcece9931c25039775a0', 'master', 'master', '2024-08-03 22:37:42', NULL),
('02d965eb0bbb3ebccb364d0ffba2acb46afbb4a0', 'master', 'master', '2024-08-08 02:14:59', NULL),
('02dad7797d508ba4a17e31221dc13e763032826f', 'master', 'master', '2021-06-09 14:00:47', NULL),
('03c47b523eb0bea7c1b5cec37b6c178677175661', 'master', 'master', '2020-09-25 15:01:29', NULL),
('03eb56064eafaa1ca22fce88eab2147c09869bbd', 'master', 'master', '2024-07-03 22:02:41', NULL),
('0418316d3157c6ca4c610f68a16674941495fe7c', 'master', 'master', '2020-02-21 21:29:27', NULL),
('043d15d75148409ae8911638b40d9dc314f1f9dd', 'master', 'master', '2021-05-16 15:58:30', NULL),
('0452ef712ef53efa1054d71340e70277d65db38d', 'master', 'master', '2020-03-03 21:12:06', NULL),
('045e4bda74504ab424ed43148bb90fe47e59dfc3', 'master', 'master', '2021-11-17 21:21:39', NULL),
('04a4912741847746bac2a0dbf8a608cbc5be5776', 'master', 'master', '2024-08-09 02:08:08', NULL),
('04eac9de8e872a6e665fc3379a4f55001f61b4ac', 'master', 'master', '2020-10-03 10:59:51', NULL),
('04fc8d929670965d385f3bd14955646fb3a42cdc', 'master', 'master', '2024-01-24 20:27:04', NULL),
('05122749fdce5791c8d64294efea4d10d7575d3f', 'master', 'master', '2021-09-08 21:12:40', NULL),
('0515957dbbf027bd11b3355654569230c67858ac', 'master', 'master', '2024-01-25 01:07:46', NULL),
('0537849a4ddf2f261d9cbc481655b46b3ea595f3', 'master', 'master', '2020-10-03 18:25:18', NULL),
('053a26076e2c703c18f3ec06e2ec60ab80956a27', 'master', 'master', '2024-07-10 02:38:52', NULL),
('055f3ee6425c3605f48cd129ab7e3ebd04bb81c7', 'master', 'master', '2021-01-29 21:31:14', NULL),
('057ccf8335d0961bc43fe2c7b3fff032a8b2b20f', 'master', 'master', '2021-07-27 21:47:52', NULL),
('05b7241d95e6e64b8aa8cb65115e658b351aa32e', 'master', 'master', '2021-10-20 16:42:00', NULL),
('05dd54bc0ac6bf7a86faff57e4fcbb95aa0d4fd7', 'master', 'master', '2021-07-30 18:22:22', NULL),
('05edfa78195465ff6988db7f19ee0696378ad63f', 'master', 'master', '2021-02-26 18:07:07', NULL),
('05f643676f83ba9f445212f4ea4138914c5c3b2c', 'master', 'master', '2021-10-06 13:50:05', NULL),
('068187b12b5b48ed52647a659d9de19ec6b19a41', 'master', 'master', '2021-06-17 16:31:22', NULL),
('06947eb1b2065983dfc8100493548c8a7bbcee4a', 'master', 'master', '2021-08-12 21:26:30', NULL),
('06955b6e8c7563f663e4b484cac3a79afc0ecc6f', 'master', 'master', '2021-05-15 16:52:11', NULL),
('06d2db58b861808ee612bae9435ed770db8a7cf6', 'master', 'master', '2024-07-13 22:26:01', NULL),
('06e3a8e9888f4c11a3322f02ef2d9515eb73b463', 'master', 'master', '2024-08-01 02:10:24', NULL),
('075208a1b229dee98b30a5a481e85e74ba148d3e', 'master', 'master', '2021-06-22 21:34:30', NULL),
('0773251adc63eecd52abed620239ab151c4ebb89', 'master', 'master', '2020-08-28 21:27:24', NULL),
('077969739b9a6d172bf05df34ebcc37946347cd8', 'master', 'master', '2024-05-29 22:24:59', NULL),
('07a79bc0fcd0e41ea70d82e61b0175fb6dca67fa', 'master', 'master', '2021-06-15 16:46:43', NULL),
('081d80bf0eede4e933dc6a8fd0f5996558c28688', 'master', 'master', '2024-06-08 02:35:04', NULL),
('086bfbd526ace9d867b1cf6653e6933cbbf191db', 'master', 'master', '2024-08-01 21:23:41', NULL),
('087f839e5087d430b4c96099e351750606b2ae6d', 'master', 'master', '2024-06-07 17:40:29', NULL),
('08c5b8ac5d5f196d9b715df9448c74b786112572', 'master', 'master', '2024-07-06 02:26:58', NULL),
('08ff06375c50843af7418cc5ea1ef6c67464d140', 'master', 'master', '2020-09-24 21:48:13', NULL),
('097f1f47cce6a8edf54f412f69bdb8102309d2a7', 'master', 'master', '2024-01-18 00:30:02', NULL),
('09a0ff2173460ef18f4a64df7bc63b1c222a95c0', 'master', 'master', '2021-03-04 21:12:44', NULL),
('09ad9aa1a3307f7eacd7d62e1a1d13a7310a20b2', 'master', 'master', '2024-07-28 21:13:24', NULL),
('0a00e5bcbd007c236bb93f394434b5d116dc3b2f', 'master', 'master', '2021-08-03 16:17:17', NULL),
('0a3752c7e532ae54b625ff20bfbe72a06e5c83d8', 'master', 'master', '2020-12-29 20:59:40', NULL),
('0a6371ca808f63372c2297b10ab1d53c0fa17d1e', 'master', 'master', '2021-02-24 19:43:17', NULL),
('0a8238f81961beef8542141ae3b731839e2f1f20', 'master', 'master', '2020-10-08 21:03:55', NULL),
('0a8312589dfcafcc41d00fc6db150a72def57c0b', 'master', 'master', '2021-08-27 20:23:19', NULL),
('0a8caacac6613fe38c7ef210bcf3a480e26524b7', 'master', 'master', '2021-07-07 20:28:41', NULL),
('0b4ca8522cb8e8aa9065370d42886a187c0d8b86', 'master', 'master', '2024-07-20 02:40:44', NULL),
('0bb8c4593a531740852713484befbdc3c99c3875', 'master', 'master', '2021-08-04 21:23:53', NULL),
('0bc09f3fef79099165a942ab042a107ee3136ab8', 'master', 'master', '2021-06-05 16:49:06', NULL),
('0bd068cd286816786197e04c0f1533ce43316b0a', 'master', 'master', '2020-02-27 15:49:22', NULL),
('0bf158c715b7b9ec082a0d08cd8a148fe76dec11', 'master', 'master', '2020-09-15 12:42:48', NULL),
('0c1c8c67f859f2f9a009e2c2396cd6eb019a6cc4', 'master', 'master', '2021-03-19 20:25:50', NULL),
('0c25e7e3ceada6a1a1eaaa36d543ff300100d9c9', 'master', 'master', '2020-12-31 18:17:32', NULL),
('0c7f8874eab2b8ff950e1758b33f06bb33d69f93', 'master', 'master', '2020-02-13 13:36:35', NULL),
('0c86f469e88cd2cd9455cf57530bb18d787f35aa', 'master', 'master', '2021-02-21 16:50:11', NULL),
('0ca9aef240663351a3fde394cfda144f472e173b', 'master', 'master', '2024-06-07 17:09:01', NULL),
('0cc67cdb98da366edea807b5c30d801e4938a38f', 'master', 'master', '2020-10-08 21:36:01', NULL),
('0cd94c79b41a9eec9e2ed1eff8d26da3ba5d6106', 'master', 'master', '2021-08-18 21:22:05', NULL),
('0d13f1f73e81a5611e0c002e56aedd9cdb0108e5', 'master', 'master', '2021-01-31 15:42:48', NULL),
('0d2206f1deb4a3e1dfd203011515bbc3883e7e10', 'master', 'master', '2024-06-15 02:25:04', NULL),
('0d37fc778be93b0cba2e43f3dc774c6a17b41058', 'master', 'master', '2021-07-13 13:10:36', NULL),
('0d3873a75a5fcd46e903d67b1dc26405ded92702', 'master', 'master', '2021-08-03 20:24:05', NULL),
('0d64dc8e6ccd7806c051eca5aee7cadb1ccd9236', 'master', 'master', '2021-11-24 15:36:07', NULL),
('0d86d1626d36c0490e4c35dbf6466d29899879a8', 'master', 'master', '2024-08-15 00:16:52', NULL),
('0da654ce5391b30944a6af17e9b703be4631cdc0', 'master', 'master', '2021-08-03 13:00:06', NULL),
('0dbe31770022b043587ece3a7b2584e9c8f76c8b', 'master', 'master', '2021-10-23 16:34:45', NULL),
('0e2b2a0dd0cd037ff7766452854047ba41685d60', 'master', 'master', '2021-03-09 19:54:52', NULL),
('0e2ce1f9e7120b1cdcce96cbe0572cb62d1371fa', 'master', 'master', '2024-05-25 22:22:24', NULL),
('0e2f17c55f0ea1e272e19d37155316fa5f9403ec', 'master', 'master', '2024-06-09 16:45:49', NULL),
('0e3d64227ff29fe9828feb2624e566f5a689ad71', 'master', 'master', '2024-05-15 20:56:00', NULL),
('0e55a3fdcb46d270d6b7040f4d7cb08d30a7e4b0', 'master', 'master', '2024-01-26 21:38:56', NULL),
('0e56114428d13ca1d2bace572543803c3133e5b0', 'master', 'master', '2020-08-29 18:24:23', NULL),
('0ef90cffd30f643ee93bd7b8a653241a58206460', 'master', 'master', '2024-08-03 00:29:32', NULL),
('0f052c8b002f4bb2cbe6d5550955eddd1be4f859', 'master', 'master', '2024-07-21 21:28:27', NULL),
('0f22c8eec772e01ce1047639aeb2790138377494', 'master', 'master', '2021-02-09 20:48:37', NULL),
('0f2d4fa784aaa4d393d6d985bb000ca8db98316f', 'master', 'master', '2021-06-04 21:43:03', NULL),
('0f72b4d61bcdb075cc596b8bca910e9b88421baf', 'master', 'master', '2020-12-25 15:40:50', NULL),
('0f8e59dec2fc8553babfbf62d6fee3c6143cd1e8', 'master', 'master', '2020-10-06 21:47:20', NULL),
('0fa622243257a1e45038aa0c53749c8445c3cda3', 'master', 'master', '2020-03-24 21:23:00', NULL),
('0fd476860e24b59f1f7a7a5ce6dc181efcf9b653', 'master', 'master', '2024-08-14 23:32:15', NULL),
('0fea195248cedba64c74403f32685d273f4a9688', 'master', 'master', '2021-10-02 17:13:08', NULL),
('0ff495b2934e49af8f74dd0793309247fc5ec744', 'master', 'master', '2024-05-25 22:33:29', NULL),
('1000435d1c1f2787e00d7141a5fdcc4ad960f236', 'master', 'master', '2021-06-09 19:34:42', NULL),
('1029ac5b0766458070b28d6ad2625e748bcbb2eb', 'master', 'master', '2021-06-19 16:40:45', NULL),
('10435c793ebf27f184b8e6b3923a6311ce11ff61', 'master', 'master', '2024-01-18 21:14:35', NULL),
('109608c40bba10f46a2d946bca3e632c724842c4', 'master', 'master', '2021-01-22 21:33:54', NULL),
('109dfda61b6f1b394cd06f67d37c301d3e6ef580', 'master', 'master', '2020-12-30 21:15:55', NULL),
('10cb9ecacd73bcb24b56f950cdac0de024550617', 'master', 'master', '2024-05-15 02:16:48', NULL),
('110de9fb07571d65c33862a6e0e2bd5f395e363f', 'master', 'master', '2024-06-30 21:23:17', NULL),
('110e9f5d3b8b4d4596d52559e11c434afb35e1fe', 'master', 'master', '2021-08-25 21:16:10', NULL),
('113e47fb686714db82cefc4c827d7ea2dedb58a5', 'master', 'master', '2021-06-29 21:12:10', NULL),
('1173c857c893a799ed9124cd03d14545c2ad9779', 'master', 'master', '2024-06-21 02:11:13', NULL),
('11e2cad6a95f35c121f80f8cc998b9324125892d', 'master', 'master', '2024-08-14 02:36:36', NULL),
('1245850d070117fb15a2ee75db8cc8952c2163ed', 'master', 'master', '2024-07-04 02:25:07', NULL),
('12505498e0f5fa4c9aef1837b1c70aeeb0b0706d', 'master', 'master', '2021-11-04 12:20:42', NULL),
('12b5726f022d8405e7e2a8fa733286044a2c6a3c', 'master', 'master', '2021-10-21 21:23:05', NULL),
('12d43f389fc45be19c0a0a2aee5dcd790f9a1f70', 'master', 'master', '2024-06-14 20:43:38', NULL),
('13511c3deaf909baa7a0131fa95b8d38c5ad63d9', 'master', 'master', '2021-01-06 21:03:39', NULL),
('135160f0b4f681c57ea1ef18ab1ac50c6596a36c', 'master', 'master', '2024-07-18 02:14:37', NULL),
('135750fa74881bdedac5b81c1dfc6e4e9bfd33b0', 'master', 'master', '2020-09-22 11:02:53', NULL),
('13ade48cd753793c2dfdb41354fba8b91259de60', 'master', 'master', '2021-05-08 16:45:32', NULL),
('1439dce97bf6ceccd29477c4694416a58d048469', 'master', 'master', '2024-07-31 15:55:38', NULL),
('14db2ca55bf71626141157084a7d1b377a83ad6a', 'master', 'master', '2021-08-17 21:38:32', NULL),
('153a27cc0ed6c492137f60d2b363f686ab9f3b8b', 'master', 'master', '2020-03-27 21:37:16', NULL),
('15545fcf008131d33adec5e1428991aecd589295', 'master', 'master', '2024-07-14 21:37:06', NULL),
('156cce82696e42fe72e69bd25e847668448a2b5d', 'master', 'master', '2021-05-13 20:04:45', NULL),
('156fa6ed26a20e9082087499d402cf16a3f5ee3e', 'master', 'master', '2024-08-10 22:17:05', NULL),
('1598920f612af7724eb927b79e380e6cce9b8d83', 'master', 'master', '2024-01-20 20:58:32', NULL),
('15afd629097fb0366cb2eede42af851d828b1e8c', 'master', 'master', '2021-05-09 16:43:59', NULL),
('15d0be00ec5626b0451800ef83e51b224a6f610d', 'master', 'master', '2024-05-05 21:28:20', NULL),
('15f25f9b39e68d20260cb5ccdade588aee3de74a', 'master', 'master', '2021-05-29 11:05:16', NULL),
('164fd3511564080b6f9ed4461e92454ac115db8f', 'master', 'master', '2024-08-02 02:21:42', NULL),
('1651822adcb1201228eb420b502f7eed591bf683', 'master', 'master', '2024-06-06 02:05:48', NULL),
('16656348af03ce2572b99cda7625ee8647d05ded', 'master', 'master', '2024-06-19 02:10:56', NULL),
('16a0b71e9bb6c24d1a4ccabee02ea48133e4271e', 'master', 'master', '2024-06-02 21:38:37', NULL),
('16c4b58d0c442923beb30a9ecd0321c9de4cae78', 'master', 'master', '2024-06-07 02:35:19', NULL),
('174f5f477f5c53971b2770a9a004ebc0041e3c16', 'master', 'master', '2021-10-02 11:02:40', NULL),
('175a1d01d518c815e0147f5af7ca378635d1e26b', 'master', 'master', '2020-03-14 11:13:39', NULL),
('175abec72c163cac884acb059327adf3bd0814fc', 'master', 'master', '2024-05-09 02:28:05', NULL),
('177bb711d7853df6010b9b806053b600666b6095', 'master', 'master', '2021-02-16 16:28:13', NULL),
('17b8e2738f90068a748ce41bb9ead589f2b0351b', 'master', 'master', '2024-05-24 02:07:55', NULL),
('17ec7a1c383011fda6c1490cbe18434dcf59b60d', 'master', 'master', '2024-06-14 21:19:53', NULL),
('17fbf478ddd19e45f19bc6f8428a723240067634', 'master', 'master', '2021-06-26 16:18:11', NULL),
('183851cab2f075a9228653d791e4bba8698a84e8', 'master', 'master', '2020-10-04 17:42:04', NULL),
('184abba0c1043311272797a253c8dcaccf2cbf9d', 'master', 'master', '2021-05-26 21:44:56', NULL),
('18568e3fe7914bfd4654ca28e72de84eec205417', 'master', 'master', '2021-09-11 16:44:08', NULL),
('18ed44ce64133a62cb2b7f42148c49dd6760609e', 'master', 'master', '2021-06-29 21:21:38', NULL),
('18fef61520ffa33c9f82c423e2ec994eaba994f5', 'master', 'master', '2024-07-17 02:25:13', NULL),
('1932731133ad1f681c360901cdc8936ddf7baf66', 'master', 'master', '2024-08-02 02:34:03', NULL),
('194ff661439959bf914604caf11e58ebd51282d1', 'master', 'master', '2020-10-06 18:36:24', NULL),
('196ceb734c2e86b6a810968b0da84b5c828a4b1e', 'master', 'master', '2021-08-03 15:42:14', NULL),
('19bd964a54e3b5e23c2452d621d749178114cd2e', 'master', 'master', '2021-09-26 15:18:26', NULL),
('19e29d5fcc608dbc51e133dfa47de16e9d51e35f', 'master', 'master', '2020-02-28 21:25:08', NULL),
('1a14f2b74da0e065f3dedec22bbdcceffc2c6414', 'master', 'master', '2024-07-07 21:18:22', NULL),
('1a339e8b055f3f98fa52f55f64b245b6f539d590', 'master', 'master', '2021-09-03 21:12:00', NULL),
('1abc790a696295796da7717bed3fa4c214a32445', 'master', 'master', '2020-09-23 15:45:15', NULL),
('1acde0a4624a60ca2d9dd583205a1ae3e95d6321', 'master', 'master', '2020-12-24 19:49:05', NULL),
('1aec127c47b78a9b3d95109ff76e9ec062f879f6', 'master', 'master', '2020-10-10 10:59:03', NULL),
('1b0190d42d88502dece61ef097cd0b20e8dbb32f', 'master', 'master', '2021-02-03 21:21:35', NULL),
('1b60957bd39aa8a439b9717a2c5c5f81183dae24', 'master', 'master', '2021-02-15 20:58:09', NULL),
('1b83b0fb94396433063118bc8ef67188fffee7c3', 'master', 'master', '2024-06-01 22:16:06', NULL),
('1b997b415d7eb0a8127a0ac49a57f398debba9b9', 'master', 'master', '2021-06-18 21:11:30', NULL),
('1b9d6b56a6e0037642487a86458a89bd6344132a', 'master', 'master', '2024-05-08 02:44:16', NULL),
('1b9db48d580bde99a6ddae3c8c209734f40102f8', 'master', 'master', '2021-09-22 21:35:00', NULL),
('1c01949da68d209c11e3c51897989d072d13eb10', 'master', 'master', '2021-10-23 17:36:13', NULL),
('1c1424e65b77fa64366e44b8a39cb97bcc9cd004', 'master', 'master', '2024-06-26 02:02:10', NULL),
('1c2b53aaafef41f0e9e81d77b5b091e4d36ee91c', 'master', 'master', '2021-08-28 16:31:50', NULL),
('1c6ca716dad34509f8eb86b1cb528746cb0c9437', 'master', 'master', '2021-11-21 16:32:25', NULL),
('1c6f50ec3de9b75bf1c8f3a4dc02d47f43e19028', 'master', 'master', '2024-06-27 02:00:59', NULL),
('1c6fa980a1fd6522e55dbc5ad30874148306127f', 'master', 'master', '2021-10-12 21:11:58', NULL),
('1cd1db3b07a1206159dd6c024e3487d68351c342', 'master', 'master', '2024-07-23 21:17:36', NULL),
('1cf1ffb6f6cc3edeac6837bb7c38c1cbca26fe46', 'master', 'master', '2021-10-19 21:23:19', NULL),
('1d2543ff978f4f9724368d3ea168f46c5ff14beb', 'master', 'master', '2024-07-03 21:22:56', NULL),
('1d543508095b989ff21b73d0fdccd5c4c72f97c4', 'master', 'master', '2021-08-04 15:16:31', NULL),
('1d90018cf8e7b4746dc0c0d2e08fefac2538938f', 'master', 'master', '2024-05-17 02:32:22', NULL),
('1da5639b64500cf0999f33921a074371d9ee9179', 'master', 'master', '2021-10-05 21:46:48', NULL),
('1dd972c8b28965018e32fad847f16e0a8859ec83', 'master', 'master', '2020-02-13 21:49:42', NULL),
('1de65805ad556e0df8a743f1a5de42a8dbb02835', 'master', 'master', '2020-03-12 21:17:51', NULL),
('1e78d96bedee7936599c0cad09d015967bb5304e', 'master', 'master', '2021-08-04 21:13:06', NULL),
('1e96eeeace301f1f4404512ba5616d8de8230c73', 'master', 'master', '2021-05-21 20:55:08', NULL),
('1eb6a5836d6d2d0841863c325ac920437e722334', 'master', 'master', '2024-07-20 02:19:08', NULL),
('1ebdb47772a7052e954210d42cf74e54d8a345b7', 'master', 'master', '2020-03-29 18:26:32', NULL),
('1ecfb786b49fa73054dc04aca2b028d8a90bd15d', 'master', 'master', '2020-09-05 17:28:04', NULL),
('1f01791a8a072836231cde21f6d23f9d1ae52585', 'master', 'master', '2024-06-13 02:13:10', NULL),
('1f3fadf0b06c21cbbf189b271d757d089141f3b5', 'master', 'master', '2020-02-15 11:28:08', NULL),
('1f49ca898ae11e9b5979698d1931e4aa9b4c6ff8', 'master', 'master', '2021-07-18 16:20:11', NULL),
('1f5b8d0bd53c608478ca4f5ceebef128e3ddf9ad', 'master', 'master', '2021-09-07 21:14:51', NULL),
('1f6606459d0fec3874ccf5b8f58d8388e1de3a5a', 'master', 'master', '2024-08-09 02:24:06', NULL),
('1f676bf7571ab5a36f740247f6b4f8c9b402177c', 'master', 'master', '2024-07-04 01:53:56', NULL),
('1f873d84f115be0a46a0945545758d8867bd4e84', 'master', 'master', '2024-07-06 02:19:01', NULL),
('1f8d587739421589ea8178bacbe2b6730ecadda0', 'master', 'master', '2021-02-16 17:58:27', NULL),
('1fa25520e569180941c3fc7403e48bf002a67d60', 'master', 'master', '2021-09-17 21:06:41', NULL),
('20015727aa0821b12ea7e03bd7c8457a5d9b6b21', 'master', 'master', '2020-09-23 21:37:25', NULL),
('200dd0e8c37cca965d5bfd113a95b6b831db665d', 'master', 'master', '2021-09-23 21:31:55', NULL),
('202b74c2c5c8c5a3ed69520d64496afe6d603af1', 'master', 'master', '2021-03-05 20:59:32', NULL),
('202c2c3ea8af0126a5336fba32297e0e59113653', 'master', 'master', '2021-02-16 12:45:57', NULL),
('205d089bf80192297a104d55363557fe7c5d5df8', 'master', 'master', '2020-03-06 21:27:47', NULL),
('20a960330062d60f78162fe549e39086878185b4', 'master', 'master', '2024-07-11 21:55:53', NULL),
('20c7a5431cfb76f7c6922701d113d35371c7639d', 'master', 'master', '2021-01-21 21:49:51', NULL),
('21323c2aa30732450395ee78faa64a89528cfdf6', 'master', 'master', '2021-09-24 12:02:50', NULL),
('217bddc495ea74faa58f7fefdcf905a5bb7dfab3', 'master', 'master', '2021-11-12 15:52:13', NULL),
('218083b4c546a1e67fffd3ab4b1bb1f38d9fb2e4', 'master', 'master', '2021-07-15 21:41:42', NULL),
('220c59c538489cfe2a480ab72c65fd1ed8e940aa', 'master', 'master', '2024-07-21 21:27:43', NULL),
('222504a8e9f7beff9b693061492f21962ba222cc', 'master', 'master', '2021-05-19 20:46:47', NULL),
('22361766f1b667c0c253585b791148c68b3bace1', 'master', 'master', '2021-07-03 16:37:59', NULL),
('22907cad7759cac9a0903ea84f5dbb7ef9d040ad', 'master', 'master', '2024-05-31 02:41:42', NULL),
('22d1a6f9094ca93196af52d8082d8b1c5cf439ac', 'master', 'master', '2021-06-08 21:04:29', NULL),
('22ed407da0cfead0cf25077205c593bc7bfb5d43', 'master', 'master', '2021-07-17 16:34:14', NULL),
('231bd481b4f8de7ef6d86faa16212637c82ece69', 'master', 'master', '2020-03-31 21:13:37', NULL),
('2369034e29bd60bf9d1267c84693f4b9bcfa95b1', 'master', 'master', '2021-07-13 21:41:40', NULL),
('238d1c8fc452852f54c58f93c385afa696127f90', 'master', 'master', '2021-01-31 16:34:53', NULL),
('23b7e3f81a4b5674460cdbd5960ecab9b4bbfb30', 'master', 'master', '2024-06-22 22:17:28', NULL),
('23e0aa6aa0117b1af6e01def29523d3a33cbe269', 'master', 'master', '2024-08-01 00:19:06', NULL),
('2423d13be9729780350bf2e2073606daadab2c9c', 'master', 'master', '2020-09-08 21:42:38', NULL),
('242c34ef66382288e9b6c90e90c5c56ee68f437b', 'master', 'master', '2024-07-12 21:37:07', NULL),
('253684f262b7f7ebc28808cb9e90056c81210e95', 'master', 'master', '2020-12-25 21:10:20', NULL),
('255605281080392f42b99cd94411290cb50ea388', 'master', 'master', '2024-07-23 21:02:32', NULL),
('2562118a471e7ded4d30c590da4f21d5c932ba22', 'master', 'master', '2021-06-11 21:39:46', NULL),
('25daaaf8e3b5b3a3f37466578f19c88ba238c1d9', 'master', 'master', '2021-11-12 21:33:29', NULL),
('26056a9cf47c3958ca8fd5f0a925c1067d76f7f5', 'master', 'master', '2021-07-20 21:30:44', NULL),
('265a2453b27a93667a693d7487a0dabfadf9a76c', 'master', 'master', '2024-07-09 22:19:45', NULL),
('266b5dd1b70f0cd8fddab2d7381775921bb94ec3', 'master', 'master', '2020-02-25 21:18:22', NULL),
('268cc2e33ce173a8db2694ba97cc35761e9c21de', 'master', 'master', '2024-05-17 02:23:05', NULL),
('26bb0039a36ad8227e6530b38886bffa72e8a74b', 'master', 'master', '2021-07-28 21:38:58', NULL),
('26c7eab64ca8ab3620ea4f563ef78aa1346173c0', 'master', 'master', '2021-09-16 21:48:39', NULL),
('26d1b0def0db12bd24b84f2f9f490792c53582f0', 'master', 'master', '2021-07-18 16:32:22', NULL),
('26d36abd78ba9c4c2035fb00b0d169261c11815b', 'master', 'master', '2021-10-12 21:26:56', NULL),
('273f08a36ab077b687de47426519a62747b6e8e8', 'master', 'master', '2024-06-15 22:25:22', NULL),
('2831ac108db33110144c4f2ce75632bac9366482', 'master', 'master', '2020-03-25 21:28:37', NULL),
('293880352198de2187e0817af9eea0fc63c5183a', 'master', 'master', '2024-08-10 01:57:14', NULL),
('2942be11f8c86e5483184aa287b89ec5125fe891', 'master', 'master', '2024-06-28 02:06:09', NULL),
('29777447e9e49a0625350fca47eb00d8a7d100fa', 'master', 'master', '2021-03-06 16:38:33', NULL),
('29797f235d943ebe77db215601282e03a93bf063', 'master', 'master', '2021-10-22 21:06:52', NULL),
('29c7cb4f1d83528c1699cf9c15a941efbe62e612', 'master', 'master', '2020-03-08 18:19:59', NULL),
('29cee3e70eb1aaa201f4650405c2988946364dc3', 'master', 'master', '2024-05-09 02:12:33', NULL),
('2a0dc2055c92362da4fac3ea4209b8c08d715878', 'master', 'master', '2021-02-02 21:43:41', NULL),
('2a1e3bf83b7c8ed7cc9df56691c79dc8eea7a269', 'master', 'master', '2021-02-16 21:30:10', NULL),
('2a2a0624f01524efe77edd194a82940cfade2023', 'master', 'master', '2021-06-23 21:32:15', NULL),
('2a63785238cb4fc638af481e13fa7ee7c3617c32', 'master', 'master', '2024-07-13 22:22:43', NULL),
('2a66fc2385bb6084353e36d98a330db897e85385', 'master', 'master', '2021-10-27 15:33:43', NULL),
('2a7764a6b60b4c5b0f1894633ea1e9d54f5476d0', 'master', 'master', '2024-05-09 02:13:34', NULL),
('2aa3b41448bc61963d934108e3c474607357775a', 'master', 'master', '2021-07-10 16:33:01', NULL),
('2ae455d78df53bbe5a1d5ef1976369bec2bf5096', 'master', 'master', '2024-06-01 21:30:24', NULL),
('2b3e4cc4e2c7227fafdc982b6480909b4fce7cf7', 'master', 'master', '2021-09-05 16:21:02', NULL),
('2bc093bc7b3a958f2986fef3c9661dd60e2406d9', 'master', 'master', '2024-05-25 02:15:41', NULL),
('2bc294e6dccab7c6b8fda77fcdee6eab3e8301ef', 'master', 'master', '2021-11-16 16:33:33', NULL),
('2bcbd6ea45e89cda4af60538a4cb48a6aacac9d5', 'master', 'master', '2021-05-18 14:42:36', NULL),
('2be63d6fc8e37cade96e77347d0fb9e29927093a', 'master', 'master', '2024-07-07 17:46:08', NULL),
('2bf44fad88159e5c68088286b82e87c897426de3', 'master', 'master', '2021-07-04 16:32:03', NULL),
('2bf6cb94861734753d532a09fd3f93f6ca749466', 'master', 'master', '2021-05-11 16:13:11', NULL),
('2c47c281c705d00b71843eb3b29ec112121cb0ae', 'master', 'master', '2021-05-23 16:29:48', NULL),
('2c744107ac1e28a143b4a173eaed19e4be2aed09', 'master', 'master', '2020-09-06 17:48:38', NULL),
('2c81ba55f9703e7250d45eab910eb068827b9a58', 'master', 'master', '2024-07-27 02:05:42', NULL),
('2cb5d5e8fbe27f920f93e92fa23ccc73238d1ba2', 'master', 'master', '2021-05-20 17:37:39', NULL),
('2ce288f1da8ba30d9f961f9326d8ae616cdb415e', 'master', 'master', '2024-07-06 22:09:05', NULL),
('2d0b911f90583c51de6e56b8ac3ccd414d22ad1d', 'master', 'master', '2020-09-27 17:47:03', NULL),
('2d28da02a0e0f5aaafa906031c3dfdfef0c68bb7', 'master', 'master', '2024-01-24 01:04:08', NULL),
('2d2964d938233357032c2bae07dde817eb288877', 'master', 'master', '2020-02-14 21:24:36', NULL),
('2d6da2f9a6e31bb1c3bd55ee9e09d87000b35156', 'master', 'master', '2021-09-15 21:14:37', NULL),
('2d7656f98a106cdcf934ad20be4ef600ade12680', 'master', 'master', '2021-05-20 20:35:21', NULL),
('2dba311de82f9e8f468180fb3a8a61ab737865dc', 'master', 'master', '2020-03-19 21:18:54', NULL),
('2dffc8698d3dfb3647a8bdeb5a33c809e7187d6d', 'master', 'master', '2021-06-09 21:11:55', NULL),
('2e04d3875fd525ef767129cdf70a2b9dff4e5f13', 'master', 'master', '2024-05-24 00:10:05', NULL),
('2e105b7aa3da49a35ba7ba1f549142a067256702', 'master', 'master', '2024-05-11 02:11:27', NULL),
('2e3a4ee8037e131fb4251e35fd29e99bdd6d2a53', 'master', 'master', '2024-05-25 02:13:47', NULL),
('2e6001be0179431756359ea733c853440a31a0d1', 'master', 'master', '2024-08-11 21:33:30', NULL),
('2e9c4e13c110387f0d1d8fa2bbd7b24a15711553', 'master', 'master', '2024-07-07 17:45:11', NULL),
('2ed8a9e2b070b0e3efbc8ca1a50ad37c53d85e05', 'master', 'master', '2021-02-15 11:11:10', NULL),
('2ee23c07497c314996174885c3b09ba56d68cb83', 'master', 'master', '2021-06-20 16:43:42', NULL),
('2f001ff4b8b1cadc95b191b97c153dfb8a48bbdb', 'master', 'master', '2024-06-13 02:18:07', NULL),
('2f265cf79712300fe6c516d61b9bb0d21b55f81d', 'master', 'master', '2021-06-04 20:30:39', NULL),
('2f8e8be41fb375a148c4833a7ed73a2d0a028cd2', 'master', 'master', '2020-09-10 21:13:21', NULL),
('2fe748c41e4df9ab9a8275aba9ad563c09d63904', 'master', 'master', '2021-01-13 21:27:21', NULL),
('2febc2c615293c866e4449672b19589bfbdadfd9', 'master', 'master', '2024-06-07 02:35:09', NULL),
('2ff19e74a53bc44b4980749e5c367f219efe949f', 'master', 'master', '2024-01-20 21:27:27', NULL),
('300ee5f0ceaa938964e5617080fffd080c082efa', 'master', 'master', '2024-07-19 19:11:19', NULL),
('30200cd2fd210638b0129ee14f95581afe67b647', 'master', 'master', '2021-03-10 16:11:31', NULL),
('30273659392ab4d4b8eb1298f171a6c74ebf8e03', 'master', 'master', '2020-08-30 16:43:57', NULL),
('3054bc840be10be9ddccd60d47709ea764234b3e', 'master', 'master', '2020-02-26 21:39:05', NULL),
('3083043beeb7449f20aae67f4ddefc4c010868b5', 'master', 'master', '2020-09-20 15:59:30', NULL),
('30fa5264cb4447cb7b35120f2eaad6820525465e', 'master', 'master', '2024-06-16 21:34:01', NULL),
('314fc7bded04c881d0026711b1826b4d571d1024', 'master', 'master', '2024-06-25 21:40:29', NULL),
('31b1c5bb41d1ee452c9a19e2f8d5639d642d9e61', 'master', 'master', '2021-10-27 21:47:20', NULL),
('31b1e11db2a9927d195f404361803cdf08b9057e', 'master', 'master', '2021-11-04 11:58:14', NULL),
('31b8547a8606a19df634a6f3c682f9fafa3161da', 'master', 'master', '2021-02-26 21:11:53', NULL),
('320b98aed75ede6d7fb0079e2f73a75c205f5673', 'master', 'master', '2024-05-08 02:15:09', NULL),
('3242a5b1770e287153b1536fceae89b77c7e7360', 'master', 'master', '2021-03-18 21:28:54', NULL),
('3250b297db55e062b5270c9f163f2d01535b7ebc', 'master', 'master', '2021-09-09 21:19:55', NULL),
('32c822262f21a220ea3e39fd3df4664a5765c864', 'master', 'master', '2024-07-06 00:56:13', NULL),
('32c9552831cc6ca1ed3fd0e7e2068e69983da870', 'master', 'master', '2021-07-29 21:16:18', NULL),
('32f429be593ed5d1a9cde1abed604e5cb98bef5c', 'master', 'master', '2020-09-09 21:33:42', NULL),
('32f813f70661452d927a99e21cc7415fc6086331', 'master', 'master', '2024-01-26 01:21:14', NULL),
('330739135996120cb83a4546eb08282854f9ff0f', 'master', 'master', '2024-08-10 21:39:17', NULL),
('33105da65bb636c72b494cdbee478dd954008d9c', 'master', 'master', '2024-05-05 21:36:55', NULL),
('334375516ed68c28e1956533e68081539d3776e8', 'master', 'master', '2021-06-08 21:12:56', NULL),
('334dc7c895a3a054a71ddd88f088f8e3dbca8e93', 'master', 'master', '2021-11-23 21:13:03', NULL),
('3376916d6cca0eefe50d2bfd45a0448e07380ba8', 'master', 'master', '2020-09-08 21:49:02', NULL),
('33a1505cd8adbed2faddce0b98de4ae3d3ef505e', 'master', 'master', '2024-05-29 02:08:48', NULL),
('341af0e4adf584d6d34697f95ed749a1f7e9b030', 'master', 'master', '2020-08-26 21:11:38', NULL),
('346e2acbe33c7442447669f7c1bf9fb518162391', 'master', 'master', '2024-08-07 02:15:18', NULL),
('347276230b9a6d58d154531e1bba07ca5e76d43a', 'master', 'master', '2021-02-27 16:09:14', NULL),
('34891d1abf6193d50ee8d3eb0f11bb81b175ef62', 'master', 'master', '2021-10-06 17:32:05', NULL),
('34a0c6add63f3c7c6d51c678f4b9b7790dc410df', 'master', 'master', '2021-03-10 14:41:18', NULL),
('34d590bbc6d47910f95f87162e6623e65b8863b2', 'master', 'master', '2021-09-29 12:33:12', NULL),
('355889e85dcd700a0e0f2c82ecf8f64f51b2ce22', 'master', 'master', '2020-09-29 21:00:01', NULL),
('359aa5a841ff080b956b0d615d8fa7abd455e2bd', 'master', 'master', '2021-01-29 21:14:01', NULL),
('361e1b398335dec19948c4dd96ac34dbe50d8a8f', 'master', 'master', '2021-03-19 21:24:35', NULL),
('366317bec9fa2d195b0f8ac612bb85670b626652', 'master', 'master', '2021-05-18 13:41:06', NULL),
('369916bb3e4e7464c8acf86c317de2850fafa18c', 'master', 'master', '2024-01-18 01:24:53', NULL),
('36c70656d429d2deef457e4bd505c6252ea315c1', 'master', 'master', '2021-05-14 15:37:59', NULL),
('36eaf55ef7bd0ec9790bb025ac9a071808af2536', 'master', 'master', '2021-06-02 21:35:02', NULL),
('36f5b65610e1b467774f9340bb69f58794b9950e', 'master', 'master', '2024-01-18 17:39:24', NULL),
('3761c71486f5d0acede4e6d0d36c0903a40d8700', 'master', 'master', '2021-02-24 11:06:15', NULL),
('37850c0749668e60a1098582fb7eb3fb5f3988fc', 'master', 'master', '2020-02-14 21:20:23', NULL),
('37c35127cda1acb4e6eb3f85bea600255b90510f', 'master', 'master', '2020-08-29 18:05:54', NULL),
('37e517f0b3944613b5c129ef3f67ec3deee8299c', 'master', 'master', '2021-08-14 16:22:45', NULL),
('37f3122a6d40721d43693d4c792c1741a9f5b1b0', 'master', 'master', '2021-05-22 16:34:47', NULL),
('3838fe8d63f0b621b7f9bff276894246f4dd9771', 'master', 'master', '2021-10-14 21:28:45', NULL),
('383b7695b656fbe8c553cf709950b779872c96af', 'master', 'master', '2021-01-03 16:50:04', NULL),
('38a9c44c5442e549e4506d83c3861f63b0b9743c', 'master', 'master', '2024-01-19 00:44:17', NULL),
('38cab3f60b68b1cf64f3811929c9fd7a71acc96d', 'master', 'master', '2020-02-15 18:01:13', NULL),
('38ec1ac465542792477e7e06bf88b5fed17115c4', 'master', 'master', '2024-06-13 21:27:56', NULL),
('3975531ae74a820d52a8f3419adf1fc70f62d28f', 'master', 'master', '2021-01-28 21:39:25', NULL),
('398364974f64e378dd22a681cff20aaf30833608', 'master', 'master', '2020-08-27 21:11:31', NULL),
('39c45c8da8c540ebf7a9ab64c164097b205a27cc', 'master', 'master', '2021-05-30 11:00:03', NULL),
('39f43aa64d2532d70f6e96e3b5bd78e31f6f9052', 'master', 'master', '2021-07-03 16:37:44', NULL),
('3a1de9453f2cb7e37f21f4aecf3f01ef808534f4', 'master', 'master', '2021-02-17 21:07:50', NULL),
('3a297ddd97ae26f2eb9e04e2d5bf118c1f77cae7', 'master', 'master', '2021-11-11 13:52:17', NULL),
('3a2ca426d4d5c06c359b5fb49100ccae5afad258', 'master', 'master', '2024-07-09 21:46:08', NULL),
('3a545abdb96ca9c53967ffea4fbaa9336ff92828', 'master', 'master', '2021-08-24 21:15:58', NULL),
('3a7827d3aee8e6d4e0ef71593d752b60a511c853', 'master', 'master', '2024-06-27 01:57:34', NULL),
('3ae4ff9e43339dec7b751486904cc95866238bd3', 'master', 'master', '2021-07-23 16:38:36', NULL),
('3af38e0aeba7286ca8074eff575d89836cb979d9', 'master', 'master', '2020-02-12 21:13:06', NULL),
('3b36cd4971d3ff94976bd96ad8491f4da7d48d87', 'master', 'master', '2021-07-16 17:33:23', NULL),
('3b83fc1f02a2cd0083a7b5fe6f3f74a2f68ef62a', 'master', 'master', '2024-06-01 22:31:51', NULL),
('3bb3882e373704ee4c162e9d542a77ac4b179cdf', 'master', 'master', '2024-06-05 02:09:07', NULL),
('3bb866908e941bee18da280a9d1cff3437737bb2', 'master', 'master', '2021-06-01 21:23:38', NULL),
('3c2325a7d71ba01cf94d2039970077658fb1781d', 'master', 'master', '2024-06-29 22:40:57', NULL),
('3c25906e783901218a5e0d675dc6db9e65705c04', 'master', 'master', '2024-06-16 21:18:05', NULL),
('3c5cc1d9d86428ac0510cf051d6d9b3c7ad65884', 'master', 'master', '2021-08-08 13:18:04', NULL),
('3c6f46df628673e87a886da1d2a48155099097dc', 'master', 'master', '2021-02-12 20:58:18', NULL),
('3c7d190a6f2d1fd5b9cc0f3a2322148efc802077', 'master', 'master', '2021-08-01 16:47:39', NULL),
('3c84b9411d4fffd14661bef272d6658c2ec8f4fa', 'master', 'master', '2021-06-19 16:39:23', NULL),
('3ce9c456bfeb4e6515d76cc4f3dc1b7f2f194b94', 'master', 'master', '2021-06-10 20:28:07', NULL),
('3d1331fb0c875735b4db875f48a679747252f226', 'master', 'master', '2021-08-11 21:13:31', NULL),
('3d31a26edfe97827ff21c2b72512193c5b6c6982', 'master', 'master', '2021-03-14 16:36:44', NULL),
('3d9cb14cce948a14fbefb91790c66eade8d3d818', 'master', 'master', '2024-06-13 02:38:21', NULL),
('3d9ebef20878a0f9a75bd8137f86e741ad42078b', 'master', 'master', '2020-08-25 21:30:36', NULL),
('3ddf2e307c7af3e287cdc976fb0e3909378d7fe2', 'master', 'master', '2020-03-20 21:01:40', NULL),
('3e150ab39c18e17e502b42118496235bbde2709b', 'master', 'master', '2021-02-26 12:33:36', NULL),
('3e4eb5631889fa7175617e8bf97a1a3a6cacdbc8', 'master', 'master', '2021-02-19 14:14:11', NULL),
('3e595b4ca531daf8c2af3553d942407829bbbb6f', 'master', 'master', '2021-09-03 21:10:37', NULL),
('3e681c78d025969344e6afdeb273af845e67bdfd', 'master', 'master', '2020-04-01 21:13:00', NULL),
('3e94c8e49bace196c371f3085d3c8a518b4d2194', 'master', 'master', '2021-05-16 16:42:36', NULL),
('3ec5bc3862ae2b9e68c2a41e7ed5381195ee57be', 'master', 'master', '2024-06-21 02:06:38', NULL),
('3ecf1301ecaaaa2dab33228444c15ef220768d66', 'master', 'master', '2024-05-11 02:39:14', NULL),
('3f63cba9089c6271037857dc769ea28969bdeb9e', 'master', 'master', '2020-03-04 21:21:19', NULL),
('3f84407336493bf4138ba05fee18c65ebc87bc8b', 'master', 'master', '2021-02-25 21:49:34', NULL),
('3f94b8fafd423c76fddc40fa1bcd12855a610839', 'master', 'master', '2024-08-14 23:59:58', NULL),
('3fb0e97afef2ed20bc088467f53c38ea5d4084f3', 'master', 'master', '2024-06-09 21:31:21', NULL),
('3fcc04dff40a610b2d27ee127eafd08be425451c', 'master', 'master', '2021-10-28 21:21:19', NULL),
('40388989b711deac8115e6a8434ca30fb5ab7086', 'master', 'master', '2020-02-22 19:31:40', NULL),
('40541454cc8f996aad66e6aee210ef46f9d0e74e', 'master', 'master', '2020-08-27 14:07:36', NULL),
('405fbddf63457f4863291ed071f1e3b6f724e5ee', 'master', 'master', '2024-07-28 21:04:48', NULL),
('4075c779c8dd3a5ce13f7c89bd6af30873e8620d', 'master', 'master', '2024-07-11 02:04:09', NULL),
('40972a2896badf6957cea4493f4f762b92bd6c3d', 'master', 'master', '2020-03-28 17:29:19', NULL),
('4114f92aef377f2ccbf2c6178aab694422ddc50b', 'master', 'master', '2024-07-19 02:41:39', NULL),
('413e19320c427af2c9756df63d44fc40006a466b', 'master', 'master', '2024-07-10 02:16:26', NULL),
('417830e7c49ecd84c99361d60c28744b348d6d5e', 'master', 'master', '2024-07-27 02:08:00', NULL),
('417ca14bab3ed47dd8b3f71e08b7693584bd7fce', 'master', 'master', '2021-02-18 17:28:29', NULL),
('4183d4ca95f2707ea3be358718987fcfd69bb45f', 'master', 'master', '2024-05-30 02:05:46', NULL),
('41e9b11a6ea0266e420d18192d3d33d2652c9973', 'master', 'master', '2024-08-01 02:29:39', NULL),
('421f8f9c3c97102d8b50302ebbc4f9f1f749cb3b', 'master', 'master', '2021-03-14 11:02:35', NULL),
('4287a0c5eb7518ab42cb36245ae957c3ecabc37f', 'master', 'master', '2021-10-17 16:35:52', NULL),
('42a079beb9d88a9ca291f7e01f8ed91289cde270', 'master', 'master', '2021-08-22 16:04:05', NULL),
('4362f1e8d30d612e2962bccc5d2c1001609dc759', 'master', 'master', '2021-06-11 21:14:27', NULL),
('43e1fbcb71de9f9c6634e0aaf0037072ae502d7e', 'master', 'master', '2021-02-12 11:18:00', NULL),
('442e9e3f7597eb6f54febf6e17daff8363bf1009', 'master', 'master', '2024-05-22 02:50:05', NULL),
('4459d549a29aa1f8da99d00fc5e68fd8baac68d5', 'master', 'master', '2021-03-13 13:47:11', NULL),
('44c1d23169a6cb1f6d150c256297669add1df82a', 'master', 'master', '2021-02-18 16:15:03', NULL),
('44fce5f8d1b61a381e0631fb5f7102c3cf632abc', 'master', 'master', '2021-09-02 21:16:59', NULL),
('45443bf27f23e7bef9296bf1dfa1333fde568b3e', 'master', 'master', '2024-06-22 22:29:33', NULL),
('45b3d451cc78a09be7b5f9db45657d0500f69ddb', 'master', 'master', '2021-09-24 21:26:27', NULL),
('45bc2763937cd34d4a840127aaf62697c8c52695', 'master', 'master', '2024-06-20 02:35:03', NULL),
('45f1d2cbbb32290bb1b6dd144b13c3337323e47f', 'master', 'master', '2021-01-29 11:55:39', NULL),
('45f66ea228ee4acf9b927d8d205df986d98c84d1', 'master', 'master', '2020-09-01 18:59:22', NULL),
('465c8b280d84a779a9dc6f44e53f1e12174c91ae', 'master', 'master', '2021-10-28 21:32:56', NULL),
('46c805e75948595b6f05e49fed43dd5757252478', 'master', 'master', '2021-01-27 21:21:19', NULL),
('46e9eca55144817068f87c799d587139bbd9b1be', 'master', 'master', '2021-08-13 21:37:58', NULL),
('4733d2a9294e6c3dc69236a98412b662fc46bddd', 'master', 'master', '2024-07-23 21:35:24', NULL),
('47466a6be373e09c608b3ad7b8c25d20fed5e3c5', 'master', 'master', '2021-08-25 21:48:24', NULL),
('477fbcb4631fbe58c981a36840edc2b617d6e7e9', 'master', 'master', '2021-03-11 18:50:00', NULL),
('47b3b182e39f3d3136d480a2265d12f5472a657b', 'master', 'master', '2020-03-13 17:28:57', NULL),
('4880ca4bc564d2625e46e7f1c63b5ca44a316e77', 'master', 'master', '2021-10-08 20:56:02', NULL),
('48a385140050a1fce2201e7bd891cffc65de8dc2', 'master', 'master', '2020-02-19 21:14:58', NULL),
('48aaa3edfefc6db751b25ca716cf3c90a64c9ae6', 'master', 'master', '2020-02-23 18:24:40', NULL),
('48ae6633b589d9f792a7b2133cde2deb7d7a9da0', 'master', 'master', '2024-07-20 22:32:24', NULL),
('4983d021bac406da1a2fc1c8df370cb4a6a913ff', 'master', 'master', '2024-05-15 02:11:00', NULL),
('4988415a181839f9455feea054b3a9d7aed069db', 'master', 'master', '2020-03-06 21:54:37', NULL),
('49ae4e1b4723de02718e924e146d16a787b7b85b', 'master', 'master', '2021-07-14 21:19:36', NULL),
('4ad360512cb470cccdacd5f3bd4f8749c5439bd4', 'master', 'master', '2021-05-29 16:31:51', NULL),
('4af5666714031819e8cb62ecd7165d866e7ae627', 'master', 'master', '2021-02-24 21:21:00', NULL),
('4b0d4de8700511fa5a76f0d3c6b076e7e9f5921a', 'master', 'master', '2020-09-30 21:34:05', NULL),
('4b50fa89a5d0b97ac1d298eef4bd40ccf7e4074a', 'master', 'master', '2021-01-20 21:33:26', NULL),
('4b6b829acdb154fd1b9e0f2f274f70c338519bda', 'master', 'master', '2020-09-11 21:48:21', NULL),
('4bbd7046980059b7bafa82aea31372223fc289cb', 'master', 'master', '2021-09-30 21:18:27', NULL),
('4bbf8dc1ab04454a48bd185a75f5322ce9fe68e8', 'master', 'master', '2021-10-20 18:37:55', NULL),
('4c63203b7fe00a2ca3b21b41fed676e25490c1ca', 'master', 'master', '2021-09-29 21:15:40', NULL),
('4c82f6dccc70eea1590826bf4c5d7636a410ff65', 'master', 'master', '2020-02-21 14:11:18', NULL),
('4ca7ca03d0ad682f515c682da4c1e61bad6a63fa', 'master', 'master', '2021-06-10 21:13:26', NULL),
('4ccf2f91da1f0d122ae2b07732d14b62cafdb058', 'master', 'master', '2024-05-23 02:13:58', NULL),
('4cf1be16e37e788ebc2cf249f90fbbb3dfb9d5b8', 'master', 'master', '2021-01-05 19:11:10', NULL),
('4d140ca697f327d819abf464bfe7f0b39d757842', 'master', 'master', '2020-09-06 16:17:33', NULL),
('4d2f6287ce1f05df1347f3c0fd368bef9e33dfa8', 'master', 'master', '2024-08-07 02:01:35', NULL),
('4d7b8d4761f3af98d8584ea96203704a05984913', 'master', 'master', '2021-10-02 17:22:08', NULL),
('4d7f0d293c8d722028ff1f1866425ddf788278b1', 'master', 'master', '2020-10-09 15:37:52', NULL),
('4da554e1ed7c9ba2362bffbe6e8ff8f42908da6f', 'master', 'master', '2024-07-14 16:17:18', NULL),
('4dbed8de903d3d4aaf83e4af86b92263d89eb785', 'master', 'master', '2024-06-13 21:16:25', NULL),
('4dd411de0ea840f3e1affedd302a6a3585185db3', 'master', 'master', '2020-10-11 17:27:01', NULL),
('4df0bec1f276902748de240fad2730fee4ada3e9', 'master', 'master', '2021-09-24 13:22:14', NULL),
('4e2ce66a5ae4bcafc2a8529219a4b5927b4775ed', 'master', 'master', '2020-12-31 21:50:41', NULL),
('4e46d5140e818e3ae7d3bb1a642bbc5a3fb60332', 'master', 'master', '2020-02-06 01:37:13', NULL),
('4e900beb2ca8a4f89975b5903a2d60ae45398c03', 'master', 'master', '2024-06-21 02:09:33', NULL),
('4e9e2ee7b3f0a758b3c8b3046f4761b64a341074', 'master', 'master', '2024-07-30 16:11:22', NULL),
('4eb0c03d2e205efaf8f55da4b93184caa9a036df', 'master', 'master', '2020-09-24 11:12:27', NULL),
('4eb499c8270dfea0795dc97be2cd99b1de0be049', 'master', 'master', '2021-02-07 16:31:45', NULL),
('4f14ddb2d92d6abbc3c8ecdc637cbab67527e574', 'master', 'master', '2021-11-13 17:45:58', NULL),
('4f50fada44835486daab19d562f0296a5bf9ed0c', 'master', 'master', '2021-07-18 11:01:25', NULL),
('4f584a77e5e418c25c5f4fc2a957536afa3d9de3', 'master', 'master', '2021-02-28 16:51:47', NULL),
('4fa2baac67328b9b26fc4622538474ea74322e9e', 'master', 'master', '2020-10-01 21:09:43', NULL),
('4fb4bd935a61f3b1f6abcf858765853509ea2dbe', 'master', 'master', '2021-05-09 16:46:18', NULL),
('4fdeb825e1c3fff177ea6797b1fa2a2f3b46b234', 'master', 'master', '2021-08-26 21:20:27', NULL),
('500893c7e29e9edb681c6e60c41cc3c9d7a15673', 'master', 'master', '2024-05-31 02:10:15', NULL),
('500cee6d5f46a2a022e3b671456d4ad8e85d487c', 'master', 'master', '2024-05-24 02:17:01', NULL),
('50483118f060173e2b0d6c85495ec94eac42777e', 'master', 'master', '2021-01-05 20:39:15', NULL),
('5070b27c989e5eed89c97371a077b8943d93093b', 'master', 'master', '2021-02-10 22:02:13', NULL),
('507420791d70bcacf0f1d7494e82a3248d62a176', 'master', 'master', '2020-03-13 21:39:32', NULL),
('5077ecfc042ec5f5fd5466131a3f1b6a1611b8bd', 'master', 'master', '2021-10-08 21:35:01', NULL),
('50b05245b86dc621af349380039e3c22fadd6d18', 'master', 'master', '2020-09-20 17:09:45', NULL),
('50ee73e69d9f27dc7ccc0a443e60384747c23bc4', 'master', 'master', '2021-06-03 21:33:53', NULL),
('50fda6633235ff2dcad0557f50264b8116a64388', 'master', 'master', '2024-07-27 22:22:49', NULL),
('5119dc51ee47025e261245675dfd5c389d3b32fc', 'master', 'master', '2024-01-26 01:42:46', NULL),
('5121db7b91cd3b02c54c4fc89b45c83a7c39e866', 'master', 'master', '2021-05-13 19:49:41', NULL),
('5187c48f123ead4b1c79b502f43e0921b5619c97', 'master', 'master', '2020-09-04 21:48:55', NULL),
('521902a13f00ba1e42c1a814418af1769cd9be3f', 'master', 'master', '2021-02-15 19:38:05', NULL),
('522f68357575e475b5eb7a5f3a60faf7cf84efe6', 'master', 'master', '2020-10-01 21:28:38', NULL),
('52446b4cbd1a3f2df79233b8ad2a12a57abb0461', 'master', 'master', '2021-11-16 16:41:21', NULL),
('5255c53dc09750c4fe33ff37ac2f4b4125786520', 'master', 'master', '2024-08-10 02:38:56', NULL),
('5273e9766dc342bab363d6301de0edd2fd376cf5', 'master', 'master', '2020-09-16 21:12:12', NULL),
('528bb8e1c9945a6d858f0774fd066cbed2a389aa', 'master', 'master', '2020-02-22 19:23:16', NULL),
('52e3c0b64b71f1ff8825b0046201f692ee3f22c6', 'master', 'master', '2024-06-15 21:59:26', NULL),
('52edc63720dc7f46379e2e15aaf02f6758f85029', 'master', 'master', '2024-06-19 02:10:05', NULL),
('530cc24e15ad0d14a3eadf95956178a78c97ca1c', 'master', 'master', '2021-06-03 18:59:53', NULL),
('5350d140483afc5c5e52e83f779b3ba944c9531e', 'master', 'master', '2021-06-23 11:59:39', NULL),
('538e7f9ee2b3eb81c0bbe09647a327f92bd98324', 'master', 'master', '2024-05-11 02:38:42', NULL),
('53a6bb1da0c9a9446d36761a82f9d6b1face8e12', 'master', 'master', '2020-10-02 21:20:50', NULL),
('53c5cf2498289c4753505b45d4b38d1f437adf0b', 'master', 'master', '2020-10-01 11:03:22', NULL),
('54065479e8221371d236f37d9bb5bf4e0a949422', 'master', 'master', '2021-11-24 13:02:10', NULL),
('542f6fd51526ccb84ec3faf25bbe022717653fd2', 'master', 'master', '2024-06-27 02:21:12', NULL),
('543b50c2fca118cd63a1d8f1de191fcb143bb188', 'master', 'master', '2021-08-20 21:18:39', NULL),
('543cfdc5107295657734065fd4adb17acea1e728', 'master', 'master', '2021-06-06 16:37:07', NULL),
('5446b8079061c639539817c39e134f10afc44169', 'master', 'master', '2021-03-11 20:28:19', NULL),
('5460b10e787d6f657ef03405764d57e40b260001', 'master', 'master', '2024-07-13 02:24:08', NULL),
('54f0aff418d0ae60c71245bdc0500e97570983ad', 'master', 'master', '2024-07-26 02:01:38', NULL),
('54f23d6730a385bda6dcf425ae6424c6d8ae4183', 'master', 'master', '2024-07-04 02:22:03', NULL),
('5596c54aa0b04b3ddbdae9e2b32f0952a8a80a64', 'master', 'master', '2024-07-25 02:25:42', NULL),
('564eb112041c65a1bc181e98f23a8951ce0d722c', 'master', 'master', '2020-03-09 18:17:26', NULL),
('565c2d157f52781dd6c4fc86da19f47802740d5e', 'master', 'master', '2024-07-30 21:43:39', NULL),
('56639afb53b6b0108a9f6faee2a5b23b313c1c0c', 'master', 'master', '2024-06-25 21:26:51', NULL),
('5687a731d80fa310e48c7ac4ecfd98b2cde2995b', 'master', 'master', '2024-06-08 22:21:26', NULL),
('56cd58858421a2b7d61501b90e552f6f0886d4e3', 'master', 'master', '2020-03-27 11:24:21', NULL),
('56d379a4d958400e34433fe5cbed9ed04ce89e68', 'master', 'master', '2024-08-02 02:33:05', NULL),
('56e5bf11cb2d0252c6be4770b74afabeaa692091', 'master', 'master', '2021-02-16 21:51:00', NULL),
('56f2a55591d3283cf05e75844121f7e2abe8bc0e', 'master', 'master', '2021-08-15 16:36:48', NULL),
('5709b4d216fcdf262f2260306418054e03ba9207', 'master', 'master', '2021-01-12 21:16:34', NULL),
('571c0d323ccbebe763a5fd4b05d37bb972a5e1bc', 'master', 'master', '2024-07-07 21:28:45', NULL),
('57ce68c6328335a8e87df53a4afcbe1a4fa4f610', 'master', 'master', '2021-07-01 21:24:47', NULL),
('582902be5046222fd9892a9e05012f41ea6ab9bc', 'master', 'master', '2021-06-15 21:19:49', NULL),
('582d3b90021e293380418f2ebcc83bda748b492d', 'master', 'master', '2024-06-02 21:34:16', NULL),
('58acbe08bd5e782a5794e9b8f2e0798c6f1ffb01', 'master', 'master', '2020-12-30 21:26:23', NULL),
('58ca68b3a72c674a9ea0d97c54d09aa1ad750817', 'master', 'master', '2021-06-03 20:00:43', NULL),
('58e101f4a90b9d14256e3da404bd1d3b0cbd2ecd', 'master', 'master', '2021-03-03 18:54:55', NULL),
('58e413c1654c70c02c0d3acaf08d09948792d174', 'master', 'master', '2024-05-12 21:35:08', NULL),
('599d1dc02492b878ea0aeeb8f87b7f22853fd201', 'master', 'master', '2024-06-15 22:30:52', NULL),
('59a7a7d1e77dbeadad2268f264d6b4a50a89a8b3', 'master', 'master', '2020-03-27 21:50:44', NULL),
('59a9d42af56f2cae85f2482792013beef58d85c6', 'master', 'master', '2021-10-20 21:37:31', NULL),
('5a05881a79931a2224234ba29e0263e35d92f1d2', 'master', 'master', '2024-07-18 21:07:43', NULL),
('5a459246a4386af03fe8b42a9a26e137254e14df', 'master', 'master', '2021-06-30 21:30:02', NULL),
('5a8b939e0f0436ffa250a28c9ec9c72be6f05786', 'master', 'master', '2021-06-30 17:20:10', NULL),
('5a90bcfa483d7d8e559823fbfcd1da22f9b11d81', 'master', 'master', '2024-01-23 20:17:13', NULL),
('5ab84cb88528ff69d1d915bae169141ee4c114df', 'master', 'master', '2021-11-05 21:40:23', NULL),
('5afb8bf8ae5b1990efe1580ff40cc315abeeb3f3', 'master', 'master', '2021-03-07 16:29:32', NULL),
('5b3357c828475ca8134798380e26bc54cca577fb', 'master', 'master', '2020-02-12 22:07:12', NULL),
('5b66a0883d02bc67c21e76fbb9aa66fd72b7fc5c', 'master', 'master', '2021-05-25 16:45:01', NULL),
('5bc8eb4a68961406a1243c3697a5a567b9cb7e21', 'master', 'master', '2024-07-26 02:05:03', NULL),
('5c10649c50ccd8279a648fa734b66b01e46be81a', 'master', 'master', '2024-08-03 22:49:43', NULL),
('5c72c0ed76f8ca894523840d7321d4ee730758a3', 'master', 'master', '2024-08-11 20:30:13', NULL),
('5cdfd4777686e10abd1d175b50c63d2f46207aad', 'master', 'master', '2024-07-04 21:57:50', NULL),
('5ce52a6fddc6c479e32c0a28c891cfbebb7ee78d', 'master', 'master', '2020-08-30 16:37:44', NULL),
('5cf7011dc2e7b74b607ad1b3753607cb9164f325', 'master', 'master', '2021-10-19 21:07:58', NULL),
('5db4b79fc2c8429723786046cfa1e1984dac4864', 'master', 'master', '2021-08-21 16:34:39', NULL),
('5dc373aae518d60b2a2b0381b70829458391a3b0', 'master', 'master', '2020-03-09 17:29:37', NULL),
('5dd0bc9186204202baff2ddcce76b7583b626f37', 'master', 'master', '2020-09-20 11:03:49', NULL),
('5dd50998a4176ffda6578a4349d1119bd82a884c', 'master', 'master', '2021-07-20 18:28:47', NULL),
('5e51a67d83493c47b365d3c1e9c16d575fc5be52', 'master', 'master', '2021-09-26 16:04:57', NULL),
('5e5c30b6745a7cee0dae35a745c0111d725fe90b', 'master', 'master', '2024-05-15 21:34:58', NULL),
('5e7bda7f0d59c2f5c17dd88ec755d6f4f2ec7372', 'master', 'master', '2024-06-05 02:36:16', NULL),
('5e9cd46b4b1d3781e2912c14d7d7b2321fcacb48', 'master', 'master', '2020-02-20 21:22:49', NULL),
('5ebd0b5bab70098845910a871e0c02ce0ec1920c', 'master', 'master', '2021-06-29 20:08:58', NULL),
('5eec4a94dd0ee7b6445e71bd2babdd6cc22a4016', 'master', 'master', '2020-03-14 19:33:41', NULL),
('5ef96de6dacfb34c36b9edd3d0ae4690f07dd19b', 'master', 'master', '2024-07-06 22:26:51', NULL),
('5f0a993fe8908f399b8dd5ff6bb8e427fdcfd72a', 'master', 'master', '2020-10-03 17:06:11', NULL),
('5f895edfb30037d648ec317e9f2c00730c37fec7', 'master', 'master', '2021-07-21 17:32:49', NULL),
('5f8c2350e42703207ddb2166b19771d9eb196dbf', 'master', 'master', '2021-08-07 16:16:24', NULL),
('5f9db4ac737bfe3924814c7577fa88f8b701e5c9', 'master', 'master', '2020-09-15 21:14:55', NULL),
('60254106d6278e73e3d383e08631a6f0c1d3f405', 'master', 'master', '2021-02-02 12:33:19', NULL),
('605130c94a268b0a5f22e59097b3be21ccd956de', 'master', 'master', '2024-07-19 02:37:01', NULL),
('6082ab946f3d5c780744bc4485d0b1cada566ecf', 'master', 'master', '2024-08-08 02:06:17', NULL),
('60ac76c3a82944bd8d0e8078ec1e23c05f6211b9', 'master', 'master', '2021-10-24 16:20:20', NULL),
('60f4b4eb6c8a3a3e36be401d03e84e5d295d0183', 'master', 'master', '2021-01-01 21:36:59', NULL),
('612320d48f13019c0fcf94f6bcb2337a4f4a6735', 'master', 'master', '2021-01-26 21:19:02', NULL),
('61de61d521bf1fbdc19a653802b5c0c5386a9450', 'master', 'master', '2024-05-22 02:17:22', NULL),
('61f71d7391d770521404b1a1595fff0133755fe5', 'master', 'master', '2021-01-19 21:17:11', NULL),
('623f2172d3bed9e3d81147ab03dd192ba0578147', 'master', 'master', '2021-10-15 11:59:39', NULL),
('626319ac9831a901c7e6caa7397a8ce2235d1fad', 'master', 'master', '2021-02-18 12:33:37', NULL),
('62664d6670e88a3a66a06e70c66bfd04a842b39f', 'master', 'master', '2020-10-06 21:25:38', NULL),
('6268a714b6794885651f86ecc8164fc2dcbd102e', 'master', 'master', '2020-02-28 21:14:10', NULL),
('626ac9ae640a953919f44b957260fff42903b979', 'master', 'master', '2024-01-20 20:59:24', NULL),
('626bc39d7ad9208a13a8e9142d044c882d6d39de', 'master', 'master', '2021-06-16 21:15:05', NULL),
('6278d74c731038bcc5a5250f702985425a798f61', 'master', 'master', '2024-01-18 19:32:20', NULL),
('62b76b561a0e5037ae5eb13f6dbcca874d76b609', 'master', 'master', '2024-08-10 22:31:12', NULL),
('633bfc3adf9b4d7b9f032a44794fa555d017406f', 'master', 'master', '2021-02-04 11:07:11', NULL),
('636f08d50296e6a88301ea170f67b23caa963529', 'master', 'master', '2024-05-09 20:58:16', NULL),
('637be580d1eca31381727fe4baa03294a9977331', 'master', 'master', '2021-06-15 15:42:13', NULL),
('63cbe8176207ed37768bf6a2c2a7904c26ce0271', 'master', 'master', '2024-08-09 21:29:11', NULL),
('63df1ccfd2cb1093f9e468af50ec752b6729f206', 'master', 'master', '2024-01-25 20:27:35', NULL),
('64799a169a1c7ca6119b8633e190a8dc3c52a6aa', 'master', 'master', '2021-08-12 21:32:27', NULL),
('64aa695e74daa5c18352d7cac8a262e2b0bfe59f', 'master', 'master', '2021-02-25 21:25:39', NULL),
('64c4e476e619cd1733d17c1dad68216ea648e2d3', 'master', 'master', '2020-09-04 21:23:39', NULL),
('64db5d245310ff319886930aa4a4fab53f41bf20', 'master', 'master', '2021-07-07 21:40:57', NULL),
('64f8f428a9eb3ee86944edc49a624e63942cb937', 'master', 'master', '2024-06-11 16:01:38', NULL),
('655ea33b5a2a21d430fdc9bf74334723c7ac4203', 'master', 'master', '2020-10-13 11:07:08', NULL),
('6576710ca0080734b7c7b5ccd65ca93016e72715', 'master', 'master', '2024-05-15 20:54:40', NULL),
('660b8514ce302ddeb482516ff71365d59399c112', 'master', 'master', '2021-07-21 19:26:22', NULL),
('6659658c281e9ecf62b4ec50731a4f8bfcafd350', 'master', 'master', '2021-08-18 21:42:26', NULL);
INSERT INTO `oauth_refresh_tokens` (`refresh_token`, `client_id`, `user_id`, `expires`, `scope`) VALUES
('665de6da9aecb7f42490cfed0eeb3e56c438a066', 'master', 'master', '2020-09-08 15:58:36', NULL),
('667900b815b704a3dfbab94beb96cf38d1a20a87', 'master', 'master', '2024-06-12 23:08:41', NULL),
('6679deb5260b50a248fcfaed37785a422ce4149f', 'master', 'master', '2021-07-13 20:35:02', NULL),
('66a121e0f782162b0e62b060b7604272f37a6e61', 'master', 'master', '2020-03-07 18:33:53', NULL),
('66de8430006c3c73739f2db4d723d59a92de9b44', 'master', 'master', '2020-08-27 21:34:07', NULL),
('66dfd8c087a889fa19081025d846d7053331369b', 'master', 'master', '2021-02-10 21:47:26', NULL),
('66e0730143cb073912464f87c284ea57f9c8e12f', 'master', 'master', '2024-07-14 16:24:37', NULL),
('670e43d20b066d76dcd4be265d04150d897f0958', 'master', 'master', '2024-06-02 21:38:35', NULL),
('675c252f348ac8b332a29ae133beb9ba762b8965', 'master', 'master', '2021-07-31 16:33:23', NULL),
('676fbb568102b75ab20f7afaa33c5a173aa9c70b', 'master', 'master', '2020-10-09 21:25:26', NULL),
('67c237e4c6707366ed89fb4835a730a756181979', 'master', 'master', '2020-03-18 21:39:37', NULL),
('67c52918e27c4cbb02114d12ca2ada8904d41a8a', 'master', 'master', '2021-09-18 16:34:43', NULL),
('67dd3c8aebc57112176f94364c162998ac5d79e7', 'master', 'master', '2024-06-13 21:38:56', NULL),
('681bd8d9f62f9f3950c38249705c1b3e4bad26aa', 'master', 'master', '2021-07-28 19:24:14', NULL),
('683419d5d9f078c2a43bf2b3c6c5c90a0632a274', 'master', 'master', '2020-09-01 21:00:25', NULL),
('683dba497762da803a48240b84f410fcd2f56cd1', 'master', 'master', '2024-07-28 21:43:09', NULL),
('68699c44ee69393c61bbfb15cd8ad5385e29ea4e', 'master', 'master', '2021-10-28 12:04:33', NULL),
('689d3602c5afc15617bf5d4536d195109eb82dc3', 'master', 'master', '2021-07-06 21:33:46', NULL),
('68ba2623b562dfcf95c6a4f5507a3d4e7851182c', 'master', 'master', '2021-11-10 21:32:46', NULL),
('68e3f3f33f6ca0f5a61c351ff8f359b103172ef0', 'master', 'master', '2024-05-26 21:34:30', NULL),
('6912fb0413d0ca52bb1d5365395c1714ddbb75fc', 'master', 'master', '2021-02-17 11:45:07', NULL),
('696fc0342936b6a14381e6304c950b82fbf489b1', 'master', 'master', '2021-02-09 12:59:46', NULL),
('699c16e8750c2867c04fdffba62a898daf216b35', 'master', 'master', '2021-08-28 16:26:55', NULL),
('69fec8db74dc0c5af67695d309034789b5862c38', 'master', 'master', '2024-07-03 02:13:25', NULL),
('6a0249b93cc843b8c1d06c7d53e5fa7567c07108', 'master', 'master', '2024-05-29 02:04:24', NULL),
('6a5d67f70ba344dc5f0e33ab5fbf0e98f3776e75', 'master', 'master', '2021-11-18 21:15:44', NULL),
('6a5e410ff95f766c86567cf9af0de33c151a925c', 'master', 'master', '2021-07-04 16:34:34', NULL),
('6a5fcc829d9783d7776c373b7dd456fa1de55b2b', 'master', 'master', '2024-06-01 01:12:03', NULL),
('6a6cb8ccb5a9854453589ce97c1ff49255c0a56c', 'master', 'master', '2021-02-06 16:48:42', NULL),
('6ae5ceeeb19fd08a7ad1c4db44d571c65add8c45', 'master', 'master', '2021-02-04 21:33:44', NULL),
('6b2f65402546f57877bba9d5d1e61151c0b0856e', 'master', 'master', '2020-09-02 21:24:59', NULL),
('6b3eecf3865a130410eca1db485caae2c0b772d6', 'master', 'master', '2021-03-11 21:40:34', NULL),
('6b632328b4777bee4aa7648d5d27031d9f0c2473', 'master', 'master', '2024-08-02 01:59:46', NULL),
('6b967eaea669e7a558202529c0bd786eeaff1bfe', 'master', 'master', '2021-11-19 21:16:08', NULL),
('6bd9177e3f68336d690d12ab22704f8afb440ce3', 'master', 'master', '2021-11-20 17:25:15', NULL),
('6c4bffa65adf3d792c54be0330ea45f0c13507f0', 'master', 'master', '2024-07-27 22:23:49', NULL),
('6c52c66526f77ffe8f567d54f194db679a03116f', 'master', 'master', '2021-05-21 17:34:59', NULL),
('6c52ecd1604f3f0a78b5ce3057a0141c6e01fefc', 'master', 'master', '2024-07-06 22:27:53', NULL),
('6c7f373a6bf3912e52eb2d54eda14968e38f705a', 'master', 'master', '2021-06-09 21:36:16', NULL),
('6c949bb654202c76a56472184eb99aa4c2c11876', 'master', 'master', '2021-03-19 11:54:36', NULL),
('6cb65025b6fba48c4adf9079b32c5efdb7b1e611', 'master', 'master', '2024-07-11 02:47:02', NULL),
('6d05e658aa27e22fe77ea3516d58eabb3f27a43c', 'master', 'master', '2021-02-07 15:08:39', NULL),
('6d3be471b514c6f699113399124fb07d5a3711c1', 'master', 'master', '2021-09-09 21:16:23', NULL),
('6dcf989eebc412e9e88c05b147e73aa8027ee4a8', 'master', 'master', '2024-01-21 19:35:00', NULL),
('6de8161165c6ec98aa052fb7f6f403538f8b1dfd', 'master', 'master', '2021-07-08 21:13:47', NULL),
('6e4b36e855e1934b3f98e77df0d21515ce095fe1', 'master', 'master', '2021-01-21 21:30:32', NULL),
('6e6cafb52f39ffffc2353e85d368bfc4b7bb7fa6', 'master', 'master', '2024-08-09 01:17:52', NULL),
('6efbc0b54ba6d95b7848b51fa09efbccf7c318b0', 'master', 'master', '2021-10-15 14:06:28', NULL),
('6f193d87614db5831488236aba7420cc88d36e46', 'master', 'master', '2021-08-07 16:31:39', NULL),
('6f8c00539e540680d0689a3f4899dc20cc7fc21c', 'master', 'master', '2021-08-10 21:07:42', NULL),
('6fcac473a1c72e60e8346a36ddb3cdc17d6f478d', 'master', 'master', '2021-11-10 11:58:49', NULL),
('70028ec3812f039682a2e1aa35c1cdff8fe8aafe', 'master', 'master', '2020-12-30 17:16:24', NULL),
('701e41826ca0ab1c8a099aba48a7ede760d4ecd6', 'master', 'master', '2021-07-22 15:10:49', NULL),
('70717a0da95a1f486d736f2b23e55d193682f879', 'master', 'master', '2024-06-07 02:12:46', NULL),
('70a5ccac78bef564d0cba6f9342e720b6b45ff89', 'master', 'master', '2020-09-16 21:27:22', NULL),
('70aae8616c3a89ed5f7d9eb02e1c7fe89348e7eb', 'master', 'master', '2024-05-11 22:33:35', NULL),
('70c963825e414e552df70125d63454347886e6a7', 'master', 'master', '2021-07-10 16:39:26', NULL),
('711c8770750fad6d1e232cf5a9210959e2c50c37', 'master', 'master', '2021-06-27 16:37:25', NULL),
('7173ac29223bab3dfddca2f05f715abc025e4153', 'master', 'master', '2021-10-22 14:36:56', NULL),
('71e1deb101fd8035be55a4e3e4690cdaeb079edd', 'master', 'master', '2021-02-16 19:35:37', NULL),
('7228af29576899c983f6f0bc1c44fdbf8e457ac2', 'master', 'master', '2021-06-12 16:31:05', NULL),
('725131651534d84e559ec1e7edcb1b021428ad01', 'master', 'master', '2021-08-08 15:30:07', NULL),
('729d42154f39e83eeb034b79217592c90b5ec79b', 'master', 'master', '2024-07-19 02:05:35', NULL),
('73041f8bbcb0d971cfc0d770a98f1c419cc5f7f2', 'master', 'master', '2020-10-04 17:39:52', NULL),
('73315abe7f190264903bdd066401d272202f82ff', 'master', 'master', '2020-09-23 11:03:39', NULL),
('736931cfe9f13f8cee5fd7583fcc8b2f5be8b849', 'master', 'master', '2021-03-05 16:11:04', NULL),
('737cb062a3d40db7a50cd59a2445532a6acfe81e', 'master', 'master', '2021-02-04 11:57:36', NULL),
('738b3e4f8299fe9df65117acb1e473db4045172b', 'master', 'master', '2024-07-10 21:45:10', NULL),
('74c42d1a3e30e1cc68a9d51db72d0b9c8e4c638c', 'master', 'master', '2024-06-18 23:24:45', NULL),
('74c8a104d22df23775b6b2f5ddc3038d5603ad14', 'master', 'master', '2020-03-15 18:29:06', NULL),
('74df5d104f78247271dc5d3794e4d5dd2a747084', 'master', 'master', '2021-10-31 16:36:20', NULL),
('7501b593b6b0368c7bbfe6f434d086f91ec78769', 'master', 'master', '2020-03-26 21:30:43', NULL),
('7532a3e0ee5e26dea7d84ac58bfe6a3394dd6fa8', 'master', 'master', '2021-05-18 20:52:12', NULL),
('754a84a04394b5004ab03349a503c5cccd13e39b', 'master', 'master', '2024-06-16 21:35:29', NULL),
('758322158ed42f1ce881ccb22953397efeabb367', 'master', 'master', '2021-11-17 17:36:09', NULL),
('75a670e22a6f4e215dd020658ef1e80050fe1027', 'master', 'master', '2021-03-06 15:56:16', NULL),
('7665eb32318b62cdf5702392492f9ad9b46b5405', 'master', 'master', '2021-06-15 21:48:47', NULL),
('7687241abd6b571db148f797d650c7c0b51bc712', 'master', 'master', '2021-09-14 21:46:07', NULL),
('768b7b7166c81693e7c93b48593fa33340350437', 'master', 'master', '2021-09-21 16:27:20', NULL),
('76e410f3e6843487fd0d1f21da494fc66e87fd99', 'master', 'master', '2021-03-17 21:16:11', NULL),
('771b49d0670b0b7e5d947241b4f8daceee640b76', 'master', 'master', '2024-01-21 17:09:02', NULL),
('773f3afe1a98767e42444341f858ddd9efe969cd', 'master', 'master', '2021-07-06 21:15:28', NULL),
('77547580bfa9e2e742efcf1454ccbb25f9ac38e9', 'master', 'master', '2020-02-16 14:40:07', NULL),
('7790c8d1d30fcfd1c524f93aac967571ca4f298f', 'master', 'master', '2024-06-01 02:11:49', NULL),
('77a774920618129a79dde729ee82516a49beb209', 'master', 'master', '2021-11-10 18:58:48', NULL),
('77b992a1f5213fd05f115b3533e1581b6665a7fc', 'master', 'master', '2024-07-17 01:26:32', NULL),
('787be9c057ae2681553dbf64c73a2b1be9d91ece', 'master', 'master', '2021-03-16 21:29:05', NULL),
('788a8c8d692a094e4a5e52f2a7a8d99c9348e981', 'master', 'master', '2020-04-03 20:48:48', NULL),
('792c388d5f8daf236e95445af4e1454eb6425e11', 'master', 'master', '2024-06-21 02:11:01', NULL),
('798a531be73f8a7e6124aaef0dcfed098f7d8feb', 'master', 'master', '2021-02-26 21:22:18', NULL),
('79969a67c7031cac8210a83507e3b14363c75960', 'master', 'master', '2024-05-07 23:27:51', NULL),
('7a046af3c1db65b1fd85bceb623538439444db2f', 'master', 'master', '2021-01-28 21:06:13', NULL),
('7a30bd8e7f99513a5a7529037311dcb5c901d161', 'master', 'master', '2020-09-27 17:25:11', NULL),
('7a4f471119b72692a2e993a0db8d211ff1f9bf80', 'master', 'master', '2021-06-23 21:19:21', NULL),
('7a9305ef6693486020d82c3b8e82ac3a42586be4', 'master', 'master', '2021-11-14 16:37:33', NULL),
('7abb398b83a425ec099e57a56ee82d1fdbc7a6ab', 'master', 'master', '2021-10-26 16:34:47', NULL),
('7bc49ac97578f3f7a090811f648980677198e62d', 'master', 'master', '2024-01-26 21:22:44', NULL),
('7c0358f823a33959b0c09179e13ef10892d6df11', 'master', 'master', '2024-06-28 01:57:56', NULL),
('7c1f60aef9a352704dca79f537963afd80f214f3', 'master', 'master', '2024-07-25 21:22:38', NULL),
('7c51e033410e5e5798601696f2a9b9eb886a8ccb', 'master', 'master', '2021-06-22 21:10:26', NULL),
('7c6b03ab57a6052f02c07eecbc02e1beab63be3c', 'master', 'master', '2021-11-24 21:19:30', NULL),
('7c8ec184eab8206e4b6ab92ce006b490c8481afb', 'master', 'master', '2020-10-11 17:25:14', NULL),
('7c9e2ac9dcaa45aa638600fc8991551228932952', 'master', 'master', '2021-02-02 21:52:01', NULL),
('7cea11973ef4dce0cccced0f3d7fe046b3de8d32', 'master', 'master', '2024-06-06 02:24:32', NULL),
('7d4d881fcad08b968365dbf433162160e1568e5f', 'master', 'master', '2021-05-18 15:18:09', NULL),
('7d6f058f6e099e2b41a380e9357f59023e0a65ff', 'master', 'master', '2020-09-23 14:46:42', NULL),
('7de36440ae3cf2c3080b2e4aabb19927e182761c', 'master', 'master', '2024-05-11 22:39:52', NULL),
('7e69e7ece51a858a9aa906370e443560af37d1a4', 'master', 'master', '2020-02-19 21:28:16', NULL),
('7e6e50fdabc4698cfc3d041a7aa604faf95c64be', 'master', 'master', '2020-09-25 21:15:44', NULL),
('7e821d832d3c315a72fd3781f7d28933a29bd085', 'master', 'master', '2021-01-20 21:16:43', NULL),
('7eb460e6b0c2eb64b1cddbe3528b00773dff4d13', 'master', 'master', '2021-07-24 13:58:10', NULL),
('7f15b107d40b96d527a3da84063add084b0482bf', 'master', 'master', '2021-10-13 21:01:11', NULL),
('7f2649380afcf890a5b2b2d5e94bc8e04c5e73c5', 'master', 'master', '2021-07-08 21:54:19', NULL),
('7f3193e5b40c221b9c1f75065ede7a1a582e678c', 'master', 'master', '2021-06-13 12:41:56', NULL),
('7f96bad51180b6ff1c17023dddf0ea8cfa85a839', 'master', 'master', '2024-07-25 02:22:13', NULL),
('7fc3667b29c884b28fcf83f38f38eb1197c66931', 'master', 'master', '2024-06-26 02:15:18', NULL),
('7fe53499171b380b7c09b74c0278699da5c2c3d5', 'master', 'master', '2021-03-09 21:25:43', NULL),
('7ffd586b2e931a92c44eb7e2720f19ca270a37c9', 'master', 'master', '2021-06-22 12:58:04', NULL),
('8085fd09142f0371b22532799e48a8544fb58e69', 'master', 'master', '2020-02-27 21:42:27', NULL),
('809e090c3ca5b0e8b254ec347790fe860f24e41b', 'master', 'master', '2024-06-05 02:41:11', NULL),
('80a115269b40ae9f4ef2de7dca6a8f8b18d779a7', 'master', 'master', '2021-02-25 15:23:23', NULL),
('80d29b954c16c9ad484e836440d6e6440058f5e9', 'master', 'master', '2020-09-23 21:50:42', NULL),
('813c4296df1dd77415556d31aea2218048c1489e', 'master', 'master', '2024-05-12 21:36:35', NULL),
('814c5419865d85899fbe5e9f626d63f6c8c70915', 'master', 'master', '2024-08-03 02:07:22', NULL),
('81867e65b437ee073c92c7d8deac4545a872ac7c', 'master', 'master', '2021-10-06 15:14:25', NULL),
('81b1f049a647881d7351b5c66caf0ff149bb756d', 'master', 'master', '2024-05-10 01:59:35', NULL),
('825ebf572e681b114ed77fea30270bb3690d0a83', 'master', 'master', '2021-07-20 20:47:10', NULL),
('8303e6cd857e1792aff9e4c446f7533b2b9e70fe', 'master', 'master', '2021-03-09 16:22:41', NULL),
('831e8abd995541ae3d6742104566ff229650de94', 'master', 'master', '2020-02-27 13:03:21', NULL),
('83364d83766fb207f75ce9b856ac034c8944d2a6', 'master', 'master', '2020-04-01 21:04:27', NULL),
('8353feb3f9188ad2ea51c0e8e001b2294ff4aece', 'master', 'master', '2021-10-17 16:23:32', NULL),
('83551b83acd3cfbe4f88f8d2c1916f10512c7fa7', 'master', 'master', '2020-02-12 19:19:52', NULL),
('83610e6154638ff17535c89df886e3af569717ba', 'master', 'master', '2021-11-21 16:26:29', NULL),
('83621150d2bc749f5164b8f66bae58a95bf3c96e', 'master', 'master', '2024-07-18 02:10:00', NULL),
('83d86c248bcc17e92da638f04b8e49fb53ba12ab', 'master', 'master', '2021-11-02 12:03:20', NULL),
('84027f4e757e0258556583b3de4d67fd21095171', 'master', 'master', '2024-05-31 02:03:46', NULL),
('8440e8eabe2a70bd9c50581cd62e103cdf53a966', 'master', 'master', '2020-08-25 21:28:43', NULL),
('844334420b0281b78f3c118e0e9068b31e30dd56', 'master', 'master', '2024-08-08 02:02:17', NULL),
('848efc8a7d3c32ec30bae6a859f88097486ab80b', 'master', 'master', '2024-06-15 02:00:03', NULL),
('84d34964527a4fb01da9593e7b178bb8b5f6410c', 'master', 'master', '2020-12-23 21:12:35', NULL),
('84f77ec618a318ec32f7b59b1a3d4919454b0aaa', 'master', 'master', '2020-02-21 15:41:34', NULL),
('8500a6d644a0fbd9458f9531e6e45571e244c360', 'master', 'master', '2020-12-31 21:08:28', NULL),
('85adee450ed3da2aba3e978913947c0a4dbf3c60', 'master', 'master', '2024-06-08 21:31:58', NULL),
('85b66a6cd91956895655b8c97eb142b010b934d1', 'master', 'master', '2020-03-21 19:39:16', NULL),
('865e5c0615778e6dd3124ebbf687627880eda589', 'master', 'master', '2024-01-24 01:14:54', NULL),
('86b8ca3ea1306c09c0773a9ac50880a512b6be74', 'master', 'master', '2024-05-15 21:02:37', NULL),
('870b20531dcabfc80ff7d3329d9717be287118e2', 'master', 'master', '2020-03-19 21:17:50', NULL),
('874d15e3eee21bca9583b71c9a9766906764a641', 'master', 'master', '2024-05-18 22:39:26', NULL),
('87af5916f7edf846b1f83772519a22fd20de9eb1', 'master', 'master', '2024-06-11 21:32:37', NULL),
('87afae6aa0d0bf6c3f833a2a1aaeadc3716cd794', 'master', 'master', '2024-01-18 01:21:49', NULL),
('87b15b5a14fc4130ae10970d12a6e392417ec726', 'master', 'master', '2021-10-08 13:05:19', NULL),
('87b64a441f1847ffe2f44f377f755990dc6db9ee', 'master', 'master', '2021-07-22 21:03:26', NULL),
('87d25b096811f3e3aa15c10a7b4b232c5a5c470d', 'master', 'master', '2024-06-08 22:33:56', NULL),
('884a081b25f41d92235373192593653326cd378f', 'master', 'master', '2024-05-22 01:57:51', NULL),
('884d60fe70b6dcc10c012432554c271ffd714ed2', 'master', 'master', '2021-07-14 21:59:25', NULL),
('885df5bdf5700d28bf1fa0943e596cf1c49db74d', 'master', 'master', '2024-07-18 23:16:57', NULL),
('8891f9528dfa99bd8d596474a8d4af08291d6e1f', 'master', 'master', '2021-02-25 11:07:50', NULL),
('88d5e1fd09669155df3510576827d2da03aa4bac', 'master', 'master', '2021-08-03 21:35:02', NULL),
('88f76ccd6f172514d1a6ee18b60b33f6dc161234', 'master', 'master', '2020-03-04 21:21:12', NULL),
('88fea7fd3feec1825de89c4dacedb8a6b315014e', 'master', 'master', '2024-01-20 00:56:36', NULL),
('890dd495c5a5dcfecb44b013f8b072c5e41bdf4c', 'master', 'master', '2024-05-05 21:17:57', NULL),
('8910719959ab70789b82c9b2c854b8369eb848f0', 'master', 'master', '2021-09-25 17:04:58', NULL),
('8934daa6fa92046e388f9954113aea0bec635cac', 'master', 'master', '2024-05-25 22:33:46', NULL),
('894307e04c914fa5ebc5b45a7a1e05d27531fe2b', 'master', 'master', '2021-01-02 15:41:21', NULL),
('895a171df8f3a28cdac9446f5a45466f2575f9d1', 'master', 'master', '2020-09-01 21:32:10', NULL),
('898386af8504e0338a6b28b73127b2d67c259eb8', 'master', 'master', '2021-05-30 16:36:34', NULL),
('89ba7b7afd6d80d909e9dab08abd94492bc4badf', 'master', 'master', '2021-08-05 19:38:59', NULL),
('89d6741b8b353a4ba592c40265c0b4d3202b177c', 'master', 'master', '2020-02-15 13:19:35', NULL),
('89f391912cf9db41b76170a50f96b0d6beb9e12e', 'master', 'master', '2021-07-09 20:18:41', NULL),
('89fd1381828bb5d2d60a40b043cf5362206bd3ab', 'master', 'master', '2021-06-05 16:33:49', NULL),
('8a297c8deb76d5b2b57193c0076a71562a0762c1', 'master', 'master', '2021-11-07 16:34:58', NULL),
('8a74c96a0c598536c3ab25fb81cc0b686066f878', 'master', 'master', '2021-10-21 20:04:50', NULL),
('8b16bef701b7cc19f6e6751470c2c246e7a15fea', 'master', 'master', '2021-02-24 11:06:14', NULL),
('8b69f2cbf83fe1b4aae2c1dc763c28b369990d7e', 'master', 'master', '2020-02-26 21:22:54', NULL),
('8b8dd75f598e744d34eee2c49dbd30c379504789', 'master', 'master', '2024-05-08 02:33:59', NULL),
('8ba74b8df01412c1f66fbab1f783c9aee042231e', 'master', 'master', '2021-08-03 14:41:36', NULL),
('8ba9ba6b77c3548efca146752e84425fd39a8866', 'master', 'master', '2021-05-25 21:56:39', NULL),
('8bdefd438f6285fd034ec5ba2bb6b2b75b7d6ec6', 'master', 'master', '2021-01-24 15:36:44', NULL),
('8c0d82c0da887b0ea4f09418a6df5a6e1be0988a', 'master', 'master', '2024-07-13 02:12:14', NULL),
('8cbe1ab690fce501905231288bd2562c3ad58a7a', 'master', 'master', '2021-03-10 21:11:24', NULL),
('8d0bdc94cbb484ee86f5f7503966638f7456b9a8', 'master', 'master', '2021-07-15 21:16:02', NULL),
('8d57d9aba7a4723a9f0d22aaa705070c953878ce', 'master', 'master', '2021-09-22 21:27:08', NULL),
('8d91ea143a4a871faa3e35ad0df915e3484fee8d', 'master', 'master', '2024-07-20 02:14:53', NULL),
('8dc8f3f0dfcf7c9b9c4b6124907d8d60fabea14e', 'master', 'master', '2024-05-05 16:15:07', NULL),
('8e1df4c13f3237a7cd32a337e89497fe317dbda1', 'master', 'master', '2024-05-26 21:37:55', NULL),
('8e46addee32b5f6b06f61ba9ca451d165add2923', 'master', 'master', '2021-01-26 21:11:08', NULL),
('8e6b9009e07010037e8a8f576bb6079a907079b4', 'master', 'master', '2021-10-24 16:32:16', NULL),
('8e8b8b8c31d07f7567bc6b055db74911695e3a1d', 'master', 'master', '2021-07-21 21:17:33', NULL),
('8f89b3184bc3966d2f9885da7cbca27cbb60e120', 'master', 'master', '2021-06-01 21:32:05', NULL),
('9034b8c214750aae80ef7414736b0e18fc363d20', 'master', 'master', '2024-08-09 00:24:23', NULL),
('903ec8def307203de69f0660aa6e6a0207b1c3d9', 'master', 'master', '2024-07-06 22:36:47', NULL),
('9064d20836e01e26cc27124e1b6f07f2892c9483', 'master', 'master', '2020-03-12 21:29:16', NULL),
('90b2de1f441e3a9e5aad67ba8eb17c72562dfca3', 'master', 'master', '2024-06-29 02:43:37', NULL),
('90ca1f43e401f35b1692e7b90ba36cf9cf9b17fd', 'master', 'master', '2021-02-09 20:55:10', NULL),
('90e716d41ca6c93df8064672442a3b2b9dc3291d', 'master', 'master', '2021-09-18 16:33:36', NULL),
('911707e564c1a8fe091b796e7db16b8a596ccfd9', 'master', 'master', '2021-11-05 19:25:35', NULL),
('9141f64777f3ff027a738aea507d3ee9b4ecc4ee', 'master', 'master', '2024-05-12 21:39:47', NULL),
('919c0f59c8f31dc58d9b52f60dd68e16862acc85', 'master', 'master', '2020-09-18 21:19:48', NULL),
('91d0b53beeadb934bd91ca4d6797ac44b2f335c7', 'master', 'master', '2020-09-17 11:55:56', NULL),
('92299e588d80eac863324c7b03698ce72e7b135b', 'master', 'master', '2024-07-10 15:58:52', NULL),
('924be2ae8212f8c5f27c8142596b4b4a549c8ea9', 'master', 'master', '2021-07-21 21:31:49', NULL),
('92ac4ae9b1ba2bbad6d54d68e13448a8cdb47466', 'master', 'master', '2021-06-25 21:18:38', NULL),
('92b0fe193c603e2f9126087abd12b7c1952c6445', 'master', 'master', '2021-11-13 17:30:31', NULL),
('9313848821c01acff40eddae3fe528cdd7b28a7e', 'master', 'master', '2020-10-02 21:09:10', NULL),
('932b01e95ec21b1d0bd8363e9bad84e39b86f7b2', 'master', 'master', '2021-09-01 21:10:04', NULL),
('9390b32cf2cdce6a99f3ccd2f5b244e8997c281a', 'master', 'master', '2020-03-03 21:17:07', NULL),
('9474177e20017edfe7f562830be6f713989455ce', 'master', 'master', '2021-09-08 21:46:58', NULL),
('94a6fd80a14ea250822ac07d47c3c1fd4fd1948f', 'master', 'master', '2024-06-01 21:28:15', NULL),
('94ac1ae2903e95286765c8021db6c61532c532cc', 'master', 'master', '2021-07-24 16:32:06', NULL),
('94b73eb92f9c88af55b27ef01aa5ea6f969c01ee', 'master', 'master', '2024-05-18 22:25:32', NULL),
('94df225e3223a4ba5e5211c014326d3a4d77e61d', 'master', 'master', '2021-02-04 21:50:30', NULL),
('94e7a30752c8650a765b2a1a7fe70c4be5309f53', 'master', 'master', '2021-10-27 17:55:00', NULL),
('958edfaff112477e2d8f398fdab3961eadf8fa8e', 'master', 'master', '2024-06-28 22:32:09', NULL),
('959d5664e83bf37002deb3f2679c5b1511599f1d', 'master', 'master', '2021-10-07 21:00:48', NULL),
('9627089f11b19cd624e0201ce116f58e88d3daaa', 'master', 'master', '2024-08-03 02:08:38', NULL),
('9639b1afc65f4d22f84834d57d86f0b879911fb7', 'master', 'master', '2024-05-17 02:08:05', NULL),
('96984d07aeb030ebbd8f5de68ef4f0cb97caebb9', 'master', 'master', '2020-02-18 21:46:12', NULL),
('96df401ed8b40b38c42722b19f3a3d8fb462032d', 'master', 'master', '2024-07-31 01:59:47', NULL),
('970873129726128db94a1c1b60c7281b36462bff', 'master', 'master', '2024-07-25 02:08:16', NULL),
('9763e4e56fd0fb7e6551094a6d6c8020c4bba85e', 'master', 'master', '2020-03-17 21:52:44', NULL),
('976ddc9a9979cc54d0e9e7fcb2343d7dd407e391', 'master', 'master', '2024-07-18 01:37:49', NULL),
('97d4ebeee288f66b9c8f7e284a0587eb3e00bfcd', 'master', 'master', '2020-03-17 21:24:24', NULL),
('97dec35b69aa77f2a444869dc5c08f1e022d4c02', 'master', 'master', '2021-09-11 11:00:33', NULL),
('980895797e706a7c44344f1b97dfb6d92e5a157a', 'master', 'master', '2024-07-10 02:00:31', NULL),
('98266e1407895153f569ef23358fde8e2b956e74', 'master', 'master', '2021-06-13 16:27:52', NULL),
('9829d15007f8a43c9d2c84ba94bc505f3d75a859', 'master', 'master', '2021-07-13 14:22:19', NULL),
('9829e6f4e63a1793bef7ae4ea10adda3ada5fdf6', 'master', 'master', '2024-01-25 21:57:11', NULL),
('983f9ce17995a4c7b3155ab34f325c4d5e7d4dbc', 'master', 'master', '2020-10-07 17:37:20', NULL),
('98482d531b5ad238f7eea8371ed8a3ea91e9f572', 'master', 'master', '2021-01-21 20:44:53', NULL),
('9860e5e0fb71a9fcace9291461c2d9c1f929276a', 'master', 'master', '2021-10-06 21:50:57', NULL),
('987395497ca7526e11061f008558c721332c8e97', 'master', 'master', '2024-06-09 21:34:47', NULL),
('98968134ac2a352246b2150ee1a76aba81548a4d', 'master', 'master', '2021-05-15 15:27:34', NULL),
('98cc00bf78cb41af20705e524fdc254764f5694d', 'master', 'master', '2021-06-18 21:44:06', NULL),
('98d2bacf3c06009f32594942113f5fdd6df5bdb9', 'master', 'master', '2024-07-21 21:27:24', NULL),
('993c49fc2773a61ae55930942b38ad662c97c578', 'master', 'master', '2024-06-15 02:35:21', NULL),
('99aac63ad8fcf0bb21a3afb851829978686295f1', 'master', 'master', '2021-11-04 21:41:21', NULL),
('99d855f5241b9ee0e9a98a5199b9a496b8de6591', 'master', 'master', '2021-10-01 20:36:45', NULL),
('9a6cfc4f760e934082aaaf184c13c6e182e84ed7', 'master', 'master', '2020-09-22 21:17:23', NULL),
('9aa112e50e5ddae28cc1a64c9c0e40ee50b1252d', 'master', 'master', '2021-05-11 20:42:21', NULL),
('9b02ec6a6a770ecc10abf7756c9a851a1bfe4d90', 'master', 'master', '2024-05-18 02:26:15', NULL),
('9b8b16e162a62b2019f2c3e90ebfa9bb8afb1b9b', 'master', 'master', '2024-01-26 21:16:09', NULL),
('9bd657530d3d13de93a025b73878bfbf7fb945db', 'master', 'master', '2020-03-05 14:54:47', NULL),
('9c3dd9d4d09ee885214b6ac43a212e46de6b2c38', 'master', 'master', '2021-01-13 21:11:30', NULL),
('9c453dc1b88b6aac61ec789622677a729378bf7c', 'master', 'master', '2021-01-03 16:49:53', NULL),
('9c51534bd681468e9bf3da3166a19383756e79e7', 'master', 'master', '2021-05-27 21:25:28', NULL),
('9c64078472ca2b90e16c70d36455f9d678628ee9', 'master', 'master', '2024-07-05 20:10:54', NULL),
('9c88c02799f8336df43232954a7b41290e8d9609', 'master', 'master', '2024-07-28 21:10:09', NULL),
('9d196fddf74a4d2980e7c484fad1b7ca8bbb50ad', 'master', 'master', '2020-09-12 11:00:32', NULL),
('9d7431cf7f063b8c9df6784b169ded0d259f215f', 'master', 'master', '2021-02-18 21:18:16', NULL),
('9d8bcb097556983a32e96a477c3fab48fbf1f080', 'master', 'master', '2021-07-02 21:05:08', NULL),
('9db99b75302c4f56dff3bbcf9677d4cd4c1a1d08', 'master', 'master', '2021-02-20 16:46:06', NULL),
('9df49f13f31ed64b4db1ba3f9777ffb7bfaf2da2', 'master', 'master', '2024-07-20 22:32:22', NULL),
('9e3592f58e7f61fa938be7e44d5f7ef17cfb6804', 'master', 'master', '2024-06-07 02:13:56', NULL),
('9e75c1382f54aa1402686617c5676406181fe753', 'master', 'master', '2024-06-06 02:05:53', NULL),
('9e858e2a9febfb17206ea386a7aa839b5614a8cc', 'master', 'master', '2024-07-17 02:10:22', NULL),
('9e92dc630f03aca605297f186fd5aca4b1730838', 'master', 'master', '2024-07-05 02:06:19', NULL),
('9edc5eebec11bdd98d73303aa4476439a2af02b7', 'master', 'master', '2024-05-23 01:55:26', NULL),
('9f4d77f84c5f75155b24067a1a4f828d0e526897', 'master', 'master', '2021-08-29 16:33:56', NULL),
('9f54ba347687e441ffc7b27578cd2a4b47025a0a', 'master', 'master', '2020-09-17 21:29:21', NULL),
('9f61127ed2e8c24a9a0891725bae95c8ba0ca178', 'master', 'master', '2024-06-16 21:00:11', NULL),
('9f73c8557035d5c97080885b5a15840f196ea1d2', 'master', 'master', '2021-08-13 21:27:16', NULL),
('9f776c235b87491eca2abdcc914d3a62ad58e2b2', 'master', 'master', '2021-05-27 21:26:29', NULL),
('9f8bc93e255a227b820f92ee208e405335d4243c', 'master', 'master', '2021-02-28 16:33:05', NULL),
('9f92f1a2e7c1db1237260c6c26eca6aa34dc8273', 'master', 'master', '2024-07-23 21:29:04', NULL),
('a0028e04ae89433f4d51bc39f02c0fac00b9b621', 'master', 'master', '2021-08-24 11:58:53', NULL),
('a0253ea82e848d3e02193741643e71680b429e63', 'master', 'master', '2021-05-14 13:10:49', NULL),
('a03175fe6be0b7aa14f0fcf5946f6cb3b19b8bc8', 'master', 'master', '2021-03-17 20:55:25', NULL),
('a051524461bdde3b23aa39dccbf51e471a37100e', 'master', 'master', '2021-08-01 11:58:24', NULL),
('a076cc01adb1d01a732bb239be88fdca37e09ec7', 'master', 'master', '2020-03-05 21:42:47', NULL),
('a07d52ac252410e2987d03afda87be1f06d4021b', 'master', 'master', '2024-05-30 16:12:38', NULL),
('a09c18938a28b610af6aded234a34ee3e1f4b9a5', 'master', 'master', '2024-06-30 21:44:14', NULL),
('a0cb5e1f369718638b9d1d3a50896e8154e13dca', 'master', 'master', '2021-06-23 13:05:29', NULL),
('a0d620d89a9e56748b23cc5a92523c6360462284', 'master', 'master', '2021-10-01 20:58:11', NULL),
('a0d63d30c6a6e6b44ed103d126d8361b8f1a9fe2', 'master', 'master', '2024-06-15 22:38:06', NULL),
('a0f75014f61395959fffbc6c51f526ba766121cb', 'master', 'master', '2021-10-03 16:25:35', NULL),
('a1198b4a39257ddf0fb3ef80b3fd60440c05c659', 'master', 'master', '2021-07-17 16:50:19', NULL),
('a173ff7307b2fb796b96c9ed08fc2a8fca512057', 'master', 'master', '2020-03-21 19:27:50', NULL),
('a17f6a61ac10cd8f52121520e90162b1d4df6354', 'master', 'master', '2021-07-02 21:19:32', NULL),
('a18525a01a5d32a4a60d72c42f7d2c035c2111f0', 'master', 'master', '2021-01-27 18:31:05', NULL),
('a1a813cf89c4f2dcd0b85514705425be2059a8cb', 'master', 'master', '2020-09-24 21:43:21', NULL),
('a1f64b8597108624e6a84fc5acba209ce7da2bb6', 'master', 'master', '2021-01-02 15:59:26', NULL),
('a21fa923c664039604aa2c340110bdcf3a83d367', 'master', 'master', '2021-05-26 17:31:38', NULL),
('a22777e9b5d1cac2fa49a2aaa0b7299204d194b5', 'master', 'master', '2020-02-21 21:24:00', NULL),
('a22923454a03f5580bf088526767600873d316a6', 'master', 'master', '2024-05-29 02:35:58', NULL),
('a2482360f14dfc675450effbe9764e0eb6dcf884', 'master', 'master', '2024-05-10 02:08:24', NULL),
('a25ed43a198cd998c0acd0fcfffc9d53bcbda9e5', 'master', 'master', '2020-12-31 12:03:25', NULL),
('a286455d98999effdad8dd3d53077b6beb2128f3', 'master', 'master', '2020-03-28 19:20:14', NULL),
('a2c746d943b3db43cd17210db0869ce16816c6c2', 'master', 'master', '2021-11-05 21:41:03', NULL),
('a36b1c88df6bf5946bf9dfbded4b12acd885a89b', 'master', 'master', '2024-08-03 21:45:54', NULL),
('a3a2872a4c31bff8c2de608168073b432a7b0546', 'master', 'master', '2024-01-21 20:11:20', NULL),
('a3c5e0e91f4f7bcae0393cc725a51f244dbb9308', 'master', 'master', '2021-09-21 16:43:15', NULL),
('a4378b31dc657d2150ef8756769bca6416799e31', 'master', 'master', '2021-09-28 21:24:28', NULL),
('a49451569de115310c73c04d67eed52bfbd7a821', 'master', 'master', '2021-02-03 21:22:33', NULL),
('a50c0fb729e709fe4543f3aaf1807b68b8cb4c0f', 'master', 'master', '2024-06-08 02:23:10', NULL),
('a52c045b02590583620ddbbfd86f99e7ff65edf0', 'master', 'master', '2020-12-26 14:46:33', NULL),
('a577e21f9e4e9e1929df7e9351e3db776892459c', 'master', 'master', '2021-07-16 21:20:00', NULL),
('a5d7a853b649ed7c608182a9d26fb3ad532977ea', 'master', 'master', '2024-07-17 22:39:44', NULL),
('a5e885b566082751e099cb0eda3a1ab1ec384ff2', 'master', 'master', '2021-02-24 21:43:58', NULL),
('a5e8e75f77e3791288266a7bf3b8c165961475af', 'master', 'master', '2020-12-27 16:37:17', NULL),
('a600cd7d4c5f3849bdf6d392624fdfa2f4a29c3a', 'master', 'master', '2021-06-23 15:37:58', NULL),
('a64832683848b7e1f31eb121e7b04bc5bab02864', 'master', 'master', '2024-05-23 23:23:12', NULL),
('a6845b0bc90b2194dfec6f63a3ac91525f9e73e2', 'master', 'master', '2021-07-11 16:08:36', NULL),
('a6949d00793a02bb6517e5d84d7bf1c65db01663', 'master', 'master', '2021-11-02 21:43:57', NULL),
('a6ad0adfa74929aa41d7d5c1f05481f794aebbf7', 'master', 'master', '2024-05-19 21:37:36', NULL),
('a6d1f34cf86df25fb9eed03a24ce15e50e2fc8ca', 'master', 'master', '2020-09-04 15:01:14', NULL),
('a7299b912e1c84e91da9d87084d611a81c2709ab', 'master', 'master', '2024-07-26 21:48:36', NULL),
('a768a35636eba073bcf5f2f5bdbfe3502863b2fb', 'master', 'master', '2024-06-08 21:58:20', NULL),
('a79f7df7e1125eb0cd5792a9fa446054b641fbfd', 'master', 'master', '2021-07-23 16:56:23', NULL),
('a7d4396f1c77fe43901aeb04fc941414260e51c8', 'master', 'master', '2020-09-26 18:37:50', NULL),
('a80915640986d87772e9153029fe83dbcc8bad11', 'master', 'master', '2020-03-22 18:29:13', NULL),
('a84ad2faca747edd275b5e9bf45b484372993407', 'master', 'master', '2024-05-25 21:29:59', NULL),
('a85e48b2c51ac7775ce1a3a5edbe4e1d897e9db7', 'master', 'master', '2021-11-05 12:03:33', NULL),
('a86e7d774b22443ad6d6d8c657966212b9f24eeb', 'master', 'master', '2024-08-11 21:35:50', NULL),
('a8777443e2673185161cacfb81c007a5607f10f8', 'master', 'master', '2021-06-24 12:21:13', NULL),
('a897a125a74bd023b8f9f09cb445405b49f35913', 'master', 'master', '2024-07-03 01:30:42', NULL),
('a8fc7951b4b1a0a70a080fb60a89b3b112ec26d8', 'master', 'master', '2024-01-26 01:45:57', NULL),
('a955f678c3b8320e0f4a6e33d46b3e0039cd3e93', 'master', 'master', '2024-05-12 20:55:20', NULL),
('a9dca972ead459675f5fb442d311fff94aeb5d0e', 'master', 'master', '2024-06-19 02:48:24', NULL),
('aaeb2db144186c58b48298e0b18e08eb75be326a', 'master', 'master', '2021-11-12 21:48:02', NULL),
('aaf0750c3e5035150c9086d0a6580cf4e42273b9', 'master', 'master', '2021-08-29 16:41:56', NULL),
('ab495747725518adb62419caf0b444c8461622aa', 'master', 'master', '2021-10-20 21:20:04', NULL),
('abe391b75617882b57ff3db0748d73eb5143ecbc', 'master', 'master', '2024-05-30 02:35:42', NULL),
('ac2ae2e968a2d2c9c30877b5085259135ca5b47d', 'master', 'master', '2020-02-19 13:37:41', NULL),
('ac446736e55e827e2b11b65b3f7776d5e739328f', 'master', 'master', '2024-06-05 02:25:40', NULL),
('ac80350e426be860908cc938235362b877f8d0cc', 'master', 'master', '2021-09-29 19:24:33', NULL),
('ac856d853c635b70617efac99db5b08be77d2f70', 'master', 'master', '2024-06-01 02:15:09', NULL),
('ad6e0772712a651edd5e788bc2e1b5277bbfaa97', 'master', 'master', '2020-12-29 13:16:01', NULL),
('ad9c1fe2b813d0eb4da889e145a70cf9107cf77e', 'master', 'master', '2024-07-14 16:20:23', NULL),
('adceab26e12190391090fc55eb3858d286afd4f8', 'master', 'master', '2021-08-15 16:39:39', NULL),
('add636afc64299e5ffc1636f8dfde4ffffb8cde0', 'master', 'master', '2024-07-26 02:00:48', NULL),
('ae2447990967c890b4e71dfc8897c55b921e5338', 'master', 'master', '2021-01-19 20:57:09', NULL),
('ae6ec9a60a1162207c2b8999ee02bd7a224e3cb7', 'master', 'master', '2021-09-15 21:27:38', NULL),
('ae80a4048c823c275d664510329fe7b462a474f1', 'master', 'master', '2021-01-05 21:02:51', NULL),
('ae8c075e4aa9a3e93732677bfe6efdde65248a61', 'master', 'master', '2020-03-01 18:28:53', NULL),
('af617d02af5936998148974b14f3514a166ebbae', 'master', 'master', '2021-07-08 12:56:17', NULL),
('af660d74aaa2d82e51cd899749a41049f6b80670', 'master', 'master', '2021-06-13 12:41:56', NULL),
('af899119e33ff3aab721e299d1845a771465a712', 'master', 'master', '2024-05-11 22:00:01', NULL),
('af90256a98b0baa8fc0c8887fad9d6eaaae1b677', 'master', 'master', '2021-05-21 20:17:09', NULL),
('afd4131558441f10d155f083943f209d35c9a78f', 'master', 'master', '2024-01-26 01:25:37', NULL),
('aff490c81982f20e7d2ac7f15bd78a842ecedf21', 'master', 'master', '2024-06-13 20:07:47', NULL),
('b027c56af20007a82f3dff6b92bb385932466c4d', 'master', 'master', '2021-03-13 16:39:24', NULL),
('b08d76170bd06e843317db68f3f41141febbabe0', 'master', 'master', '2021-09-28 21:16:33', NULL),
('b08ec47580161a9e7f209c8493cd691bb4e57c0a', 'master', 'master', '2024-01-24 01:36:54', NULL),
('b0a6076bbea407edf196a0a7d4bcbb05ee06b519', 'master', 'master', '2024-01-25 01:24:20', NULL),
('b0af28aac9a938ff6e84c945ce3c385511c9b896', 'master', 'master', '2024-07-14 21:12:44', NULL),
('b0c653471cd79c39a0b9de206f647b58240fcbdc', 'master', 'master', '2021-05-12 20:24:01', NULL),
('b0cd165433648975820b143ab247ff4ba1e685bc', 'master', 'master', '2024-06-12 02:46:25', NULL),
('b142eacdb5295c42616ecae85f9cabcc13f36478', 'master', 'master', '2021-07-09 16:41:32', NULL),
('b146ec67de129541d9c9af6e62553b9b81f05e15', 'master', 'master', '2021-07-30 15:13:52', NULL),
('b14fdb00b1f6b1ae230f848f8dfc50b4a5640817', 'master', 'master', '2024-07-07 18:30:23', NULL),
('b15803d463b5792e44b2536db6cb1280da9af437', 'master', 'master', '2020-03-29 18:23:45', NULL),
('b15b45a681a379ae256a4f7eb8ef0072653d6c1e', 'master', 'master', '2021-09-19 16:16:58', NULL),
('b175cbc523ba27f9087bd5b99528ecbe7e1ad214', 'master', 'master', '2024-07-03 02:25:52', NULL),
('b197bf4a266ff1103837b8c61c0b98b1598d3e86', 'master', 'master', '2020-10-10 18:25:33', NULL),
('b2460d947a6c11aca3f5cde3e424196945a8a8d0', 'master', 'master', '2024-07-19 16:03:31', NULL),
('b3588a125f9833233673e90d3b47402a46d0e455', 'master', 'master', '2024-06-22 22:17:22', NULL),
('b368a074340dc5fb4bd7dd89944a3813d37c8b1b', 'master', 'master', '2021-09-30 21:16:01', NULL),
('b378893f5766ee908ce6c02a20962602216e1f2d', 'master', 'master', '2020-04-03 19:59:31', NULL),
('b3883aa524ec8611d2a06472b1a12b73971c681b', 'master', 'master', '2021-01-30 16:34:21', NULL),
('b3b71e1c861b2574e2222d3096475069ecb013ff', 'master', 'master', '2024-05-19 21:49:27', NULL),
('b3d45c8fd0f7e004fbcebd8df807bb9a5544e492', 'master', 'master', '2024-08-04 21:34:22', NULL),
('b3d55a274361061ee64914280912ac083dc22ec4', 'master', 'master', '2024-06-26 21:44:53', NULL),
('b3e91bc828cd398101e69caa3a6cd68437ea6c46', 'master', 'master', '2024-06-14 16:03:28', NULL),
('b400cb9e4d9eeeda5fcb284fa63ea3c0968209ce', 'master', 'master', '2021-11-06 17:31:03', NULL),
('b41761aa595a9ad3318efa4ba3b77acfb9605873', 'master', 'master', '2024-07-20 21:17:31', NULL),
('b44630eab5b198e6e22f94b06954561cc0045ac4', 'master', 'master', '2024-01-21 14:35:02', NULL),
('b48dd29bc187115f20cf4bf2788a47bbe1d7fe7b', 'master', 'master', '2021-09-02 21:42:35', NULL),
('b4af04c7363b076279db0d5b5764c98c6012e58b', 'master', 'master', '2024-07-05 02:46:16', NULL),
('b4c7899d4a798579e16c1c69868ccf9f2eb0cc64', 'master', 'master', '2024-01-19 01:08:02', NULL),
('b4e0369f1c2ed3938a6fc8a40aeed75f82823e34', 'master', 'master', '2020-09-19 18:42:25', NULL),
('b505a7c4ba40351c81f56fb7269a41eec48a761f', 'master', 'master', '2024-07-13 02:24:53', NULL),
('b50d4b3c0bfbaefcc67f541e5241e739288a7618', 'master', 'master', '2021-10-03 17:21:55', NULL),
('b56bae91676f0dcdd3a43e92b63c693245df4a34', 'master', 'master', '2021-11-03 18:31:03', NULL),
('b5b830272425d72c5ad824f04d05cc716681a0c6', 'master', 'master', '2021-05-25 21:44:29', NULL),
('b64af3d53a753d54a0cc76ba44a589070047c5e2', 'master', 'master', '2020-03-31 19:56:33', NULL),
('b69b205f713a5bcd668a1e8781d2f5f79fc9dce0', 'master', 'master', '2024-05-25 02:20:20', NULL),
('b6bc90e4a6205838efcac428cd26977eb10a097d', 'master', 'master', '2020-02-16 18:31:37', NULL),
('b6dab997931c1b34bb74252382967217eae73ae4', 'master', 'master', '2021-05-11 20:13:46', NULL),
('b735468e2d5fc13b3f6ad8dc17faa32196bee810', 'master', 'master', '2021-01-24 16:07:01', NULL),
('b756225e79458d74de452be0bb8364578e5b9749', 'master', 'master', '2021-09-12 16:33:42', NULL),
('b7add54266c6e45e6b9a03b50e921f3c985f8e00', 'master', 'master', '2024-07-12 02:04:08', NULL),
('b7c951a04dbd22d7d5ea83edf7df3135db28dc44', 'master', 'master', '2020-02-15 15:48:59', NULL),
('b80ed518491e2d3005b501b892227be1ac31f894', 'master', 'master', '2024-07-12 02:39:07', NULL),
('b82cd5bb1b64beb62e3471cb1ddbc2c62a13dd3b', 'master', 'master', '2021-01-21 15:43:31', NULL),
('b8738897f6b8064078a0e173ad5a54916dd63a5a', 'master', 'master', '2024-05-10 02:36:26', NULL),
('b8c1c32dc2982a48f9b2f9ae0c79ae7edd4563d0', 'master', 'master', '2021-06-25 20:20:24', NULL),
('b8f9089c1863281d1f833e7e7b13efc25b24ecea', 'master', 'master', '2024-07-18 02:12:12', NULL),
('b8fe3d363212e63787f32a23562e5b7bacf65774', 'master', 'master', '2024-06-23 21:45:27', NULL),
('b916c97f0702ac8800fa71d95faea5821223abfd', 'master', 'master', '2024-06-27 21:25:23', NULL),
('b956b5e27805e848b72dd42bc901226fbc256705', 'master', 'master', '2021-08-06 16:50:21', NULL),
('b9ca977fd33d99ac1cbab56571418da56febcada', 'master', 'master', '2021-11-02 13:31:46', NULL),
('b9d7d8141f167c24be613a04ea57e8e2ed786e46', 'master', 'master', '2021-08-22 15:55:29', NULL),
('ba12d563948a665f83ee887a7193c09781dba2a4', 'master', 'master', '2024-05-23 23:20:40', NULL),
('ba2e8795e55a641471947c0ce0a6d544f7bd7518', 'master', 'master', '2024-07-19 16:03:21', NULL),
('bab6bf2f55957a5aff4d97c12a1e9da4d11a07b3', 'master', 'master', '2024-07-31 02:04:10', NULL),
('bb708983aac175fd062f95fe5718d7df9712ef9b', 'master', 'master', '2020-03-22 18:00:29', NULL),
('bc25e4cdd41c3324443b55c94e14a11e533e0339', 'master', 'master', '2024-06-15 02:14:52', NULL),
('bc38ff15fa863e2cdc274cb71e88dc399b924358', 'master', 'master', '2021-08-11 21:39:46', NULL),
('bc7ccb88107b73d250f1d15f8e3a7f73404fa546', 'master', 'master', '2020-09-18 21:26:51', NULL),
('bc8758f793f85b0eca4cdabe6400a2743052e410', 'master', 'master', '2020-02-06 01:37:03', NULL),
('bcaf0eabfad3f0f4c36e97af131e271fd016851e', 'master', 'master', '2021-10-09 17:06:11', NULL),
('bcff455015ed41ed92c2aeffba166c26cdb01dae', 'master', 'master', '2021-07-21 18:33:23', NULL),
('bd2803e5ddff670be0838f0e799c1df14e42b61b', 'master', 'master', '2024-05-18 17:43:50', NULL),
('bd3fbc0cbfe947189e54629c060e00a6c25f0c11', 'master', 'master', '2021-07-24 16:32:50', NULL),
('bddd4d4b3a3aef32980859b77dec3cd765112233', 'master', 'master', '2020-08-21 15:31:52', NULL),
('bde0d7ffd126b1b7d63033ddafea5ee435c537e3', 'master', 'master', '2021-08-14 16:41:35', NULL),
('be0d068486d61cd04608f8c5c259e2bb3ca42ec9', 'master', 'master', '2020-09-03 21:35:41', NULL),
('be6f1f85a3f522700673625a8aabb5205c5830b3', 'master', 'master', '2021-06-06 16:35:26', NULL),
('bec621e8f2e2ded034fc0b427e3e15145146eb90', 'master', 'master', '2021-07-25 12:49:00', NULL),
('bed5eca4f7a0135c8fd87b4cb5fd1ee4e8d7c0ac', 'master', 'master', '2024-05-25 02:18:08', NULL),
('bef0e76bc5bd2188dca5611f7ae248f11f2328b1', 'master', 'master', '2021-07-28 21:29:20', NULL),
('bf24fe47eaa6a2a030a7c7f8315705004588cdbe', 'master', 'master', '2021-02-19 17:54:25', NULL),
('bf6e5a692d787bfb85bd29ef48e6022fb33f12b7', 'master', 'master', '2021-09-14 21:15:19', NULL),
('bf709fd072a491f71c167c5f5cb6ae9a7462b941', 'master', 'master', '2024-01-18 21:09:27', NULL),
('bfd726f8113f3e21d748c4eb8f3189c1429df869', 'master', 'master', '2024-06-09 21:04:33', NULL),
('c02c5b8ebad2e5d90d3c375513ef68cbfe25227e', 'master', 'master', '2021-10-07 21:07:11', NULL),
('c066307c221dc0a818f4b22e9e9237877726855f', 'master', 'master', '2021-01-05 14:50:51', NULL),
('c06fd7b0636f5668a45fdf14b8ea22c9b6d3aec6', 'master', 'master', '2021-02-23 18:36:58', NULL),
('c09f778f28b906ec5ab7a2aaa87ce419d2b12fdf', 'master', 'master', '2024-01-25 01:30:58', NULL),
('c0f82a242a1990b9fa4646076f6a99a125c4da32', 'master', 'master', '2021-08-27 20:50:29', NULL),
('c16384604c028512ecf77513c7539297a1dded1d', 'master', 'master', '2020-09-20 13:52:09', NULL),
('c16a4b374b16e47a4193bc5e999499caa8f02b79', 'master', 'master', '2020-02-25 11:05:22', NULL),
('c17fb58602ea69cb30a5bdc4620eba6b4835aea2', 'master', 'master', '2024-08-09 02:36:10', NULL),
('c1c5f8b84096b8c3541ff3d0b1b6c5011abe9765', 'master', 'master', '2024-05-15 02:11:07', NULL),
('c1f2689abd89a6b2f7d587e07affed788db4e440', 'master', 'master', '2024-07-20 22:35:49', NULL),
('c1ff436418191b8ae4cd51288bf183db1e9adbc7', 'master', 'master', '2024-06-11 16:52:33', NULL),
('c23eb57b275cbf36c2fc98202b0dac1980af972d', 'master', 'master', '2021-07-22 21:24:10', NULL),
('c23fa16bf573499dd3f7080e8a849d0047e31ba2', 'master', 'master', '2021-03-17 19:55:12', NULL),
('c24a7bd8d0c018d638624c786aa08faff3a303c8', 'master', 'master', '2021-01-01 13:10:10', NULL),
('c28138edd6aa5ca526c6c0c40931f3bb75179d39', 'master', 'master', '2020-04-02 21:13:37', NULL),
('c29cfc02f571adbb4c03872525a7bc742459ff93', 'master', 'master', '2021-11-23 21:15:05', NULL),
('c2b095840156b30535eb2b0332233e68c56140c9', 'master', 'master', '2024-06-12 02:11:45', NULL),
('c2e1660163bf278d85ec4146e447bdfc156d9da2', 'master', 'master', '2024-05-30 02:42:20', NULL),
('c2fdbf4fa739f4a4d01bf3a94f6607d809d0b7be', 'master', 'master', '2020-12-25 20:58:47', NULL),
('c3006ec8042ea9f513c29c178b0ba1b8cb4212f1', 'master', 'master', '2021-08-08 16:40:44', NULL),
('c328bbb3ca92207efeb74bc1aa99ffef239a5cde', 'master', 'master', '2024-05-30 01:57:40', NULL),
('c34dee18d195e74abfb9935de619f9de9347d23a', 'master', 'master', '2024-06-29 22:45:00', NULL),
('c3c255f45a4537782ec3de28291ac736bd8969fd', 'master', 'master', '2024-07-24 21:53:39', NULL),
('c4074d0fb932a56cdad16d48b88fe253f8ad566b', 'master', 'master', '2021-05-26 21:41:03', NULL),
('c474cfb71eb8e160d883c2f5dc580bc7317843c1', 'master', 'master', '2024-07-10 02:20:29', NULL),
('c474ebfb0a230de597211f8bf7d805ba89d72c27', 'master', 'master', '2021-06-08 12:35:38', NULL),
('c47d2cbd0c62e8e21520ec65f66dbb6193ad21a1', 'master', 'master', '2020-12-23 21:43:04', NULL),
('c4b23bfa25ab5ca9ddf8ab9dad1c199385a86f94', 'master', 'master', '2021-07-11 16:31:50', NULL),
('c4c8c8eda35381ac541363cb7093975d057ab6e8', 'master', 'master', '2021-03-10 21:03:34', NULL),
('c4d3ea1e2c3402886ee4b808ce8f367267a93bb2', 'master', 'master', '2021-03-13 16:02:00', NULL),
('c505c2bd7b812eccdf12d95f1d9337ba99346c2e', 'master', 'master', '2024-08-03 02:20:42', NULL),
('c5073a24c95c388378201c550b4e56fc3fb6cdbf', 'master', 'master', '2021-10-22 21:04:50', NULL),
('c5668064e6b36ee383ca265e830758ea81f885cf', 'master', 'master', '2021-05-29 16:31:44', NULL),
('c575d0a4b9b3440efc013512c51450e3ae808937', 'master', 'master', '2020-02-04 03:30:14', NULL),
('c5b5f16f80c87a7e2dc0a4c3b1051c026e8db591', 'master', 'master', '2020-02-13 21:53:25', NULL),
('c5b65bffaa503840fe84af7c8b3a8b3019f06036', 'master', 'master', '2021-09-07 21:13:39', NULL),
('c5f0c088eaf03828923dc6acd7832a1b0677113e', 'master', 'master', '2021-11-11 21:13:21', NULL),
('c607ee4283b5a0ab040f4ae5384fccdb65fa36e6', 'master', 'master', '2021-05-22 16:35:55', NULL),
('c61343b7a5ab659402906015fd17afcb50101af6', 'master', 'master', '2021-05-12 20:17:41', NULL),
('c69f9e93e15cea4171889a336e21b5fcc1384487', 'master', 'master', '2024-06-26 16:14:18', NULL),
('c6cc9783c21278847eda649462439e557c524e21', 'master', 'master', '2021-07-20 21:47:42', NULL),
('c6e82619f4338a522f22b963d73179e31367de0f', 'master', 'master', '2024-06-23 21:26:26', NULL),
('c6fa247b644d1e09243d76fd1dcfe344d8a3260b', 'master', 'master', '2021-01-28 13:22:39', NULL),
('c706711e6ef08804288c82507a30084d1841c95a', 'master', 'master', '2021-07-15 16:03:41', NULL),
('c7091771ba119320c9fb3e65d20486079b073a95', 'master', 'master', '2024-07-17 02:13:42', NULL),
('c73b7d7816821be4ad61b1c9a27a58184602db8c', 'master', 'master', '2024-05-18 22:38:13', NULL),
('c74f74b343034a5ef7634f3e3b8caa8f53d0020f', 'master', 'master', '2021-07-01 21:23:36', NULL),
('c76623958d3be82d1146247a78dd2308a2fcc353', 'master', 'master', '2020-03-20 21:45:37', NULL),
('c7a059259e629d7123e82be5294a2fcba5bbe3a8', 'master', 'master', '2021-10-09 14:10:29', NULL),
('c7ed8ac04a3f0a920e712bab2b38ec0b80a27ed4', 'master', 'master', '2020-03-31 14:13:52', NULL),
('c80b6aeae2e128ac75abbb63f8c2c907221ad6b1', 'master', 'master', '2024-06-01 02:39:19', NULL),
('c8a29d7a03c44f0a1ebb35f83c8aff7e5b0c96b0', 'master', 'master', '2021-08-10 18:04:57', NULL),
('c8ceb0d9203a8fd417fddce82500705c4583d8c9', 'master', 'master', '2021-06-04 12:53:44', NULL),
('c962039a81dd1732c00f1135146e4d433c811ea7', 'master', 'master', '2021-06-27 15:54:26', NULL),
('c9c959da6e357a2498ea844e530517347d9b7481', 'master', 'master', '2021-09-23 12:52:27', NULL),
('c9e916bcb1646d428b16a44c27f971733e8be230', 'master', 'master', '2021-05-20 20:22:15', NULL),
('ca19476d97aaff36bedbd69455f9e66ba3aa080e', 'master', 'master', '2020-03-10 18:30:45', NULL),
('caac2fbcef83e2efdc89b320b8cb2e1f2e9e0a90', 'master', 'master', '2020-09-13 17:30:45', NULL),
('cba5f9b142d1c769945e9330847c50d56247dd3c', 'master', 'master', '2024-05-18 01:58:50', NULL),
('cbac412a33b5d16cf04c9423fc8689922facd507', 'master', 'master', '2020-12-29 21:02:58', NULL),
('cbeb7864267eaca0e76415f830687cc93dd4844b', 'master', 'master', '2021-09-11 16:40:13', NULL),
('cc089e1c7f24345310b54bf5adcacf231dd1bf29', 'master', 'master', '2020-08-26 21:28:38', NULL),
('cc1fcd7180a30ee7ed9b03fb7c162c94c1d25e42', 'master', 'master', '2020-09-12 17:29:33', NULL),
('cc43131b8c1e19a54e011f3fc858d578e0acbac0', 'master', 'master', '2020-12-24 12:22:57', NULL),
('cc453b8b879f3fe3962ef31f7e9395c5ff4880b6', 'master', 'master', '2021-01-23 17:42:59', NULL),
('ccbd47701d48d75f63c34c5642a582d3fd874f0d', 'master', 'master', '2024-06-08 02:20:32', NULL),
('ccd27b23fb2db26d1f119253afe62d2ea0fbc045', 'master', 'master', '2021-05-18 20:43:42', NULL),
('cd41907c548a7630ffa71eed5c72d59a7d010c01', 'master', 'master', '2020-03-14 17:23:55', NULL),
('cd9fec7739728d2d09f9ce3662956a68dc3921cd', 'master', 'master', '2020-03-15 18:15:59', NULL),
('cdb4e4cbc9cac27d440f1ecc090120179bd19a77', 'master', 'master', '2021-07-30 21:06:16', NULL),
('cdb6d96de4ac80b60c7bb30b9dc9db5b3d191e07', 'master', 'master', '2024-08-13 23:40:34', NULL),
('cdd7afd4861fee9a733fc7903719e1d8b4f77afa', 'master', 'master', '2021-10-15 21:37:34', NULL),
('cdf52984d232b08d695dd4d026fa11936f95e992', 'master', 'master', '2021-02-05 19:58:16', NULL),
('ce2ba98e05c284040229cbf3ec69f7f4244b4364', 'master', 'master', '2024-05-17 02:08:27', NULL),
('cef749a7180154bb7dca973fe4702f1e48d79bce', 'master', 'master', '2021-05-23 13:53:09', NULL),
('cf631da806337b3f6f7d0f84c68130b8eab17ce9', 'master', 'master', '2021-03-07 16:35:08', NULL),
('cf723fd032581e47ac5bcc0dd03bf2d3d6361f7f', 'master', 'master', '2024-07-16 21:03:32', NULL),
('cf81199c5b11f492c5886c682816fc03e5401819', 'master', 'master', '2021-01-26 20:03:39', NULL),
('cfd38c8e0ee897da36159ddc28227b20a3429078', 'master', 'master', '2021-02-12 21:33:41', NULL),
('d0347fe1033460e135e8edca38597228e177ef71', 'master', 'master', '2024-06-22 22:38:55', NULL),
('d04cd5d2cc932d1beeeb2d34fa8006632c982bdd', 'master', 'master', '2021-10-16 17:32:15', NULL),
('d09fd338e702a2a74bfecae322df760c38dd0e9d', 'master', 'master', '2020-03-06 13:09:50', NULL),
('d0ad4a9cba1d0bf7937e9136155aa4166d97b8cc', 'master', 'master', '2024-07-17 21:53:33', NULL),
('d0ba9e795ca13f6fde53c93d66d59bf1e4612424', 'master', 'master', '2024-07-27 22:37:00', NULL),
('d0d7fd150aea2886ae34e9d0b04607b50baeeaf9', 'master', 'master', '2024-08-01 01:54:08', NULL),
('d0ecbc4c19e1a8b84754dd579aacfef8019ff3ee', 'master', 'master', '2021-10-30 17:35:05', NULL),
('d11e0999b04897e76f33419a0871bef3b0b5b145', 'master', 'master', '2024-06-09 21:30:53', NULL),
('d124f158656525eb14ec77e42c96d316b09b0d3c', 'master', 'master', '2021-07-30 17:12:18', NULL),
('d138b9f670c1c5f313dc604f6889b988881f42b0', 'master', 'master', '2024-06-29 02:47:09', NULL),
('d16acd32e145b0c5428b4ca05723018b85eaa285', 'master', 'master', '2021-06-12 16:45:16', NULL),
('d18ce191591906f390c613e891d6f393e819749a', 'master', 'master', '2021-08-24 21:20:24', NULL),
('d246cb829e8db346040eb8e1e9fea96b9db93db8', 'master', 'master', '2024-01-26 01:21:50', NULL),
('d24ff26fad4d4d48b6166e80e6d3fe656a2419e7', 'master', 'master', '2021-09-10 21:00:57', NULL),
('d27a65741bc6baf26598835a308477d7ac9365af', 'master', 'master', '2021-10-29 21:28:49', NULL),
('d29db66c19706461fd4bafe78252e0be0eea97c2', 'master', 'master', '2024-07-03 01:57:49', NULL),
('d2a58b2ed228da75ea0b029263e44a69e63a4d8f', 'master', 'master', '2021-02-05 21:12:00', NULL),
('d2f51d672fe02d254bb9d9fe26b90f43236486d6', 'master', 'master', '2020-03-08 18:49:47', NULL),
('d3684fbd74f0a0963b144a07560332a17c9a6892', 'master', 'master', '2024-07-11 01:19:07', NULL),
('d3b4476989954387a9b7c1760a8bb85505584d6c', 'master', 'master', '2024-06-20 02:07:22', NULL),
('d40b206bbfb424fbef3e501a8358a839fc29ec0d', 'master', 'master', '2020-12-23 17:17:12', NULL),
('d410b7fc42fad62d43b867bd5f95d3be9521894f', 'master', 'master', '2020-03-26 21:25:25', NULL),
('d46a7d0ca19aa1213da8e1027e561c141a131342', 'master', 'master', '2020-03-01 17:37:50', NULL),
('d4720aeb4b41a62b5ecb46ddbd6bd336bdf16b53', 'master', 'master', '2021-01-06 21:23:51', NULL),
('d47e09c584d8de6325321f5625b12cd8d492a8dd', 'master', 'master', '2021-10-31 16:48:38', NULL),
('d48353e7cf78443cecf48c77165372c151aef8f4', 'master', 'master', '2021-10-06 20:56:17', NULL),
('d4a20854fc0649efd98f651db96d30bbf79d78be', 'master', 'master', '2021-10-10 17:33:54', NULL),
('d4a968e620c85d5b240286d628beb1e3ce1429fa', 'master', 'master', '2021-06-30 21:43:09', NULL),
('d4ab4c14729e42032e393e4a2517bd5e731412e2', 'master', 'master', '2021-06-03 17:33:11', NULL),
('d4b6de6baa93e21bc855b08f7c53b9b9e4a4f7ee', 'master', 'master', '2021-11-18 21:34:58', NULL),
('d4c43624ffc6077b43eaca756d4971a5c186856d', 'master', 'master', '2021-01-23 17:37:15', NULL),
('d4ed8bf9457db4d4d8a579acf919dc41f817a025', 'master', 'master', '2024-05-18 02:36:31', NULL),
('d4f720ddb6a403180cef7b62b59179a17517c593', 'master', 'master', '2021-09-04 16:36:07', NULL),
('d510f7afcefbe1e6b748859a2a3c78d939a8b8b2', 'master', 'master', '2020-09-29 21:21:24', NULL),
('d52458b2b985d6ab083de4a445e0001dbccea2a7', 'master', 'master', '2021-05-19 20:19:54', NULL),
('d53b391aa23616418ac96f25887c8e915feb529f', 'master', 'master', '2020-09-30 21:21:37', NULL),
('d555b46e63bf1292795f43f8aca70553ae7edcac', 'master', 'master', '2021-11-11 21:06:31', NULL),
('d59069e4ba1a9463a5c104c99453494302426747', 'master', 'master', '2020-08-21 19:00:52', NULL),
('d61e41fd31a9314304c6195004c0b31a6e5b3f17', 'master', 'master', '2021-02-17 14:47:22', NULL),
('d644d5f525d44d520f4e7f99e9f24a235db02145', 'master', 'master', '2021-11-14 16:37:22', NULL),
('d6d7510ebf69f97ec1251a2a1b46f54f42a6d7de', 'master', 'master', '2021-09-01 21:13:29', NULL),
('d6f53038469f706f1b022db8d0e65b46f00a3cad', 'master', 'master', '2020-03-24 21:14:58', NULL);
INSERT INTO `oauth_refresh_tokens` (`refresh_token`, `client_id`, `user_id`, `expires`, `scope`) VALUES
('d6f757c73656ed519981d0397da753bebca3f82f', 'master', 'master', '2024-06-22 02:35:16', NULL),
('d73dc32746fe7d3d6b19ee58741e416f368b08c2', 'master', 'master', '2020-02-20 21:14:47', NULL),
('d7628319ab0851f05ae7b806f82cd7006188b9be', 'master', 'master', '2021-03-02 20:56:52', NULL),
('d7a8e5efcc7d8cd6762ff7fd1d4271dfb1054615', 'master', 'master', '2021-10-14 18:26:52', NULL),
('d7f447d9d5d017bdac4940b9176647457e214369', 'master', 'master', '2021-06-17 16:28:07', NULL),
('d846803f1e04390010418bc61168cdbfb1e094d7', 'master', 'master', '2020-09-02 21:37:19', NULL),
('d85223ff14d6eb54eac4872f5a5fd565b35a62f3', 'master', 'master', '2021-06-03 21:24:48', NULL),
('d8753072694fffdf33d765d40115e0ee6cdfa92f', 'master', 'master', '2024-07-05 22:02:48', NULL),
('d8b49e2241ece5e27f556f2b973c8473c841fd0b', 'master', 'master', '2024-08-14 23:58:57', NULL),
('d9161d13bc6255c11c5acaade55c0d891344ec8e', 'master', 'master', '2020-09-13 16:44:20', NULL),
('d927f6f84d335377779854b28288d8849a89388f', 'master', 'master', '2021-09-19 16:30:35', NULL),
('d94e6bb230ba63fb2d3894d46872617b50a39dda', 'master', 'master', '2021-06-30 12:56:43', NULL),
('d95d42c39bc343d1f521dbd2bd1890515e363a5f', 'master', 'master', '2020-03-31 11:01:11', NULL),
('d98c7656621aec0d2f7872b2cba0a8087279d1d9', 'master', 'master', '2021-01-30 12:19:13', NULL),
('d994af86b30c911db1e9e0b0846ae14c95bcf4a1', 'master', 'master', '2021-03-19 18:22:56', NULL),
('d99f524a8bdcef689ccf6d9e7ade7c8fd6f339c1', 'master', 'master', '2021-08-10 21:16:15', NULL),
('d9c6d6cf7634afa12bf25ba6efe90c64e72a74b7', 'master', 'master', '2020-09-05 17:27:51', NULL),
('d9f4988ee9b189d96e4b5a01d82b804b776b7a90', 'master', 'master', '2020-02-21 18:20:29', NULL),
('d9fd9f3f85de64d9e37a79f91470d51f26c31bdc', 'master', 'master', '2024-07-04 02:23:16', NULL),
('da045bb0bd99c048367513714c63b3261aa73df6', 'master', 'master', '2021-10-05 21:15:15', NULL),
('da13e0b5fe46f44ab9c05a7ad4e9c196f9351f01', 'master', 'master', '2020-10-13 11:00:28', NULL),
('da2ac49509b17b7ba74b6aec4774730fe6a541f5', 'master', 'master', '2024-07-20 02:34:50', NULL),
('daa1023eb3944f9171ba5e520c5863d847febab2', 'master', 'master', '2021-02-11 21:24:31', NULL),
('db29878814fe53263942e918f195e0063e540043', 'master', 'master', '2024-07-28 21:28:05', NULL),
('db37e3ff30591157e1632f7209bbdf2c5cc3304f', 'master', 'master', '2020-09-12 17:22:04', NULL),
('db71559351ab748a374dd957621a80c37e7ecfa6', 'master', 'master', '2020-09-08 11:17:20', NULL),
('dbbb2bf909ca753a45ab522be599c069f36b5495', 'master', 'master', '2024-08-04 21:45:22', NULL),
('dbee6f1cb6c083b210f8114dd4325c282257e42e', 'master', 'master', '2024-05-18 21:36:20', NULL),
('dc1d68546a0da68d47d400b4fd0368a7e181d54b', 'master', 'master', '2024-07-06 15:55:00', NULL),
('dc3e85ff7a5dd970e942eb71c5dd6666d6c192b8', 'master', 'master', '2021-10-09 17:03:42', NULL),
('dca1aa78fce9439867dbcbf6237dbc9797783dcc', 'master', 'master', '2024-06-22 02:46:27', NULL),
('dce6947bbd0cffb5c2b513f1138f5799e9b71211', 'master', 'master', '2021-07-29 15:39:16', NULL),
('dd15cd5e2dc57b5fb8061c229b2cdc28281c99f9', 'master', 'master', '2024-01-24 01:08:51', NULL),
('dd32195e379a51bac788e3ec5db99c42a0f8a162', 'master', 'master', '2021-03-04 21:34:28', NULL),
('dd4a62fb26d3d1b0979b41acf8ea9206b4d2e520', 'master', 'master', '2024-08-04 21:40:14', NULL),
('dd505a5df00f66ef0cb8065eb9fe97cd43a69880', 'master', 'master', '2024-07-19 02:09:44', NULL),
('dd66e4e0f185c58108c434cc993696ec87cd583b', 'master', 'master', '2020-04-01 11:54:48', NULL),
('dd704af4d0a8c1b7f966ee3dc4478f665da5aa52', 'master', 'master', '2024-06-23 15:51:31', NULL),
('dd9bba9e26c71a5a74dde535f407e38d0286830e', 'master', 'master', '2024-07-12 00:14:18', NULL),
('ddce4c6a1bed1fa3893b7f50f0ab409f6507fe31', 'master', 'master', '2024-07-06 02:29:34', NULL),
('ddd91a587207df74bb25550ed9d0178762cdb4e4', 'master', 'master', '2024-06-12 02:16:15', NULL),
('de043fd426c6df2838f1876f1801eaddeb14dd62', 'master', 'master', '2024-07-31 02:15:11', NULL),
('de730142dbb45bb9d11f46d1787c05d52f07e196', 'master', 'master', '2024-05-23 02:08:21', NULL),
('df1678e91de878622aa93480301c06d1ed8d535f', 'master', 'master', '2024-01-24 22:42:12', NULL),
('df1c9450fd64f88f57985c5533fae07175959ffb', 'master', 'master', '2021-08-06 21:13:10', NULL),
('dfe76ccf0ad49441e47000fc64e68307f091d137', 'master', 'master', '2021-03-12 21:02:04', NULL),
('e02a46a39f663d98a17f029ed39dd0368c371ad9', 'master', 'master', '2021-02-18 21:52:46', NULL),
('e0655a39f47991e4a3d39d898b464090e03f993c', 'master', 'master', '2021-05-28 21:16:59', NULL),
('e07ba72b5e05b2a48580d2be1895875ef691560f', 'master', 'master', '2020-02-18 12:20:24', NULL),
('e0a5e10e25594a9982acba14bcba2a878ad5d0ca', 'master', 'master', '2020-12-26 16:10:38', NULL),
('e0c5fcadece9270773f754c56f5ef406e0223d65', 'master', 'master', '2020-03-13 21:45:16', NULL),
('e10ec07d67dd4c013d5444897c5595122f2f00ff', 'master', 'master', '2021-03-03 21:14:37', NULL),
('e11ecd023803cedc85ac3527edd44ce9845dbaba', 'master', 'master', '2024-06-06 02:22:12', NULL),
('e133b449ae03fd038fdbb8b7bad666424c1e12e4', 'master', 'master', '2020-03-26 12:57:45', NULL),
('e141da1acb1c81abcbe28b079f7d46c257ef413d', 'master', 'master', '2021-11-07 16:25:08', NULL),
('e15fd6cbb4591b2af301840f81539fbadb651e4c', 'master', 'master', '2021-06-24 21:16:02', NULL),
('e17b134e01275cd8af082ce3c562c623599619b2', 'master', 'master', '2024-01-21 20:13:00', NULL),
('e1b51f543ff18c5e30ff344d7cd0c3029832c2ea', 'master', 'master', '2021-10-26 16:43:03', NULL),
('e1bf69b4fd3b8f56ec7737d39de2426155290359', 'master', 'master', '2024-06-29 22:42:53', NULL),
('e2de6869c77a749a93a1a0d384f2bd342effd4c3', 'master', 'master', '2020-09-17 21:08:18', NULL),
('e3574cb6855a201eeb377e107d4491c99c2e780a', 'master', 'master', '2020-10-10 18:19:34', NULL),
('e367c3d0b52bc656237aa2befb88b5d0b16d9811', 'master', 'master', '2021-09-11 13:50:57', NULL),
('e37eb8eb50b36a07f416fc5d4409e0ae4dfe7d68', 'master', 'master', '2021-03-14 16:37:05', NULL),
('e3db0e617d97fb926fcf93eeb9e17b6bf61b8720', 'master', 'master', '2024-07-13 22:25:24', NULL),
('e4357be7fc301f9e4f4f06ca6b227550a6c91b16', 'master', 'master', '2024-06-20 02:07:48', NULL),
('e45e8d2e196b772b37d3de5ad8cfb4f30fc5b780', 'master', 'master', '2021-02-28 11:18:16', NULL),
('e463a1faadc07b12ed321765443b0d1d974da841', 'master', 'master', '2021-01-12 21:27:20', NULL),
('e49ac42f8057468498a3bb0751890ddb3858b70a', 'master', 'master', '2020-02-29 19:26:16', NULL),
('e4a43a5670efee96054786f0f487cf69bd29a531', 'master', 'master', '2021-03-12 21:13:27', NULL),
('e4b246709dec4f4e43729d0bb77376a1496bc4d7', 'master', 'master', '2021-11-16 12:51:09', NULL),
('e4ccbb7b6efe1aba9ac0f613e39cc40416cea27c', 'master', 'master', '2020-09-09 21:02:54', NULL),
('e4d9b6d5ac54bc389c187deea344595e1c6e0f93', 'master', 'master', '2020-02-27 21:16:07', NULL),
('e4eaef6f991071dc2d7c7f78fece48c93386955c', 'master', 'master', '2021-06-13 11:38:50', NULL),
('e50b17e155091a5425b312b852e7758a2bacb097', 'master', 'master', '2020-04-02 21:14:17', NULL),
('e538d36e7177202b177cf87e69bb73a678fc09e3', 'master', 'master', '2021-05-13 17:56:03', NULL),
('e5a82a03b2d48bfc9d672dfdce320487a4e16bcf', 'master', 'master', '2024-01-24 22:38:48', NULL),
('e5ba606e21ba63ada8e7d2e62aa3dc6894f32ab2', 'master', 'master', '2021-10-30 16:29:00', NULL),
('e5f4c3df2055b252569d3845e1b7cf33debd23d8', 'master', 'master', '2021-08-05 20:57:34', NULL),
('e6123ff1d4afe63a1faf0aff75ec59d983811516', 'master', 'master', '2021-10-02 11:58:28', NULL),
('e62ad4c815a1ccf093b795a526e6bd7daed8d917', 'master', 'master', '2021-08-21 16:20:59', NULL),
('e6460449dd084011f7fb63ba4bdcda0f660d1391', 'master', 'master', '2021-05-28 21:15:56', NULL),
('e6b97f3607c508686715c242308262f30213e358', 'master', 'master', '2021-09-12 16:43:46', NULL),
('e6f346d974e88ab73d367088732d60c1eb480e18', 'master', 'master', '2020-10-01 11:24:11', NULL),
('e70424ffd556031d55c290fa09da51f9898ee598', 'master', 'master', '2021-11-21 10:52:26', NULL),
('e7313fae1ecab8aff40b0d296f45ca042b2dc6af', 'master', 'master', '2020-02-29 18:24:30', NULL),
('e7c51daa298b56b7f50b7e299cd0890d609b9f44', 'master', 'master', '2024-07-12 02:37:39', NULL),
('e7dbf05fe8bca82ca698cb67462f4d5fecef2d8f', 'master', 'master', '2020-02-12 21:18:06', NULL),
('e7f13f5c2df55f8a153b16b6fd3e0226a25be29a', 'master', 'master', '2024-08-14 02:31:36', NULL),
('e7f6b13fb197e9b711c1f3c2e0366f3caf2ebcd2', 'master', 'master', '2024-01-25 01:06:03', NULL),
('e82e6e1619837827ba6bc56c041d78ee7cede280', 'master', 'master', '2024-07-04 23:35:59', NULL),
('e83a043d35f36d66f113f3e0522a9d74812ba018', 'master', 'master', '2024-01-26 21:38:50', NULL),
('e8811fc78192b51d233be00c69dc63fdfc98f940', 'master', 'master', '2020-03-18 21:20:01', NULL),
('e8e0f5bed6a168a5f49f8b100b4b4faa73c57ecf', 'master', 'master', '2021-08-31 21:09:21', NULL),
('e8e62fa7ef957ace3d0fcc9f1ca0e8811757e556', 'master', 'master', '2024-05-19 21:46:44', NULL),
('e8f3865aa6bb7f709b62d2f5d5a25cb4d31afff2', 'master', 'master', '2024-07-27 02:14:33', NULL),
('e93339f261a6eddc5804d811717c8171e60e1089', 'master', 'master', '2020-10-07 21:46:21', NULL),
('e9386252790f226f29b9371b32e54c62068a1ed1', 'master', 'master', '2021-06-02 20:40:00', NULL),
('e9412ba7bb4838faa0f5642664a64ffa915a32f8', 'master', 'master', '2024-06-11 22:29:13', NULL),
('e993ce25d386779915e58314127f7b2d52f5a505', 'master', 'master', '2021-05-13 18:58:52', NULL),
('ea80564583d532a328d39dec998a2c5f547cb179', 'master', 'master', '2024-05-29 02:09:51', NULL),
('eac82e27b49ed9291cab2019532284b7351e3314', 'master', 'master', '2024-07-25 15:49:35', NULL),
('eaed6fa0e373e42a2f527e814df0a4c9ddd3c808', 'master', 'master', '2021-05-23 16:14:34', NULL),
('eb13d397a5ec12a980a622ddc6ecdf365e1ca9f0', 'master', 'master', '2020-12-27 16:47:19', NULL),
('eb62ce4dab6acb39fd058d280603652247a1ca6c', 'master', 'master', '2021-05-14 20:17:39', NULL),
('ebe758aabf8d332ab8b62e46c264fcd3999ec767', 'master', 'master', '2024-07-30 21:22:15', NULL),
('ec58d8b5747053cbcd912a7611b07cc5a89f2cc8', 'master', 'master', '2024-06-12 01:55:24', NULL),
('ec9a488861e60af653d8dc40d054a22a695b4ef6', 'master', 'master', '2021-08-01 16:33:35', NULL),
('ece7753f29cb97b7d7bd50629128b6c9058877ac', 'master', 'master', '2020-02-15 19:22:13', NULL),
('ecf8609cb711aae78be5fb4844d8f1b9cd553dcf', 'master', 'master', '2021-07-30 12:54:18', NULL),
('ed1d3fa1755f5e2ae757644a1cd75362a9e0a08b', 'master', 'master', '2021-08-19 21:16:30', NULL),
('ed6d6009951a18a48fbb60eb9f210ea31a76491b', 'master', 'master', '2024-01-19 01:10:48', NULL),
('ed760b05f0a699084a5f82961355fef6f54139bf', 'master', 'master', '2020-03-25 21:21:24', NULL),
('ed7e47b0c655202e2771e1f46655b731ade51a36', 'master', 'master', '2024-07-25 02:24:23', NULL),
('ed89dc409b4deca9539d4b231908a02f90898026', 'master', 'master', '2021-08-05 20:56:35', NULL),
('edcbd589fabaf929ed07a7497f1828aed586a1c9', 'master', 'master', '2024-08-01 21:19:10', NULL),
('edec90764d3f594973b055fef3f65b345a7236f0', 'master', 'master', '2021-10-14 21:06:54', NULL),
('edf43bf7d3a997a08f0d560dceccf404bc0e3822', 'master', 'master', '2021-05-27 16:52:42', NULL),
('edff233ca41fd06a572176d5a11cd3cc7fdaeec8', 'master', 'master', '2021-08-26 21:17:56', NULL),
('ee936a2c181416d8eaeeea2bd8e0c60100b67154', 'master', 'master', '2024-05-31 02:13:45', NULL),
('eeb87d5a294e844543844ced391839d923d2be26', 'master', 'master', '2021-10-07 17:09:20', NULL),
('eecd063a9232e1259ed617a438448c0aed3425dc', 'master', 'master', '2024-08-01 21:03:16', NULL),
('eed2ba04151ba79d035c67587920faf79ddf05da', 'master', 'master', '2021-11-19 21:33:20', NULL),
('eee211b431fcf2aa970a2871c217fb04b835e209', 'master', 'master', '2020-02-25 21:47:43', NULL),
('ef6adeec2e5ca7510ff2090a2aa2c17b10d81d58', 'master', 'master', '2021-09-23 17:38:20', NULL),
('ef93af01fd7e6ac87d90ec7bfb13c77c42f74a19', 'master', 'master', '2021-10-29 21:35:06', NULL),
('efab552a2c5cd6b750301ac6221ae525461cb082', 'master', 'master', '2020-03-24 11:02:57', NULL),
('f023d92d8d3f6446ee1975da2ee5192dc84bbfb4', 'master', 'master', '2021-09-25 17:34:22', NULL),
('f030307a4323673526fe99634afdb494138e1e77', 'master', 'master', '2021-03-04 18:25:29', NULL),
('f09749f126520e4cdbf0849cd61ca4579d7f774d', 'master', 'master', '2021-07-14 15:58:52', NULL),
('f0b16b9485856b73f0c261d347187745270c3508', 'master', 'master', '2021-02-19 21:38:46', NULL),
('f0ba8df9bc53225736ca4661f36d6469eee10842', 'master', 'master', '2024-01-20 01:50:25', NULL),
('f0df1080970b137a1810cae7324eaf6f2ebf410d', 'master', 'master', '2021-11-24 21:17:36', NULL),
('f10daacd840cff79b8c48e65cb31eb277cb4d205', 'master', 'master', '2020-12-24 21:17:33', NULL),
('f1525b9f33e6f83e9167e96de888420536d62f35', 'master', 'master', '2024-07-12 02:09:53', NULL),
('f1ce12598cdbe5ffdaae9f90184b203d8210994e', 'master', 'master', '2021-11-20 10:56:55', NULL),
('f1d871ac31793cbd7f46d4292b92c7db6ebe96f3', 'master', 'master', '2020-10-07 21:33:25', NULL),
('f22b2c1859041bcb16d6de1ca17c97f7d3ee563c', 'master', 'master', '2021-11-02 21:40:56', NULL),
('f230d1347f194f39e7b5255120ebb18466d635fa', 'master', 'master', '2024-06-12 22:07:57', NULL),
('f244acb3ee9c17e8d2598fabc6dd1bb768ebd508', 'master', 'master', '2024-08-02 02:08:43', NULL),
('f2618c7fbc2fbb107cb4245e994475229d8a7e13', 'master', 'master', '2024-07-03 21:17:40', NULL),
('f2f308362a0f3940960509eca89cc267ffc63892', 'master', 'master', '2021-02-17 21:16:45', NULL),
('f3798aba8453f5aa1756339ebaeb25bfebf95ef5', 'master', 'master', '2020-03-24 19:26:09', NULL),
('f3cc3d64038df6b8c9f4e12598aeecdb7b8b66d2', 'master', 'master', '2024-06-30 21:20:55', NULL),
('f3e732be75590b4667fe64af05226acfefc4f091', 'master', 'master', '2020-02-27 11:59:19', NULL),
('f43f40618ef734fe161773d3a89c03b117714be0', 'master', 'master', '2024-07-30 15:49:26', NULL),
('f47d32e240bbd4c7421d544fcad99959b1439581', 'master', 'master', '2021-08-05 13:51:35', NULL),
('f4907061d38fa76926d4903c3911679c0b9ee07b', 'master', 'master', '2024-07-17 02:15:40', NULL),
('f4a8245c04c9f04e9773301a17a1282efbbc57a0', 'master', 'master', '2021-02-06 16:34:32', NULL),
('f50d52d9c0c40d788e9d2c09806aa2c0c52fe8c6', 'master', 'master', '2021-07-16 21:21:23', NULL),
('f518bc95694b50e5d6548421c8e6d712d799fddb', 'master', 'master', '2024-05-05 21:32:06', NULL),
('f5b35e24961a229777c85220c427fc28866bbf8e', 'master', 'master', '2021-08-31 21:39:16', NULL),
('f5ebbe0162b2e94b7a52398f96b0e64a2310e4b0', 'master', 'master', '2020-03-10 18:12:57', NULL),
('f61a824a5ae3d4621e9885ff70f72732c9f7cd40', 'master', 'master', '2024-01-20 21:24:48', NULL),
('f6612307faca3bcc4fcb3b1b9759fb9b8ddeb6bb', 'master', 'master', '2021-03-19 21:32:36', NULL),
('f66f73eb4b618465b14dc6652efbf21053286493', 'master', 'master', '2021-09-16 21:18:40', NULL),
('f67d43a3945692007ec5cacee6cee1ad86531a3c', 'master', 'master', '2021-06-24 21:11:02', NULL),
('f6fa2428d4d929fb3f40aa4fc24bcf396935364d', 'master', 'master', '2021-08-17 21:33:46', NULL),
('f713d45ddaab831f879d2c7439643ef667728607', 'master', 'master', '2024-05-09 01:41:25', NULL),
('f72512e19319a0767aa62021acbf15fb40873341', 'master', 'master', '2021-11-03 21:46:07', NULL),
('f78aa2df9125cd598bc0f46f49e838463e309480', 'master', 'master', '2024-05-15 01:36:43', NULL),
('f7b1ba8671dbb3eed864b4ecd9d700ad857988f5', 'master', 'master', '2020-09-15 20:14:53', NULL),
('f7dbe927f67856881fd3919ebedd9fb0729a0c67', 'master', 'master', '2021-03-18 17:34:01', NULL),
('f84ca7b591c882e65aeed869529c9ce2f7e36889', 'master', 'master', '2024-05-19 21:35:21', NULL),
('f84e287d1f928a1d1ea429a70a114be525e4d9e3', 'master', 'master', '2021-06-22 14:46:34', NULL),
('f84ff02fb9181db668f75ab862f22b0bfbad1d18', 'master', 'master', '2021-11-04 18:53:23', NULL),
('f8bf47167e27266b3d57447aefb729859f85148a', 'master', 'master', '2021-08-20 21:38:27', NULL),
('f92ba17de767a99e1a7450e950b60916f4cd5b9c', 'master', 'master', '2021-10-10 17:28:52', NULL),
('f9636d6c280c7e16b7382c8889788c06079441b8', 'master', 'master', '2020-09-03 21:29:06', NULL),
('f9a2b246b80e571f73ffd8d2adbb46efd0abec9a', 'master', 'master', '2020-03-07 18:29:43', NULL),
('f9a4b58ee8c878e5419480355ecbdf77d755449e', 'master', 'master', '2021-02-23 21:54:17', NULL),
('fa10bc6b722a472f66b5ceff5fcff26ee7df3628', 'master', 'master', '2021-05-08 16:39:32', NULL),
('fa20dc0cc53a9ad9e4788c3e3ee661e09b5e6bb1', 'master', 'master', '2024-06-21 16:25:44', NULL),
('fa4d5826286989aba47d36a2257281443d1e52c7', 'master', 'master', '2020-02-23 18:05:02', NULL),
('faa85d256df56d60efc916471244b9fcf366d5ca', 'master', 'master', '2024-05-26 21:36:51', NULL),
('fb1cdfeb62b9d7a40951ff8936e8487472480991', 'master', 'master', '2020-02-18 21:41:30', NULL),
('fb27bc890c17adb73747b3f2597189ab419f0074', 'master', 'master', '2024-07-13 02:22:18', NULL),
('fb7c9f83907002fcd0808ab1dd87f09707516988', 'master', 'master', '2020-03-05 21:26:02', NULL),
('fb7d039c50cf6132b5b607945468b8b597ae7223', 'master', 'master', '2024-07-02 21:53:02', NULL),
('fba23402151fd45e658f5440cb3a21db5fae8ba1', 'master', 'master', '2021-02-27 16:35:08', NULL),
('fbb8eef5ddb90b45d618f41ebcb119e816178456', 'master', 'master', '2021-07-25 16:31:00', NULL),
('fbbf95144e5c14e15833284bdb2054af6819e310', 'master', 'master', '2024-07-14 21:40:46', NULL),
('fc151d2f0f64d12c228d52c1f38831c8e5895650', 'master', 'master', '2021-08-19 21:02:43', NULL),
('fc263bb845dabcc13f02faefb292056fe74da2e2', 'master', 'master', '2021-07-17 12:48:03', NULL),
('fc546734fd55a3599c114322420bde9298d4faf3', 'master', 'master', '2024-06-23 21:36:21', NULL),
('fc7d6f1f6aa58598e3bc39b8f18fcdf383232b56', 'master', 'master', '2021-07-27 21:16:32', NULL),
('fce9bb9365237583bb44cfe98a757f4fbf91cfe9', 'master', 'master', '2021-10-01 18:45:31', NULL),
('fd05017e723e2eb018c2a48e15e56bfac922be2e', 'master', 'master', '2024-05-11 21:12:53', NULL),
('fd8cb40db0d7e60fbb6f6badb1064359382a775a', 'master', 'master', '2024-05-22 02:13:53', NULL),
('fdd61b2c7ba2113af205b771335c2808953f0f6c', 'master', 'master', '2021-07-29 21:35:27', NULL),
('fe4f6f287ad4a8e57d86f6cdc0c2d3788355cf4e', 'master', 'master', '2020-03-04 13:00:08', NULL),
('feb63ec2b295b63821cdbaf35388414f961d4643', 'master', 'master', '2021-05-30 15:53:02', NULL),
('fedd29423a29743726e2c3b9cd4a26434ddfc48f', 'master', 'master', '2020-09-10 21:51:22', NULL),
('ff77e05c346904dce008921e22c2f28fa8c897d7', 'master', 'master', '2024-07-21 21:26:41', NULL),
('fff130a93efd7f17c91fa70d9c4a10e9f128fd6e', 'master', 'master', '2024-05-18 02:40:37', NULL),
('fff435436fa4151deef1af28b66665288a7e033c', 'master', 'master', '2021-07-31 15:54:41', NULL);

-- --------------------------------------------------------

--
-- Estrutura da tabela `oauth_scopes`
--

CREATE TABLE `oauth_scopes` (
  `scope` text DEFAULT NULL,
  `is_default` tinyint(1) DEFAULT NULL
) ENGINE=InnoDB DEFAULT CHARSET=latin1;

-- --------------------------------------------------------

--
-- Estrutura da tabela `paineis`
--

CREATE TABLE `paineis` (
  `unidade_id` int(11) NOT NULL,
  `host` int(11) NOT NULL
) ENGINE=InnoDB DEFAULT CHARSET=utf8;

-- --------------------------------------------------------

--
-- Estrutura da tabela `paineis_servicos`
--

CREATE TABLE `paineis_servicos` (
  `host` int(11) NOT NULL,
  `unidade_id` int(11) NOT NULL,
  `servico_id` int(11) NOT NULL
) ENGINE=InnoDB DEFAULT CHARSET=utf8;

-- --------------------------------------------------------

--
-- Estrutura da tabela `painel_senha`
--

CREATE TABLE `painel_senha` (
  `id` int(11) NOT NULL,
  `unidade_id` int(11) NOT NULL,
  `servico_id` int(11) NOT NULL,
  `num_senha` int(11) NOT NULL,
  `sig_senha` varchar(1) NOT NULL,
  `msg_senha` varchar(20) NOT NULL,
  `local` varchar(15) NOT NULL,
  `num_local` smallint(6) NOT NULL,
  `peso` smallint(6) NOT NULL,
  `prioridade` varchar(100) DEFAULT NULL,
  `nome_cliente` varchar(100) DEFAULT NULL,
  `documento_cliente` varchar(30) DEFAULT NULL
) ENGINE=InnoDB DEFAULT CHARSET=utf8;

--
-- Extraindo dados da tabela `painel_senha`
--

INSERT INTO `painel_senha` (`id`, `unidade_id`, `servico_id`, `num_senha`, `sig_senha`, `msg_senha`, `local`, `num_local`, `peso`, `prioridade`, `nome_cliente`, `documento_cliente`) VALUES
(4578, 1, 1, 1, 'A', 'Convencional', 'Mesa', 2, 0, 'Sem prioridade', '', ''),
(4579, 1, 1, 2, 'A', 'Convencional', 'Mesa', 2, 0, 'Sem prioridade', '', ''),
(4580, 1, 1, 3, 'A', 'Convencional', 'Mesa', 2, 0, 'Sem prioridade', '', ''),
(4581, 1, 1, 4, 'A', 'Convencional', 'Mesa', 1, 0, 'Sem prioridade', '', ''),
(4582, 1, 1, 5, 'A', 'Convencional', 'Mesa', 3, 0, 'Sem prioridade', '', ''),
(4583, 1, 1, 6, 'A', 'Convencional', 'Mesa', 4, 0, 'Sem prioridade', '', ''),
(4584, 1, 1, 7, 'A', 'Convencional', 'Mesa', 1, 0, 'Sem prioridade', '', ''),
(4585, 1, 1, 8, 'A', 'Convencional', 'Mesa', 3, 0, 'Sem prioridade', '', ''),
(4586, 1, 1, 9, 'A', 'Convencional', 'Mesa', 4, 0, 'Sem prioridade', '', ''),
(4587, 1, 1, 10, 'A', 'Convencional', 'Mesa', 4, 0, 'Sem prioridade', '', ''),
(4588, 1, 6, 11, 'C', 'Convencional', 'Mesa', 1, 0, 'Sem prioridade', '', ''),
(4589, 1, 1, 12, 'A', 'Convencional', 'Mesa', 3, 0, 'Sem prioridade', '', ''),
(4590, 1, 1, 13, 'A', 'Convencional', 'Mesa', 2, 0, 'Sem prioridade', '', ''),
(4591, 1, 1, 14, 'A', 'Convencional', 'Mesa', 4, 0, 'Sem prioridade', '', ''),
(4592, 1, 1, 15, 'A', 'Convencional', 'Mesa', 3, 0, 'Sem prioridade', '', ''),
(4593, 1, 6, 16, 'C', 'Convencional', 'Mesa', 2, 0, 'Sem prioridade', '', ''),
(4594, 1, 1, 17, 'A', 'Convencional', 'Mesa', 4, 0, 'Sem prioridade', '', ''),
(4595, 1, 1, 17, 'A', 'Convencional', 'Mesa', 4, 0, 'Sem prioridade', '', ''),
(4596, 1, 1, 18, 'A', 'Convencional', 'Mesa', 3, 0, 'Sem prioridade', '', ''),
(4597, 1, 1, 19, 'A', 'Convencional', 'Mesa', 2, 0, 'Sem prioridade', '', ''),
(4598, 1, 1, 20, 'A', 'Convencional', 'Mesa', 4, 0, 'Sem prioridade', '', ''),
(4599, 1, 1, 21, 'A', 'Convencional', 'Mesa', 2, 0, 'Sem prioridade', '', ''),
(4600, 1, 1, 22, 'A', 'Convencional', 'Mesa', 3, 0, 'Sem prioridade', '', ''),
(4601, 1, 1, 23, 'A', 'Convencional', 'Mesa', 1, 0, 'Sem prioridade', '', ''),
(4602, 1, 6, 24, 'C', 'Convencional', 'Mesa', 4, 0, 'Sem prioridade', '', ''),
(4603, 1, 1, 25, 'A', 'Convencional', 'Mesa', 2, 0, 'Sem prioridade', '', ''),
(4604, 1, 1, 26, 'A', 'Convencional', 'Mesa', 1, 0, 'Sem prioridade', '', ''),
(4605, 1, 1, 27, 'A', 'Convencional', 'Mesa', 4, 0, 'Sem prioridade', '', ''),
(4606, 1, 1, 28, 'A', 'Convencional', 'Mesa', 2, 0, 'Sem prioridade', '', ''),
(4607, 1, 6, 29, 'C', 'Convencional', 'Mesa', 1, 0, 'Sem prioridade', '', ''),
(4608, 1, 1, 30, 'A', 'Convencional', 'Mesa', 4, 0, 'Sem prioridade', '', ''),
(4609, 1, 1, 31, 'A', 'Convencional', 'Mesa', 2, 0, 'Sem prioridade', '', ''),
(4610, 1, 6, 32, 'C', 'Convencional', 'Mesa', 3, 0, 'Sem prioridade', '', ''),
(4611, 1, 6, 33, 'C', 'Convencional', 'Mesa', 1, 0, 'Sem prioridade', '', ''),
(4612, 1, 1, 34, 'A', 'Convencional', 'Mesa', 3, 0, 'Sem prioridade', '', '');

-- --------------------------------------------------------

--
-- Estrutura da tabela `prioridades`
--

CREATE TABLE `prioridades` (
  `id` int(11) NOT NULL,
  `nome` varchar(64) NOT NULL,
  `descricao` varchar(100) NOT NULL,
  `peso` smallint(6) NOT NULL,
  `status` smallint(6) NOT NULL
) ENGINE=InnoDB DEFAULT CHARSET=utf8;

--
-- Extraindo dados da tabela `prioridades`
--

INSERT INTO `prioridades` (`id`, `nome`, `descricao`, `peso`, `status`) VALUES
(1, 'Sem prioridade', 'Atendimento normal', 0, 1),
(7, 'PRIORIDADE', 'PRIORIDADE', 1, 1);

-- --------------------------------------------------------

--
-- Estrutura da tabela `servicos`
--

CREATE TABLE `servicos` (
  `id` int(11) NOT NULL,
  `macro_id` int(11) DEFAULT NULL,
  `descricao` varchar(100) NOT NULL,
  `nome` varchar(50) NOT NULL,
  `status` smallint(6) NOT NULL,
  `peso` smallint(6) NOT NULL
) ENGINE=InnoDB DEFAULT CHARSET=utf8;

--
-- Extraindo dados da tabela `servicos`
--

INSERT INTO `servicos` (`id`, `macro_id`, `descricao`, `nome`, `status`, `peso`) VALUES
(1, NULL, 'Atendimento Associado', 'ATENDIMENTO ASSOCIADO', 1, 1),
(2, 1, 'ADESAO', 'ADESAO', 1, 1),
(3, 1, 'READMISSÃO', 'READMISSÃO', 1, 1),
(4, NULL, 'SEGUNDA VIA DA CARTEIRINHA', 'SEGUNDA VIA DA CARTEIRINHA', 1, 1),
(5, NULL, 'CAMPANHA', 'CAMPANHA', 1, 1),
(6, NULL, 'CANCELAMENTO DE TITULO', 'CANCELAMENTO DE TITULO', 1, 1),
(7, NULL, 'BLOQUEIO DE CARTEIRINHA', 'BLOQUEIO DE CARTEIRINHA', 1, 1),
(8, NULL, 'RECLAMAÇÃO', 'RECLAMAÇÃO', 1, 1),
(9, NULL, 'ACESSO WEB', 'ACESSO WEB', 1, 1),
(10, NULL, 'BIOMETRIA', 'BIOMETRIA', 1, 1),
(11, NULL, 'APRESENTACAO  DO CLUBE', 'APRESENTACAO DO CLUBE', 1, 1),
(12, 1, 'ATENDIMENTO ASSOCIADO', 'ATENDIMENTO ASSOCIADO', 1, 1),
(13, NULL, 'PRIORIDADE', 'PRIORIDADE', 1, 1),
(14, 1, 'PRIRIDADE', 'PRIORIDADE', 1, 1);

-- --------------------------------------------------------

--
-- Estrutura da tabela `serv_meta`
--

CREATE TABLE `serv_meta` (
  `servico_id` int(11) NOT NULL,
  `name` varchar(50) NOT NULL,
  `value` text DEFAULT NULL
) ENGINE=MyISAM DEFAULT CHARSET=utf8;

-- --------------------------------------------------------

--
-- Estrutura da tabela `unidades`
--

CREATE TABLE `unidades` (
  `id` int(11) NOT NULL,
  `grupo_id` int(11) NOT NULL,
  `codigo` varchar(10) NOT NULL,
  `nome` varchar(50) NOT NULL,
  `status` smallint(6) NOT NULL,
  `stat_imp` smallint(6) NOT NULL,
  `msg_imp` varchar(100) NOT NULL
) ENGINE=InnoDB DEFAULT CHARSET=utf8;

--
-- Extraindo dados da tabela `unidades`
--

INSERT INTO `unidades` (`id`, `grupo_id`, `codigo`, `nome`, `status`, `stat_imp`, `msg_imp`) VALUES
(1, 2, '1', 'ATENDIMENTO ASSOCIADO', 1, 1, 'ATENDIMENTO ADPM FALCÃO AZUL'),
(2, 3, '2', 'CAIXA', 1, 1, 'Novo SGA'),
(3, 5, 'PRIORIDADE', 'PRIORIDADE', 1, 1, 'Novo SGA');

-- --------------------------------------------------------

--
-- Estrutura da tabela `uni_meta`
--

CREATE TABLE `uni_meta` (
  `unidade_id` int(11) NOT NULL,
  `name` varchar(50) NOT NULL,
  `value` text DEFAULT NULL
) ENGINE=MyISAM DEFAULT CHARSET=utf8;

-- --------------------------------------------------------

--
-- Estrutura da tabela `uni_serv`
--

CREATE TABLE `uni_serv` (
  `unidade_id` int(11) NOT NULL,
  `servico_id` int(11) NOT NULL,
  `local_id` int(11) NOT NULL,
  `sigla` varchar(1) NOT NULL,
  `status` smallint(6) NOT NULL,
  `peso` smallint(6) NOT NULL
) ENGINE=InnoDB DEFAULT CHARSET=utf8;

--
-- Extraindo dados da tabela `uni_serv`
--

INSERT INTO `uni_serv` (`unidade_id`, `servico_id`, `local_id`, `sigla`, `status`, `peso`) VALUES
(1, 1, 3, 'A', 1, 2),
(1, 3, 3, 'P', 1, 2),
(1, 4, 3, 'S', 0, 1),
(1, 5, 3, 'E', 1, 2),
(1, 6, 3, 'C', 1, 2),
(1, 7, 3, 'B', 0, 1),
(1, 8, 3, 'R', 0, 1),
(1, 9, 3, 'W', 0, 1),
(1, 10, 3, 'B', 0, 1),
(1, 11, 1, 'P', 0, 1),
(1, 12, 1, 'A', 0, 1),
(1, 13, 3, 'A', 0, 1);

-- --------------------------------------------------------

--
-- Estrutura da tabela `usuarios`
--

CREATE TABLE `usuarios` (
  `id` int(11) NOT NULL,
  `login` varchar(20) NOT NULL,
  `nome` varchar(20) NOT NULL,
  `sobrenome` varchar(100) NOT NULL,
  `senha` varchar(60) NOT NULL,
  `ult_acesso` datetime DEFAULT NULL,
  `status` smallint(6) NOT NULL,
  `session_id` varchar(50) DEFAULT NULL
) ENGINE=InnoDB DEFAULT CHARSET=utf8;

--
-- Extraindo dados da tabela `usuarios`
--

INSERT INTO `usuarios` (`id`, `login`, `nome`, `sobrenome`, `senha`, `ult_acesso`, `status`, `session_id`) VALUES
(1, 'master', 'Master', 'Assad', 'eb0a191797624dd3a48fa681d3061212', '2024-07-31 16:22:32', 1, 'a1djtdau74a4hgup80qe97jigu'),
(2, 'kerolayne', 'Kerolayne', 'Akemy', 'fd0714b4705dfa0a8dae9b4c510eb624', '2024-07-31 14:06:26', 1, 'mmh40hn0g3evdnm4kvto72n791'),
(3, 'thais', 'Thais', 'Di Vita', '58bcdd0c81a627026ba4fc61ea028bb5', '2024-07-31 13:20:39', 1, '363vphk8u9ese8r7le3t26r7jm'),
(4, 'nayara', 'Nayara', 'Santos', '8d549f520e4fabfaa2e07788c1c6f783', '2024-07-31 13:03:19', 1, 'lcclardu085q82svhqvie5o5ud'),
(5, 'adriana', 'Adriana', 'Pessoa', '97e88671465e3693295170bb9cb07aa9', '2024-07-20 13:20:48', 1, 'qcen6ts2ideu60rf5v75i50sds'),
(6, 'wellen', 'Wellen', 'Carvallho', '5de8f3d77ea727f9491e18583aacf396', '2021-01-12 10:45:53', 1, 'du2ou9f78rg3hkb0rg8r1b9b36'),
(7, 'lucas', 'Lucas ', 'Eduardo', '0fa9e3d7fa14f614d50aed9e3296f4ae', '2024-01-12 17:31:47', 1, 'mipfrekp9ssn15cp1kc4ksli95'),
(8, 'daniel', 'Daniel', 'Cassin', 'ca75936ff1272de9c7a6942ecde2bda4', '2024-07-27 18:40:11', 1, 's9a1vmth9apfofc26tp8ju0q6c'),
(9, 'angela', 'Angela', 'Coordenadora', 'd6b0ba2b1ef7a2ab8154a524b662c2a8', '2024-07-06 17:33:16', 1, '9mdaj95n473c7lcmm1fr9mo0et'),
(10, 'lorrayne', 'Lorrayne', 'Nunes', '4c36ddda7b42968d4534fbc6dd68a90a', '2024-07-31 14:02:39', 1, 'i1q8nhps423jvus4s26jkpnfgs');

-- --------------------------------------------------------

--
-- Estrutura da tabela `usu_grup_cargo`
--

CREATE TABLE `usu_grup_cargo` (
  `usuario_id` int(11) NOT NULL,
  `grupo_id` int(11) NOT NULL,
  `cargo_id` int(11) NOT NULL
) ENGINE=InnoDB DEFAULT CHARSET=utf8;

--
-- Extraindo dados da tabela `usu_grup_cargo`
--

INSERT INTO `usu_grup_cargo` (`usuario_id`, `grupo_id`, `cargo_id`) VALUES
(1, 1, 1),
(8, 1, 1),
(9, 1, 1),
(2, 2, 2),
(2, 5, 2),
(3, 2, 2),
(3, 5, 2),
(4, 2, 2),
(4, 5, 2),
(5, 2, 2),
(5, 5, 2),
(6, 2, 2),
(7, 2, 2),
(7, 5, 2),
(10, 2, 2),
(10, 5, 2);

-- --------------------------------------------------------

--
-- Estrutura da tabela `usu_meta`
--

CREATE TABLE `usu_meta` (
  `usuario_id` int(11) NOT NULL,
  `name` varchar(50) NOT NULL,
  `value` text DEFAULT NULL
) ENGINE=MyISAM DEFAULT CHARSET=utf8;

--
-- Extraindo dados da tabela `usu_meta`
--

INSERT INTO `usu_meta` (`usuario_id`, `name`, `value`) VALUES
(1, 'unidade', '1'),
(1, 'atendimento.local', '5'),
(1, 'atendimento.tipo', '1'),
(2, 'unidade', '1'),
(2, 'atendimento.local', '3'),
(2, 'atendimento.tipo', '1'),
(4, 'unidade', '1'),
(4, 'atendimento.local', '2'),
(4, 'atendimento.tipo', '1'),
(6, 'unidade', '1'),
(6, 'atendimento.local', '3'),
(6, 'atendimento.tipo', '1'),
(3, 'unidade', '1'),
(3, 'atendimento.local', '1'),
(3, 'atendimento.tipo', '1'),
(7, 'unidade', '1'),
(7, 'atendimento.local', '5'),
(7, 'atendimento.tipo', '1'),
(5, 'unidade', '1'),
(5, 'atendimento.local', '3'),
(5, 'atendimento.tipo', '1'),
(8, 'unidade', '1'),
(9, 'unidade', '1'),
(9, 'atendimento.local', '5'),
(9, 'atendimento.tipo', '1'),
(10, 'unidade', '1'),
(10, 'atendimento.local', '4'),
(10, 'atendimento.tipo', '1'),
(8, 'atendimento.local', '2'),
(8, 'atendimento.tipo', '1');

-- --------------------------------------------------------

--
-- Estrutura da tabela `usu_serv`
--

CREATE TABLE `usu_serv` (
  `unidade_id` int(11) NOT NULL,
  `servico_id` int(11) NOT NULL,
  `usuario_id` int(11) NOT NULL
) ENGINE=InnoDB DEFAULT CHARSET=utf8;

--
-- Extraindo dados da tabela `usu_serv`
--

INSERT INTO `usu_serv` (`unidade_id`, `servico_id`, `usuario_id`) VALUES
(1, 1, 1),
(1, 1, 2),
(1, 1, 3),
(1, 1, 4),
(1, 1, 5),
(1, 1, 6),
(1, 1, 7),
(1, 1, 8),
(1, 1, 9),
(1, 1, 10),
(1, 3, 1),
(1, 3, 2),
(1, 3, 3),
(1, 3, 4),
(1, 3, 5),
(1, 3, 6),
(1, 3, 7),
(1, 3, 8),
(1, 3, 9),
(1, 3, 10),
(1, 4, 1),
(1, 4, 2),
(1, 4, 3),
(1, 4, 5),
(1, 4, 7),
(1, 5, 1),
(1, 5, 2),
(1, 5, 3),
(1, 5, 4),
(1, 5, 5),
(1, 5, 6),
(1, 5, 7),
(1, 5, 8),
(1, 5, 9),
(1, 5, 10),
(1, 6, 1),
(1, 6, 2),
(1, 6, 3),
(1, 6, 4),
(1, 6, 5),
(1, 6, 6),
(1, 6, 7),
(1, 6, 8),
(1, 6, 9),
(1, 6, 10),
(1, 7, 1),
(1, 7, 2),
(1, 7, 3),
(1, 7, 5),
(1, 7, 7),
(1, 8, 1),
(1, 8, 2),
(1, 8, 3),
(1, 8, 5),
(1, 8, 7),
(1, 9, 1),
(1, 9, 2),
(1, 9, 3),
(1, 9, 5),
(1, 9, 7),
(1, 10, 1),
(1, 10, 2),
(1, 10, 3),
(1, 10, 5),
(1, 10, 7),
(1, 11, 1),
(1, 11, 2),
(1, 11, 3),
(1, 11, 5),
(1, 11, 7);

-- --------------------------------------------------------

--
-- Estrutura stand-in para vista `view_historico_atendimentos`
-- (Veja abaixo para a view atual)
--
CREATE TABLE `view_historico_atendimentos` (
`id` bigint(20)
,`unidade_id` int(11)
,`usuario_id` int(11)
,`usuario_tri_id` int(11)
,`servico_id` int(11)
,`prioridade_id` int(11)
,`atendimento_id` bigint(20)
,`status` int(11)
,`sigla_senha` varchar(1)
,`num_senha` int(11)
,`num_senha_serv` int(11)
,`nm_cli` varchar(100)
,`num_local` smallint(6)
,`dt_cheg` datetime
,`dt_cha` datetime
,`dt_ini` datetime
,`dt_fim` datetime
,`ident_cli` varchar(11)
);

-- --------------------------------------------------------

--
-- Estrutura stand-in para vista `view_historico_atend_codif`
-- (Veja abaixo para a view atual)
--
CREATE TABLE `view_historico_atend_codif` (
`atendimento_id` bigint(20)
,`servico_id` int(11)
,`valor_peso` smallint(6)
);

-- --------------------------------------------------------

--
-- Estrutura stand-in para vista `view_historico_atend_meta`
-- (Veja abaixo para a view atual)
--
CREATE TABLE `view_historico_atend_meta` (
`atendimento_id` bigint(20)
,`name` varchar(50)
,`value` mediumtext
);

-- --------------------------------------------------------

--
-- Estrutura para vista `view_historico_atendimentos`
--

CREATE ALGORITHM=UNDEFINED DEFINER=`master`@`localhost` SQL SECURITY DEFINER VIEW `view_historico_atendimentos`  AS  select `atendimentos`.`id` AS `id`,`atendimentos`.`unidade_id` AS `unidade_id`,`atendimentos`.`usuario_id` AS `usuario_id`,`atendimentos`.`usuario_tri_id` AS `usuario_tri_id`,`atendimentos`.`servico_id` AS `servico_id`,`atendimentos`.`prioridade_id` AS `prioridade_id`,`atendimentos`.`atendimento_id` AS `atendimento_id`,`atendimentos`.`status` AS `status`,`atendimentos`.`sigla_senha` AS `sigla_senha`,`atendimentos`.`num_senha` AS `num_senha`,`atendimentos`.`num_senha_serv` AS `num_senha_serv`,`atendimentos`.`nm_cli` AS `nm_cli`,`atendimentos`.`num_local` AS `num_local`,`atendimentos`.`dt_cheg` AS `dt_cheg`,`atendimentos`.`dt_cha` AS `dt_cha`,`atendimentos`.`dt_ini` AS `dt_ini`,`atendimentos`.`dt_fim` AS `dt_fim`,`atendimentos`.`ident_cli` AS `ident_cli` from `atendimentos` union all select `historico_atendimentos`.`id` AS `id`,`historico_atendimentos`.`unidade_id` AS `unidade_id`,`historico_atendimentos`.`usuario_id` AS `usuario_id`,`historico_atendimentos`.`usuario_tri_id` AS `usuario_tri_id`,`historico_atendimentos`.`servico_id` AS `servico_id`,`historico_atendimentos`.`prioridade_id` AS `prioridade_id`,`historico_atendimentos`.`atendimento_id` AS `atendimento_id`,`historico_atendimentos`.`status` AS `status`,`historico_atendimentos`.`sigla_senha` AS `sigla_senha`,`historico_atendimentos`.`num_senha` AS `num_senha`,`historico_atendimentos`.`num_senha_serv` AS `num_senha_serv`,`historico_atendimentos`.`nm_cli` AS `nm_cli`,`historico_atendimentos`.`num_local` AS `num_local`,`historico_atendimentos`.`dt_cheg` AS `dt_cheg`,`historico_atendimentos`.`dt_cha` AS `dt_cha`,`historico_atendimentos`.`dt_ini` AS `dt_ini`,`historico_atendimentos`.`dt_fim` AS `dt_fim`,`historico_atendimentos`.`ident_cli` AS `ident_cli` from `historico_atendimentos` ;

-- --------------------------------------------------------

--
-- Estrutura para vista `view_historico_atend_codif`
--

CREATE ALGORITHM=UNDEFINED DEFINER=`master`@`localhost` SQL SECURITY DEFINER VIEW `view_historico_atend_codif`  AS  select `atend_codif`.`atendimento_id` AS `atendimento_id`,`atend_codif`.`servico_id` AS `servico_id`,`atend_codif`.`valor_peso` AS `valor_peso` from `atend_codif` union all select `historico_atend_codif`.`atendimento_id` AS `atendimento_id`,`historico_atend_codif`.`servico_id` AS `servico_id`,`historico_atend_codif`.`valor_peso` AS `valor_peso` from `historico_atend_codif` ;

-- --------------------------------------------------------

--
-- Estrutura para vista `view_historico_atend_meta`
--

CREATE ALGORITHM=UNDEFINED DEFINER=`master`@`localhost` SQL SECURITY DEFINER VIEW `view_historico_atend_meta`  AS  select `atend_meta`.`atendimento_id` AS `atendimento_id`,`atend_meta`.`name` AS `name`,`atend_meta`.`value` AS `value` from `atend_meta` union all select `historico_atend_meta`.`atendimento_id` AS `atendimento_id`,`historico_atend_meta`.`name` AS `name`,`historico_atend_meta`.`value` AS `value` from `historico_atend_meta` ;

--
-- Índices para tabelas despejadas
--

--
-- Índices para tabela `atendimentos`
--
ALTER TABLE `atendimentos`
  ADD PRIMARY KEY (`id`),
  ADD KEY `atendimentos_ibfk_1` (`prioridade_id`),
  ADD KEY `atendimentos_ibfk_2` (`unidade_id`,`servico_id`),
  ADD KEY `atendimentos_ibfk_4` (`usuario_id`),
  ADD KEY `atendimentos_ibfk_5` (`usuario_tri_id`),
  ADD KEY `atendimentos_ibfk_6` (`atendimento_id`),
  ADD KEY `fki_atendimentos_ibfk_3` (`status`);

--
-- Índices para tabela `atend_codif`
--
ALTER TABLE `atend_codif`
  ADD PRIMARY KEY (`atendimento_id`,`servico_id`),
  ADD KEY `atend_codif_ibfk_2` (`servico_id`);

--
-- Índices para tabela `atend_meta`
--
ALTER TABLE `atend_meta`
  ADD PRIMARY KEY (`atendimento_id`,`name`);

--
-- Índices para tabela `cargos`
--
ALTER TABLE `cargos`
  ADD PRIMARY KEY (`id`);

--
-- Índices para tabela `cargos_mod_perm`
--
ALTER TABLE `cargos_mod_perm`
  ADD PRIMARY KEY (`cargo_id`,`modulo_id`),
  ADD KEY `cargos_mod_perm_ibfk_2` (`modulo_id`);

--
-- Índices para tabela `config`
--
ALTER TABLE `config`
  ADD PRIMARY KEY (`chave`);

--
-- Índices para tabela `contador`
--
ALTER TABLE `contador`
  ADD PRIMARY KEY (`unidade_id`);

--
-- Índices para tabela `grupos`
--
ALTER TABLE `grupos`
  ADD PRIMARY KEY (`id`),
  ADD KEY `direita` (`direita`),
  ADD KEY `esqdir` (`esquerda`,`direita`),
  ADD KEY `esquerda` (`esquerda`);

--
-- Índices para tabela `historico_atendimentos`
--
ALTER TABLE `historico_atendimentos`
  ADD PRIMARY KEY (`id`),
  ADD KEY `historico_atendimentos_ibfk_1` (`prioridade_id`),
  ADD KEY `historico_atendimentos_ibfk_2` (`unidade_id`,`servico_id`),
  ADD KEY `historico_atendimentos_ibfk_4` (`usuario_id`),
  ADD KEY `historico_atendimentos_ibfk_5` (`usuario_tri_id`),
  ADD KEY `historico_atendimentos_ibfk_6` (`atendimento_id`);

--
-- Índices para tabela `historico_atend_codif`
--
ALTER TABLE `historico_atend_codif`
  ADD PRIMARY KEY (`atendimento_id`,`servico_id`),
  ADD KEY `historico_atend_codif_ibfk_2` (`servico_id`);

--
-- Índices para tabela `historico_atend_meta`
--
ALTER TABLE `historico_atend_meta`
  ADD PRIMARY KEY (`atendimento_id`,`name`);

--
-- Índices para tabela `locais`
--
ALTER TABLE `locais`
  ADD PRIMARY KEY (`id`),
  ADD UNIQUE KEY `local_serv_nm` (`nome`);

--
-- Índices para tabela `modulos`
--
ALTER TABLE `modulos`
  ADD PRIMARY KEY (`id`),
  ADD UNIQUE KEY `modulos_chave` (`chave`);

--
-- Índices para tabela `oauth_access_tokens`
--
ALTER TABLE `oauth_access_tokens`
  ADD PRIMARY KEY (`access_token`);

--
-- Índices para tabela `oauth_clients`
--
ALTER TABLE `oauth_clients`
  ADD PRIMARY KEY (`client_id`);

--
-- Índices para tabela `oauth_refresh_tokens`
--
ALTER TABLE `oauth_refresh_tokens`
  ADD PRIMARY KEY (`refresh_token`);

--
-- Índices para tabela `paineis`
--
ALTER TABLE `paineis`
  ADD PRIMARY KEY (`host`),
  ADD KEY `paineis_ibfk_1` (`unidade_id`);

--
-- Índices para tabela `paineis_servicos`
--
ALTER TABLE `paineis_servicos`
  ADD PRIMARY KEY (`host`,`servico_id`),
  ADD KEY `paineis_servicos_ibfk_2` (`unidade_id`,`servico_id`);

--
-- Índices para tabela `painel_senha`
--
ALTER TABLE `painel_senha`
  ADD PRIMARY KEY (`id`),
  ADD KEY `painel_senha_ibfk_1` (`unidade_id`),
  ADD KEY `painel_senha_ibfk_2` (`servico_id`);

--
-- Índices para tabela `prioridades`
--
ALTER TABLE `prioridades`
  ADD PRIMARY KEY (`id`);

--
-- Índices para tabela `servicos`
--
ALTER TABLE `servicos`
  ADD PRIMARY KEY (`id`),
  ADD KEY `servicos_ibfk_1` (`macro_id`);

--
-- Índices para tabela `serv_meta`
--
ALTER TABLE `serv_meta`
  ADD PRIMARY KEY (`servico_id`,`name`);

--
-- Índices para tabela `unidades`
--
ALTER TABLE `unidades`
  ADD PRIMARY KEY (`id`),
  ADD UNIQUE KEY `codigo` (`codigo`),
  ADD KEY `unidades_grupo_id_fkey` (`grupo_id`);

--
-- Índices para tabela `uni_meta`
--
ALTER TABLE `uni_meta`
  ADD PRIMARY KEY (`unidade_id`,`name`);

--
-- Índices para tabela `uni_serv`
--
ALTER TABLE `uni_serv`
  ADD PRIMARY KEY (`unidade_id`,`servico_id`),
  ADD KEY `uni_serv_ibfk_2` (`servico_id`),
  ADD KEY `uni_serv_ibfk_3` (`local_id`);

--
-- Índices para tabela `usuarios`
--
ALTER TABLE `usuarios`
  ADD PRIMARY KEY (`id`),
  ADD UNIQUE KEY `login` (`login`);

--
-- Índices para tabela `usu_grup_cargo`
--
ALTER TABLE `usu_grup_cargo`
  ADD PRIMARY KEY (`usuario_id`,`grupo_id`),
  ADD KEY `usu_grup_cargo_ibfk_2` (`grupo_id`),
  ADD KEY `usu_grup_cargo_ibfk_3` (`cargo_id`);

--
-- Índices para tabela `usu_meta`
--
ALTER TABLE `usu_meta`
  ADD PRIMARY KEY (`usuario_id`,`name`);

--
-- Índices para tabela `usu_serv`
--
ALTER TABLE `usu_serv`
  ADD PRIMARY KEY (`unidade_id`,`servico_id`,`usuario_id`),
  ADD KEY `usu_serv_ibfk_1` (`servico_id`,`unidade_id`),
  ADD KEY `usu_serv_ibfk_2` (`usuario_id`);

--
-- AUTO_INCREMENT de tabelas despejadas
--

--
-- AUTO_INCREMENT de tabela `atendimentos`
--
ALTER TABLE `atendimentos`
  MODIFY `id` bigint(20) NOT NULL AUTO_INCREMENT, AUTO_INCREMENT=21951;

--
-- AUTO_INCREMENT de tabela `atend_codif`
--
ALTER TABLE `atend_codif`
  MODIFY `atendimento_id` bigint(20) NOT NULL AUTO_INCREMENT, AUTO_INCREMENT=21950;

--
-- AUTO_INCREMENT de tabela `cargos`
--
ALTER TABLE `cargos`
  MODIFY `id` int(11) NOT NULL AUTO_INCREMENT, AUTO_INCREMENT=3;

--
-- AUTO_INCREMENT de tabela `grupos`
--
ALTER TABLE `grupos`
  MODIFY `id` int(11) NOT NULL AUTO_INCREMENT, AUTO_INCREMENT=6;

--
-- AUTO_INCREMENT de tabela `locais`
--
ALTER TABLE `locais`
  MODIFY `id` int(11) NOT NULL AUTO_INCREMENT, AUTO_INCREMENT=4;

--
-- AUTO_INCREMENT de tabela `modulos`
--
ALTER TABLE `modulos`
  MODIFY `id` int(11) NOT NULL AUTO_INCREMENT, AUTO_INCREMENT=15;

--
-- AUTO_INCREMENT de tabela `painel_senha`
--
ALTER TABLE `painel_senha`
  MODIFY `id` int(11) NOT NULL AUTO_INCREMENT, AUTO_INCREMENT=4613;

--
-- AUTO_INCREMENT de tabela `prioridades`
--
ALTER TABLE `prioridades`
  MODIFY `id` int(11) NOT NULL AUTO_INCREMENT, AUTO_INCREMENT=8;

--
-- AUTO_INCREMENT de tabela `servicos`
--
ALTER TABLE `servicos`
  MODIFY `id` int(11) NOT NULL AUTO_INCREMENT, AUTO_INCREMENT=15;

--
-- AUTO_INCREMENT de tabela `unidades`
--
ALTER TABLE `unidades`
  MODIFY `id` int(11) NOT NULL AUTO_INCREMENT, AUTO_INCREMENT=4;

--
-- AUTO_INCREMENT de tabela `usuarios`
--
ALTER TABLE `usuarios`
  MODIFY `id` int(11) NOT NULL AUTO_INCREMENT, AUTO_INCREMENT=11;

--
-- Restrições para despejos de tabelas
--

--
-- Limitadores para a tabela `cargos_mod_perm`
--
ALTER TABLE `cargos_mod_perm`
  ADD CONSTRAINT `cargos_mod_perm_ibfk_1` FOREIGN KEY (`cargo_id`) REFERENCES `cargos` (`id`),
  ADD CONSTRAINT `cargos_mod_perm_ibfk_2` FOREIGN KEY (`modulo_id`) REFERENCES `modulos` (`id`);

--
-- Limitadores para a tabela `contador`
--
ALTER TABLE `contador`
  ADD CONSTRAINT `contador_ibfk_1` FOREIGN KEY (`unidade_id`) REFERENCES `unidades` (`id`);

--
-- Limitadores para a tabela `paineis`
--
ALTER TABLE `paineis`
  ADD CONSTRAINT `paineis_ibfk_1` FOREIGN KEY (`unidade_id`) REFERENCES `unidades` (`id`);

--
-- Limitadores para a tabela `paineis_servicos`
--
ALTER TABLE `paineis_servicos`
  ADD CONSTRAINT `paineis_servicos_ibfk_1` FOREIGN KEY (`host`) REFERENCES `paineis` (`host`),
  ADD CONSTRAINT `paineis_servicos_ibfk_2` FOREIGN KEY (`unidade_id`,`servico_id`) REFERENCES `uni_serv` (`unidade_id`, `servico_id`);

--
-- Limitadores para a tabela `painel_senha`
--
ALTER TABLE `painel_senha`
  ADD CONSTRAINT `painel_senha_ibfk_1` FOREIGN KEY (`unidade_id`) REFERENCES `unidades` (`id`),
  ADD CONSTRAINT `painel_senha_ibfk_2` FOREIGN KEY (`servico_id`) REFERENCES `servicos` (`id`);

--
-- Limitadores para a tabela `servicos`
--
ALTER TABLE `servicos`
  ADD CONSTRAINT `servicos_ibfk_1` FOREIGN KEY (`macro_id`) REFERENCES `servicos` (`id`);

--
-- Limitadores para a tabela `unidades`
--
ALTER TABLE `unidades`
  ADD CONSTRAINT `unidades_grupo_id_fkey` FOREIGN KEY (`grupo_id`) REFERENCES `grupos` (`id`);

--
-- Limitadores para a tabela `uni_serv`
--
ALTER TABLE `uni_serv`
  ADD CONSTRAINT `uni_serv_ibfk_1` FOREIGN KEY (`unidade_id`) REFERENCES `unidades` (`id`),
  ADD CONSTRAINT `uni_serv_ibfk_2` FOREIGN KEY (`servico_id`) REFERENCES `servicos` (`id`),
  ADD CONSTRAINT `uni_serv_ibfk_3` FOREIGN KEY (`local_id`) REFERENCES `locais` (`id`);

--
-- Limitadores para a tabela `usu_grup_cargo`
--
ALTER TABLE `usu_grup_cargo`
  ADD CONSTRAINT `usu_grup_cargo_ibfk_1` FOREIGN KEY (`usuario_id`) REFERENCES `usuarios` (`id`),
  ADD CONSTRAINT `usu_grup_cargo_ibfk_2` FOREIGN KEY (`grupo_id`) REFERENCES `grupos` (`id`),
  ADD CONSTRAINT `usu_grup_cargo_ibfk_3` FOREIGN KEY (`cargo_id`) REFERENCES `cargos` (`id`);

--
-- Limitadores para a tabela `usu_serv`
--
ALTER TABLE `usu_serv`
  ADD CONSTRAINT `usu_serv_ibfk_1` FOREIGN KEY (`servico_id`,`unidade_id`) REFERENCES `uni_serv` (`servico_id`, `unidade_id`),
  ADD CONSTRAINT `usu_serv_ibfk_2` FOREIGN KEY (`usuario_id`) REFERENCES `usuarios` (`id`);
COMMIT;

